{"id":22,"date":"2014-09-18T12:19:57","date_gmt":"2014-09-18T11:19:57","guid":{"rendered":"http:\/\/agora.xtec.cat\/ceipelpi-ribes\/?page_id=22"},"modified":"2017-03-16T20:14:34","modified_gmt":"2017-03-16T19:14:34","slug":"lescola","status":"publish","type":"page","link":"https:\/\/agora.xtec.cat\/ceipelpi-ribes\/lescola\/","title":{"rendered":"L&#8217;ESCOLA"},"content":{"rendered":"<p>L&#8217;Escola El Pi \u00e9s una escola p\u00fablica d\u2019una l\u00ednia d&#8217;educaci\u00f3 infantil i prim\u00e0ria que es troba situada al municipi de Sant Pere de Ribes a la comarca del Garraf.<\/p>\n<p>El municipi est\u00e0 ubicat a 46 km de Barcelona i situat a la seva \u00e0rea d\u2019expansi\u00f3. Despr\u00e9s de la construcci\u00f3 dels t\u00fanels del Garraf el nostre municipi va cr\u00e8ixer molt i va augmentar el nombre d\u2019habitants. Actualment la xifra aproximada d\u2019habitants del municipi \u00e9s de 29.000 habitants.<\/p>\n<p>La poblaci\u00f3 est\u00e0 concentrada en diferents nuclis.\u00a0Els m\u00e9s importants per ordre d\u2019habitants s\u00f3n Les Roquetes i Ribes (nucli on est\u00e0 situat el nostre centre).<\/p>\n<p>&nbsp;<\/p>\n","protected":false},"excerpt":{"rendered":"<p>L&#8217;Escola El Pi \u00e9s una escola p\u00fablica d\u2019una l\u00ednia d&#8217;educaci\u00f3 infantil i prim\u00e0ria que es troba situada al municipi de Sant Pere de Ribes a la comarca del Garraf.<br \/>\nEl municipi est\u00e0 ubicat a 46 km de Barcelona i situat a la seva \u00e0rea d\u2019expansi\u00f3. Despr\u00e9s&hellip;  <a href=\"https:\/\/agora.xtec.cat\/ceipelpi-ribes\/lescola\/\" title=\"Read L&#8217;ESCOLA\">Llegeix m\u00e9s\u00bb<\/a><\/p>\n","protected":false},"author":1,"featured_media":0,"parent":0,"menu_order":0,"comment_status":"closed","ping_status":"closed","template":"page-templates\/side-menu.php","meta":{"_bbp_topic_count":0,"_bbp_reply_count":0,"_bbp_total_topic_count":0,"_bbp_total_reply_count":0,"_bbp_voice_count":0,"_bbp_anonymous_reply_count":0,"_bbp_topic_count_hidden":0,"_bbp_reply_count_hidden":0,"_bbp_forum_subforum_count":0,"footnotes":""},"class_list":["post-22","page","type-page","status-publish","hentry"],"post_mailing_queue_ids":[],"_links":{"self":[{"href":"https:\/\/agora.xtec.cat\/ceipelpi-ribes\/wp-json\/wp\/v2\/pages\/22","targetHints":{"allow":["GET"]}}],"collection":[{"href":"https:\/\/agora.xtec.cat\/ceipelpi-ribes\/wp-json\/wp\/v2\/pages"}],"about":[{"href":"https:\/\/agora.xtec.cat\/ceipelpi-ribes\/wp-json\/wp\/v2\/types\/page"}],"author":[{"embeddable":true,"href":"https:\/\/agora.xtec.cat\/ceipelpi-ribes\/wp-json\/wp\/v2\/users\/1"}],"replies":[{"embeddable":true,"href":"https:\/\/agora.xtec.cat\/ceipelpi-ribes\/wp-json\/wp\/v2\/comments?post=22"}],"version-history":[{"count":3,"href":"https:\/\/agora.xtec.cat\/ceipelpi-ribes\/wp-json\/wp\/v2\/pages\/22\/revisions"}],"predecessor-version":[{"id":904,"href":"https:\/\/agora.xtec.cat\/ceipelpi-ribes\/wp-json\/wp\/v2\/pages\/22\/revisions\/904"}],"wp:attachment":[{"href":"https:\/\/agora.xtec.cat\/ceipelpi-ribes\/wp-json\/wp\/v2\/media?parent=22"}],"curies":[{"name":"wp","href":"https:\/\/api.w.org\/{rel}","templated":true}]}}