{"id":922,"date":"2021-06-17T10:39:11","date_gmt":"2021-06-17T08:39:11","guid":{"rendered":"https:\/\/agora.xtec.cat\/ceipelmorsell\/?page_id=922"},"modified":"2023-01-05T17:16:26","modified_gmt":"2023-01-05T16:16:26","slug":"projectes-bo","status":"publish","type":"page","link":"https:\/\/agora.xtec.cat\/ceipelmorsell\/projecte-educatiu\/projectes-bo\/","title":{"rendered":"Treball per projectes"},"content":{"rendered":"<div class=\"vc_row wpb_row vc_row-fluid\">\n<div class=\"wpb_column vc_column_container vc_col-sm-12\">\n<div class=\"vc_column-inner\">\n<div class=\"wpb_wrapper\">\n<div class=\"wpb_text_column wpb_content_element \">\n<div class=\"wpb_wrapper\">\n<div class=\"aligncenter\">\n<h2 class=\"hdng-big\">Aprenentatge global i col\u00b7laboratiu<\/h2>\n<\/div>\n<\/div>\n<\/div>\n<\/div>\n<\/div>\n<\/div>\n<\/div>\n<div class=\"vc_row wpb_row vc_row-fluid\">\n<div class=\"wpb_column vc_column_container vc_col-sm-6\">\n<div class=\"vc_column-inner\">\n<div class=\"wpb_wrapper\">\n<div class=\"wpb_text_column wpb_content_element \">\n<div class=\"wpb_wrapper\">\n<p>El treball per projectes aposta per una forma d\u2019aprenentatge interdisciplin\u00e0ria, basada en compet\u00e8ncies i oberta a la vida. Parteix de continguts integrats a partir de centres d\u2019inter\u00e8s, la resoluci\u00f3 de reptes o b\u00e9 la resoluci\u00f3 de problemes.L\u2019escola ha de ser un espai on els nens i les nenes investiguin temes que per a ells s\u00f3n interessants o preocupants, un espai on experimentin, aprenguin coses que els enriqueixin, es relacionin, i creixin com a persones. Tamb\u00e9 \u00e9s molt important fomentar el di\u00e0leg a l\u2019aula ja que ajuda a mantenir una relaci\u00f3 d\u2019ensenyament i aprenentatge molt significativa.<br \/>\nEls projectes tracten sobretot d\u2019aprendre a donar sentit als problemes i interrogants que tenen els infants sobre ells mateixos i sobre el m\u00f3n. Tenen un format obert i pretenen estimular la reflexi\u00f3 i els interrogants sobre els sabers i els aprenentatges. Hi ha diverses maneres per iniciar-los: preguntes, preocupacions, afirmacions, experi\u00e8ncies\u2026<\/p>\n<p>Els projectes\u00a0 aborden els aprenentatges de manera globalitzada i en realitzen durant tota l&#8217;escolaritat. Alguns dels projectes s\u00f3n escollits pels infants i joves per\u00f2 d&#8217;altres s\u00f3n proposats pels docents i sorgeixen de necessitats del grup o del centre com per exemple els projecte de col\u00f2nies, carnaval,&#8230;<\/p>\n<figure class=\"figure wp-caption aligncenter\"><img loading=\"lazy\" decoding=\"async\" class=\"size-full wp-image-1227\" src=\"https:\/\/agora.xtec.cat\/ceipelmorsell\/wp-content\/uploads\/usu2152\/2021\/11\/PBL-y-ABP-AFOE.jpg\" alt=\"\" width=\"988\" height=\"585\" srcset=\"https:\/\/agora.xtec.cat\/ceipelmorsell\/wp-content\/uploads\/usu2152\/2021\/11\/PBL-y-ABP-AFOE.jpg 988w, https:\/\/agora.xtec.cat\/ceipelmorsell\/wp-content\/uploads\/usu2152\/2021\/11\/PBL-y-ABP-AFOE-300x178.jpg 300w, https:\/\/agora.xtec.cat\/ceipelmorsell\/wp-content\/uploads\/usu2152\/2021\/11\/PBL-y-ABP-AFOE-768x455.jpg 768w\" sizes=\"auto, (max-width: 988px) 100vw, 988px\" \/><figcaption class=\"wp-caption-text\">Light Bulb Ideas Creative Diagram Concept<\/figcaption><\/figure>\n<\/div>\n<\/div>\n<\/div>\n<\/div>\n<\/div>\n<\/div>\n","protected":false},"excerpt":{"rendered":"<p>Aprenentatge global i col\u00b7laboratiu<\/p>\n<p>El treball per projectes aposta per una forma d\u2019aprenentatge interdisciplin\u00e0ria, basada en compet\u00e8ncies i oberta a la vida. Parteix de continguts integrats a partir de centres d\u2019inter\u00e8s, la resoluci\u00f3 de reptes o b\u00e9 la resoluci\u00f3 de problemes.L\u2019escola ha de ser un espai&hellip;  <a href=\"https:\/\/agora.xtec.cat\/ceipelmorsell\/projecte-educatiu\/projectes-bo\/\" title=\"Read Treball per projectes\">Llegeix m\u00e9s\u00bb<\/a><\/p>\n","protected":false},"author":1,"featured_media":0,"parent":64,"menu_order":3,"comment_status":"closed","ping_status":"closed","template":"page-templates\/side-menu.php","meta":{"_bbp_topic_count":0,"_bbp_reply_count":0,"_bbp_total_topic_count":0,"_bbp_total_reply_count":0,"_bbp_voice_count":0,"_bbp_anonymous_reply_count":0,"_bbp_topic_count_hidden":0,"_bbp_reply_count_hidden":0,"_bbp_forum_subforum_count":0,"footnotes":""},"class_list":["post-922","page","type-page","status-publish","hentry"],"post_mailing_queue_ids":[],"_links":{"self":[{"href":"https:\/\/agora.xtec.cat\/ceipelmorsell\/wp-json\/wp\/v2\/pages\/922","targetHints":{"allow":["GET"]}}],"collection":[{"href":"https:\/\/agora.xtec.cat\/ceipelmorsell\/wp-json\/wp\/v2\/pages"}],"about":[{"href":"https:\/\/agora.xtec.cat\/ceipelmorsell\/wp-json\/wp\/v2\/types\/page"}],"author":[{"embeddable":true,"href":"https:\/\/agora.xtec.cat\/ceipelmorsell\/wp-json\/wp\/v2\/users\/1"}],"replies":[{"embeddable":true,"href":"https:\/\/agora.xtec.cat\/ceipelmorsell\/wp-json\/wp\/v2\/comments?post=922"}],"version-history":[{"count":4,"href":"https:\/\/agora.xtec.cat\/ceipelmorsell\/wp-json\/wp\/v2\/pages\/922\/revisions"}],"predecessor-version":[{"id":1711,"href":"https:\/\/agora.xtec.cat\/ceipelmorsell\/wp-json\/wp\/v2\/pages\/922\/revisions\/1711"}],"up":[{"embeddable":true,"href":"https:\/\/agora.xtec.cat\/ceipelmorsell\/wp-json\/wp\/v2\/pages\/64"}],"wp:attachment":[{"href":"https:\/\/agora.xtec.cat\/ceipelmorsell\/wp-json\/wp\/v2\/media?parent=922"}],"curies":[{"name":"wp","href":"https:\/\/api.w.org\/{rel}","templated":true}]}}