{"id":895,"date":"2021-06-17T10:25:44","date_gmt":"2021-06-17T08:25:44","guid":{"rendered":"https:\/\/agora.xtec.cat\/ceipelmorsell\/?page_id=895"},"modified":"2026-03-12T15:53:20","modified_gmt":"2026-03-12T14:53:20","slug":"equip-bo","status":"publish","type":"page","link":"https:\/\/agora.xtec.cat\/ceipelmorsell\/lescola\/equip-bo\/","title":{"rendered":"Equip"},"content":{"rendered":"<p><strong><span class=\"acc-trigger active\">EQUIP DIRECTIU<\/span><\/strong><\/p>\n<div class=\"acc-container\">\n<div class=\"content\">\n<ul class=\"arrow2\">\n<li>Directora \u2013 Gemma Hern\u00e0ndez<\/li>\n<li>Cap d\u2019Estudis &#8212; Eva Mart\u00ednez<\/li>\n<li>Secret\u00e0ria \u2013 M\u00f2nica Pons<\/li>\n<li>Coordinadora Pedag\u00f2gica &#8212; Ester Anglada<\/li>\n<li>Secret\u00e0ria \u2013 M\u00f2nica Pons<\/li>\n<\/ul>\n<p><strong>COORDINADORES<\/strong><\/p>\n<div class=\"acc-container\">\n<div class=\"content\">\n<ul class=\"arrow2\">\n<li>Infantil &#8212; Al\u00edcia Cantos<\/li>\n<li>Prim\u00e0ria &#8212; Marc Su\u00f1\u00e9<\/li>\n<li><span style=\"font-family: inherit; font-size: 1em;\">Secund\u00e0ria &#8212; Ester Anglada<\/span><\/li>\n<li>Digital \u2013 Juan S\u00e1nchez<\/li>\n<li>CLIC \u2013 Estela Mart\u00edn<\/li>\n<li>Riscos Laborals \u2013 Silvia Morcillo<\/li>\n<li>Coeducaci\u00f3, conviv\u00e8ncia i benestar &#8212; Ester Anglada<\/li>\n<\/ul>\n<p><img loading=\"lazy\" decoding=\"async\" class=\" wp-image-1207 alignright\" src=\"https:\/\/agora.xtec.cat\/ceipelmorsell\/wp-content\/uploads\/usu2152\/2021\/11\/united.png\" alt=\"\" width=\"292\" height=\"292\" srcset=\"https:\/\/agora.xtec.cat\/ceipelmorsell\/wp-content\/uploads\/usu2152\/2021\/11\/united.png 512w, https:\/\/agora.xtec.cat\/ceipelmorsell\/wp-content\/uploads\/usu2152\/2021\/11\/united-300x300.png 300w, https:\/\/agora.xtec.cat\/ceipelmorsell\/wp-content\/uploads\/usu2152\/2021\/11\/united-150x150.png 150w\" sizes=\"auto, (max-width: 292px) 100vw, 292px\" \/><\/p>\n<p>&nbsp;<\/p>\n<div class=\"acc-container\">\n<div class=\"content\">\n<h5>PETITS<\/h5>\n<ul class=\"arrow2\">\n<li>Tutora del Bosc (3 anys): Al\u00edcia Cantos<\/li>\n<li>Tutora de la Riera (4 anys): Rodrigo Pa\u00f1o<\/li>\n<li>Tutora de la Cova (5 anys A): M\u00aa Teresa Mateo<\/li>\n<li>Tutora del Forn de cal\u00e7 (5 anys B): Mireia Estivill<\/li>\n<\/ul>\n<h5>MITJANS<\/h5>\n<ul class=\"arrow2\">\n<li>Tutora del Mass\u00eds (6 anys): Pilar L\u00f3pez<\/li>\n<li>Tutora de l&#8217;Esp\u00edgol (7 anys): Estela Mart\u00edn<\/li>\n<li>Tutora de la Geneta (8 anys A): Silvia Morcillo<\/li>\n<li>Tutora de la Puput (8 anys B): Mar Montero<\/li>\n<\/ul>\n<h5>GRANS<\/h5>\n<ul class=\"arrow2\">\n<li>Tutora de la Vinya (9 anys A): Al\u00edcia Gonz\u00e1lez<\/li>\n<li>Tutora del Margall\u00f3 (9 anys B): Alba Fortuny<\/li>\n<li>Tutor del Vidriol (10 anys A): Marc Su\u00f1\u00e9<\/li>\n<li>Tutora de la Masia(10 anys B): Clara Pascual<\/li>\n<li>Tutor de l&#8217;Avenc (11 anys A): Miquel Martos<\/li>\n<li>Tutora del Ratpenat (11 anys B): Viviana P\u00e9rez<\/li>\n<\/ul>\n<h5>JOVES<\/h5>\n<ul>\n<li>Tutors de la Pineda (12 anys): Jordi Vidal i Jaume Palencia<\/li>\n<li>Tutores de la Ginesta (13 anys): Aina Catal\u00e0 i Noemi Altissent<\/li>\n<li>Tutores de la Bassa (14 anys): Fabiola Santos i Nicolau Morera<\/li>\n<li>Tutores del Falc\u00f3 (15 anys): Ester Anglada i Laia Torrell<\/li>\n<li>Orientaci\u00f3: Ester Anglada<\/li>\n<li>Llengua catalana: Laia Torrell<\/li>\n<li>Llengua castellana: Fabiola Santos<\/li>\n<li>Biologia: Noemi Altissent<\/li>\n<li>F\u00edsica i qu\u00edmica: Dessire Andres<\/li>\n<li>Geografia i hist\u00f2ria: Jaume Palencia<\/li>\n<li>Matem\u00e0tiques: Juan Antonio S\u00e1nchez<\/li>\n<li>Tecnologia: Aina Catal\u00e0<\/li>\n<li>Angl\u00e8s: Vanessa Carcasona, Ainhoa Zabala i Jordi Vidal<\/li>\n<li>Alemany: Jordi Vidal<\/li>\n<li>M\u00fasica i educaci\u00f3 visual: Nicolau Morera<\/li>\n<li>Ed. F\u00edsica: Lourdes Culebras<\/li>\n<\/ul>\n<p><strong><span class=\"acc-trigger active\">ESPECIALISTES<\/span><\/strong><\/p>\n<div class=\"acc-container\">\n<div class=\"content\">\n<ul class=\"arrow2\">\n<li>Educaci\u00f3 Especial \u2013 Eva Mart\u00ednez i Laia Pous<\/li>\n<li>Angl\u00e8s \u2013 N\u00faria Trilla i Laura Andr\u00e9s<\/li>\n<li>Educaci\u00f3 F\u00edsica \u2013 Dolors Company<\/li>\n<li>M\u00fasica \u2013 Elisabet Marruecos<\/li>\n<li>Suport \u2013 M\u00f2nica Pons, Gemma Hern\u00e0ndez i Gerard G\u00f3mez<\/li>\n<li>Referent EAP &#8212; Sylvie P\u00e9rez<\/li>\n<li>Logopeda CREDA &#8212; Natalia Mart\u00ednez<\/li>\n<li>Vetlladora &#8212; Neus Moyano<\/li>\n<\/ul>\n<p><strong><span class=\"acc-trigger active\">PERSONAL PAS<\/span><\/strong><\/p>\n<ul>\n<li>Administrativa: Charo V\u00e1zquez<\/li>\n<li>Conserge:\u00a0 Toni Gana<\/li>\n<\/ul>\n<\/div>\n<\/div>\n<\/div>\n<p><strong><span class=\"acc-trigger active\">PERSONAL PAE<\/span><\/strong><\/p>\n<div class=\"content\">\n<div class=\"acc-container\">\n<ul>\n<li>Educadora: Mireia<\/li>\n<\/ul>\n<div class=\"content\">\n<p>&nbsp;<\/p>\n<\/div>\n<p>&nbsp;<\/p>\n<p>&nbsp;<\/p>\n<p>&nbsp;<\/p>\n<p>&nbsp;<\/p>\n<p>&nbsp;<\/p>\n<\/div>\n<\/div>\n<\/div>\n<\/div>\n<\/div>\n<\/div>\n<\/div>\n","protected":false},"excerpt":{"rendered":"<p>EQUIP DIRECTIU<\/p>\n<ul class=\"arrow2\">\n<li>Directora \u2013 Gemma Hern\u00e0ndez<\/li>\n<li>Cap d\u2019Estudis &#8212; Eva Mart\u00ednez<\/li>\n<li>Secret\u00e0ria \u2013 M\u00f2nica Pons<\/li>\n<li>Coordinadora Pedag\u00f2gica &#8212; Ester Anglada<\/li>\n<li>Secret\u00e0ria \u2013 M\u00f2nica Pons<\/li>\n<\/ul>\n<p>COORDINADORES<\/p>\n<ul class=\"arrow2\">\n<li>Infantil &#8212; Al\u00edcia Cantos<\/li>\n<li>Prim\u00e0ria &#8212; Marc Su\u00f1\u00e9<\/li>\n<li>Secund\u00e0ria &#8212; Ester Anglada<\/li>\n<li>Digital \u2013 Juan S\u00e1nchez<\/li>\n<li>CLIC \u2013 Estela Mart\u00edn<\/li>\n<li>Riscos Laborals \u2013 Silvia Morcillo<\/li>\n<li>Coeducaci\u00f3, conviv\u00e8ncia i benestar &#8212; Ester&hellip;  <a href=\"https:\/\/agora.xtec.cat\/ceipelmorsell\/lescola\/equip-bo\/\" title=\"Read Equip\">Llegeix m\u00e9s\u00bb<\/a><br \/>\n","protected":false},"author":1,"featured_media":0,"parent":22,"menu_order":0,"comment_status":"closed","ping_status":"closed","template":"page-templates\/side-menu.php","meta":{"_bbp_topic_count":0,"_bbp_reply_count":0,"_bbp_total_topic_count":0,"_bbp_total_reply_count":0,"_bbp_voice_count":0,"_bbp_anonymous_reply_count":0,"_bbp_topic_count_hidden":0,"_bbp_reply_count_hidden":0,"_bbp_forum_subforum_count":0,"footnotes":""},"class_list":["post-895","page","type-page","status-publish","hentry"],"post_mailing_queue_ids":[],"_links":{"self":[{"href":"https:\/\/agora.xtec.cat\/ceipelmorsell\/wp-json\/wp\/v2\/pages\/895","targetHints":{"allow":["GET"]}}],"collection":[{"href":"https:\/\/agora.xtec.cat\/ceipelmorsell\/wp-json\/wp\/v2\/pages"}],"about":[{"href":"https:\/\/agora.xtec.cat\/ceipelmorsell\/wp-json\/wp\/v2\/types\/page"}],"author":[{"embeddable":true,"href":"https:\/\/agora.xtec.cat\/ceipelmorsell\/wp-json\/wp\/v2\/users\/1"}],"replies":[{"embeddable":true,"href":"https:\/\/agora.xtec.cat\/ceipelmorsell\/wp-json\/wp\/v2\/comments?post=895"}],"version-history":[{"count":6,"href":"https:\/\/agora.xtec.cat\/ceipelmorsell\/wp-json\/wp\/v2\/pages\/895\/revisions"}],"predecessor-version":[{"id":2276,"href":"https:\/\/agora.xtec.cat\/ceipelmorsell\/wp-json\/wp\/v2\/pages\/895\/revisions\/2276"}],"up":[{"embeddable":true,"href":"https:\/\/agora.xtec.cat\/ceipelmorsell\/wp-json\/wp\/v2\/pages\/22"}],"wp:attachment":[{"href":"https:\/\/agora.xtec.cat\/ceipelmorsell\/wp-json\/wp\/v2\/media?parent=895"}],"curies":[{"name":"wp","href":"https:\/\/api.w.org\/{rel}","templated":true}]}}