{"id":1693,"date":"2023-01-04T13:41:19","date_gmt":"2023-01-04T12:41:19","guid":{"rendered":"https:\/\/agora.xtec.cat\/ceipelmorsell\/?page_id=1693"},"modified":"2024-03-19T11:47:08","modified_gmt":"2024-03-19T10:47:08","slug":"projectes-del-centre","status":"publish","type":"page","link":"https:\/\/agora.xtec.cat\/ceipelmorsell\/projectes-de-centre\/projectes-del-centre\/","title":{"rendered":"Projectes del centre"},"content":{"rendered":"<p><span style=\"color: #008080;\"><strong>PROJECTES QUE PARTICIPEM COM A CENTRE:<\/strong><\/span><\/p>\n<p><b>Xarxa d\u2019Escoles per la sostenibilitat de Catalunya (2010)<\/b><span style=\"font-weight: 400;\">: som Escola Verda i incorporem els valors de l&#8217;educaci\u00f3 per a la sostenibilitat en tots els \u00e0mbits de la vida del centre (curr\u00edculum, gesti\u00f3, relacions amb l&#8217;entorn, etc.).<\/span><\/p>\n<p><b>Cultura Emprenedora a l\u2019escola (CUEME)<\/b><span style=\"font-weight: 400;\">:\u00a0 L\u2019alumnat crea i\u00a0 gestiona una cooperativa escolar amb el\u00a0 suport del centre i de l\u2019administraci\u00f3 local. Aquest projecte el porten a terme els nens i nenes de 10 anys (5\u00e8).<\/span><\/p>\n<p><b>Congr\u00e9s de ci\u00e8ncies del Garraf:<\/b><span style=\"font-weight: 400;\">\u00a0 espai d\u2019intercanvi d\u2019experi\u00e8ncies entre centres del Garraf. Cada grup participant presenta un tema relacionat amb el coneixement del medi natural que la seva elaboraci\u00f3 requereixi una investigaci\u00f3, observaci\u00f3 i recerca\u00a0 per part de l\u2019alumnat. Aquesta activitat la porten a terme els infants de 6 anys (1r)<\/span><\/p>\n<p><b>Cantem al Nadal:<\/b><span style=\"font-weight: 400;\"> activitat que es realitza amb col\u00b7laboraci\u00f3 amb el Canal Blau TV on els infants de 5 anys de la comarca del Garraf preparen al centre una Nadala i despr\u00e9s l\u2019enregistren i es retransmet durant les festes nadalenques a la cadena de televisi\u00f3 local.<\/span><\/p>\n\n\t\t<style type=\"text\/css\">\n\t\t\t#gallery-1 {\n\t\t\t\tmargin: auto;\n\t\t\t}\n\t\t\t#gallery-1 .gallery-item {\n\t\t\t\tfloat: left;\n\t\t\t\tmargin-top: 10px;\n\t\t\t\ttext-align: center;\n\t\t\t\twidth: 20%;\n\t\t\t}\n\t\t\t#gallery-1 img {\n\t\t\t\tborder: 2px solid #cfcfcf;\n\t\t\t}\n\t\t\t#gallery-1 .gallery-caption {\n\t\t\t\tmargin-left: 0;\n\t\t\t}\n\t\t\t\/* see gallery_shortcode() in wp-includes\/media.php *\/\n\t\t<\/style>\n\t\t<div id='gallery-1' class='gallery galleryid-1693 gallery-columns-5 gallery-size-medium'><dl class='gallery-item'>\n\t\t\t<dt class='gallery-icon portrait'>\n\t\t\t\t<a href='https:\/\/agora.xtec.cat\/ceipelmorsell\/projectes-de-centre\/attachment\/dibuix-sense-titol-2\/'><img loading=\"lazy\" decoding=\"async\" width=\"292\" height=\"300\" src=\"https:\/\/agora.xtec.cat\/ceipelmorsell\/wp-content\/uploads\/usu2152\/2022\/01\/Dibuix-sense-titol-2-292x300.png\" class=\"attachment-medium size-medium\" alt=\"\" srcset=\"https:\/\/agora.xtec.cat\/ceipelmorsell\/wp-content\/uploads\/usu2152\/2022\/01\/Dibuix-sense-titol-2-292x300.png 292w, https:\/\/agora.xtec.cat\/ceipelmorsell\/wp-content\/uploads\/usu2152\/2022\/01\/Dibuix-sense-titol-2.png 340w\" sizes=\"auto, (max-width: 292px) 100vw, 292px\" \/><\/a>\n\t\t\t<\/dt><\/dl><dl class='gallery-item'>\n\t\t\t<dt class='gallery-icon landscape'>\n\t\t\t\t<a href='https:\/\/agora.xtec.cat\/ceipelmorsell\/projectes-de-centre\/attachment\/canalblau\/'><img loading=\"lazy\" decoding=\"async\" width=\"300\" height=\"220\" src=\"https:\/\/agora.xtec.cat\/ceipelmorsell\/wp-content\/uploads\/usu2152\/2022\/01\/CanalBlau-300x220.jpg\" class=\"attachment-medium size-medium\" alt=\"\" srcset=\"https:\/\/agora.xtec.cat\/ceipelmorsell\/wp-content\/uploads\/usu2152\/2022\/01\/CanalBlau-300x220.jpg 300w, https:\/\/agora.xtec.cat\/ceipelmorsell\/wp-content\/uploads\/usu2152\/2022\/01\/CanalBlau-1024x750.jpg 1024w, https:\/\/agora.xtec.cat\/ceipelmorsell\/wp-content\/uploads\/usu2152\/2022\/01\/CanalBlau-768x562.jpg 768w, https:\/\/agora.xtec.cat\/ceipelmorsell\/wp-content\/uploads\/usu2152\/2022\/01\/CanalBlau.jpg 1291w\" sizes=\"auto, (max-width: 300px) 100vw, 300px\" \/><\/a>\n\t\t\t<\/dt><\/dl><dl class='gallery-item'>\n\t\t\t<dt class='gallery-icon landscape'>\n\t\t\t\t<a href='https:\/\/agora.xtec.cat\/ceipelmorsell\/projectes-de-centre\/attachment\/icona_escoles_verdes-2\/'><img loading=\"lazy\" decoding=\"async\" width=\"300\" height=\"300\" src=\"https:\/\/agora.xtec.cat\/ceipelmorsell\/wp-content\/uploads\/usu2152\/2022\/01\/Icona_escoles_verdes-300x300.jpg\" class=\"attachment-medium size-medium\" alt=\"\" srcset=\"https:\/\/agora.xtec.cat\/ceipelmorsell\/wp-content\/uploads\/usu2152\/2022\/01\/Icona_escoles_verdes-300x300.jpg 300w, https:\/\/agora.xtec.cat\/ceipelmorsell\/wp-content\/uploads\/usu2152\/2022\/01\/Icona_escoles_verdes-150x150.jpg 150w, https:\/\/agora.xtec.cat\/ceipelmorsell\/wp-content\/uploads\/usu2152\/2022\/01\/Icona_escoles_verdes.jpg 340w\" sizes=\"auto, (max-width: 300px) 100vw, 300px\" \/><\/a>\n\t\t\t<\/dt><\/dl><dl class='gallery-item'>\n\t\t\t<dt class='gallery-icon landscape'>\n\t\t\t\t<a href='https:\/\/agora.xtec.cat\/ceipelmorsell\/projectes-de-centre\/attachment\/contingut_twitter_cueme_mesa_de_trabajo_1\/'><img loading=\"lazy\" decoding=\"async\" width=\"300\" height=\"168\" src=\"https:\/\/agora.xtec.cat\/ceipelmorsell\/wp-content\/uploads\/usu2152\/2022\/01\/contingut_twitter_cueme_mesa_de_trabajo_1-300x168.jpg\" class=\"attachment-medium size-medium\" alt=\"\" srcset=\"https:\/\/agora.xtec.cat\/ceipelmorsell\/wp-content\/uploads\/usu2152\/2022\/01\/contingut_twitter_cueme_mesa_de_trabajo_1-300x168.jpg 300w, https:\/\/agora.xtec.cat\/ceipelmorsell\/wp-content\/uploads\/usu2152\/2022\/01\/contingut_twitter_cueme_mesa_de_trabajo_1-1024x572.jpg 1024w, https:\/\/agora.xtec.cat\/ceipelmorsell\/wp-content\/uploads\/usu2152\/2022\/01\/contingut_twitter_cueme_mesa_de_trabajo_1-768x429.jpg 768w, https:\/\/agora.xtec.cat\/ceipelmorsell\/wp-content\/uploads\/usu2152\/2022\/01\/contingut_twitter_cueme_mesa_de_trabajo_1-1536x858.jpg 1536w, https:\/\/agora.xtec.cat\/ceipelmorsell\/wp-content\/uploads\/usu2152\/2022\/01\/contingut_twitter_cueme_mesa_de_trabajo_1-2048x1144.jpg 2048w\" sizes=\"auto, (max-width: 300px) 100vw, 300px\" \/><\/a>\n\t\t\t<\/dt><\/dl><dl class='gallery-item'>\n\t\t\t<dt class='gallery-icon landscape'>\n\t\t\t\t<a href='https:\/\/agora.xtec.cat\/ceipelmorsell\/projectes-de-centre\/attachment\/baixa\/'><img loading=\"lazy\" decoding=\"async\" width=\"300\" height=\"120\" src=\"https:\/\/agora.xtec.cat\/ceipelmorsell\/wp-content\/uploads\/usu2152\/2022\/01\/baixa-300x120.png\" class=\"attachment-medium size-medium\" alt=\"\" srcset=\"https:\/\/agora.xtec.cat\/ceipelmorsell\/wp-content\/uploads\/usu2152\/2022\/01\/baixa-300x120.png 300w, https:\/\/agora.xtec.cat\/ceipelmorsell\/wp-content\/uploads\/usu2152\/2022\/01\/baixa.png 355w\" sizes=\"auto, (max-width: 300px) 100vw, 300px\" \/><\/a>\n\t\t\t<\/dt><\/dl><br style=\"clear: both\" \/>\n\t\t<\/div>\n\n","protected":false},"excerpt":{"rendered":"<p>PROJECTES QUE PARTICIPEM COM A CENTRE:<br \/>\nXarxa d\u2019Escoles per la sostenibilitat de Catalunya (2010): som Escola Verda i incorporem els valors de l&#8217;educaci\u00f3 per a la sostenibilitat en tots els \u00e0mbits de la vida del centre (curr\u00edculum, gesti\u00f3, relacions amb l&#8217;entorn, etc.).<br \/>\nCultura Emprenedora a l\u2019escola (CUEME):\u00a0&hellip;  <a href=\"https:\/\/agora.xtec.cat\/ceipelmorsell\/projectes-de-centre\/projectes-del-centre\/\" title=\"Read Projectes del centre\">Llegeix m\u00e9s\u00bb<\/a><\/p>\n","protected":false},"author":1,"featured_media":0,"parent":1343,"menu_order":1,"comment_status":"closed","ping_status":"closed","template":"page-templates\/side-menu.php","meta":{"_bbp_topic_count":0,"_bbp_reply_count":0,"_bbp_total_topic_count":0,"_bbp_total_reply_count":0,"_bbp_voice_count":0,"_bbp_anonymous_reply_count":0,"_bbp_topic_count_hidden":0,"_bbp_reply_count_hidden":0,"_bbp_forum_subforum_count":0,"footnotes":""},"class_list":["post-1693","page","type-page","status-publish","hentry"],"post_mailing_queue_ids":[],"_links":{"self":[{"href":"https:\/\/agora.xtec.cat\/ceipelmorsell\/wp-json\/wp\/v2\/pages\/1693","targetHints":{"allow":["GET"]}}],"collection":[{"href":"https:\/\/agora.xtec.cat\/ceipelmorsell\/wp-json\/wp\/v2\/pages"}],"about":[{"href":"https:\/\/agora.xtec.cat\/ceipelmorsell\/wp-json\/wp\/v2\/types\/page"}],"author":[{"embeddable":true,"href":"https:\/\/agora.xtec.cat\/ceipelmorsell\/wp-json\/wp\/v2\/users\/1"}],"replies":[{"embeddable":true,"href":"https:\/\/agora.xtec.cat\/ceipelmorsell\/wp-json\/wp\/v2\/comments?post=1693"}],"version-history":[{"count":2,"href":"https:\/\/agora.xtec.cat\/ceipelmorsell\/wp-json\/wp\/v2\/pages\/1693\/revisions"}],"predecessor-version":[{"id":1978,"href":"https:\/\/agora.xtec.cat\/ceipelmorsell\/wp-json\/wp\/v2\/pages\/1693\/revisions\/1978"}],"up":[{"embeddable":true,"href":"https:\/\/agora.xtec.cat\/ceipelmorsell\/wp-json\/wp\/v2\/pages\/1343"}],"wp:attachment":[{"href":"https:\/\/agora.xtec.cat\/ceipelmorsell\/wp-json\/wp\/v2\/media?parent=1693"}],"curies":[{"name":"wp","href":"https:\/\/api.w.org\/{rel}","templated":true}]}}