{"id":1350,"date":"2022-01-13T09:12:33","date_gmt":"2022-01-13T08:12:33","guid":{"rendered":"https:\/\/agora.xtec.cat\/ceipelmorsell\/?page_id=1350"},"modified":"2023-01-04T13:19:59","modified_gmt":"2023-01-04T12:19:59","slug":"propostes-didactiques","status":"publish","type":"page","link":"https:\/\/agora.xtec.cat\/ceipelmorsell\/projecte-educatiu\/propostes-didactiques\/","title":{"rendered":"Propostes did\u00e0ctiques"},"content":{"rendered":"<p><b><span style=\"color: #008080;\">Llegim i escrivim en parella:<\/span> <\/b><span style=\"font-weight: 400;\">\u00e9s un programa impulsat pel Grup de Recerca sobre Aprenentatge entre Iguals de la UAB utilitza la tutoria entre iguals (amb alumnes i fam\u00edlies) per a la millora de la compet\u00e8ncia lectora en llengua catalana. Aquesta activitat la porta a terme l\u2019alumnat de 9 anys (4t)<\/span><\/p>\n<p><span style=\"color: #008080;\"><b>(En)raonem en parella:<\/b><\/span><span style=\"font-weight: 400;\"> \u00e9s un programa educatiu basat en la tutoria entre iguals, amb implicaci\u00f3 familiar, per a la millora de la compet\u00e8ncia en la resoluci\u00f3 de problemes matem\u00e0tics quotidians de forma cooperativa. Aquesta activitat la porta a terme l\u2019alumnat de 10 anys (5\u00e8)<\/span><\/p>\n<p><span style=\"color: #008080;\"><b>Readings in Pairs<\/b><\/span><span style=\"font-weight: 400;\"><span style=\"color: #008080;\">:<\/span>\u00a0 \u00e9s un programa educatiu basat en la tutoria entre iguals, amb implicaci\u00f3 familiar, per a la millora de la compet\u00e8ncia lectora i oral en llengua anglesa. Aquesta activitat la porta a terme l\u2019alumnat d\u201911 anys (6\u00e8)<\/span><\/p>\n<p><span style=\"color: #008080;\"><b>Number Talks:<\/b><\/span><span style=\"font-weight: 400;\"> rutina de c\u00e0lcul mental que es porta a terme a Prim\u00e0ria. L\u2019alumne resol individualment una operaci\u00f3 matem\u00e0tica i posterior es fa una posada en com\u00fa on cada nen\/a explica oralment les diferents estrat\u00e8gies que ha utilitzat per resoldre la tasca mentre el docent fa la representaci\u00f3 gr\u00e0fica.<\/span><\/p>\n<p><span style=\"color: #008080;\"><b>Innovamat<\/b><\/span><span style=\"font-weight: 400;\"><span style=\"color: #008080;\">:<\/span> aprenentatge competencial de les matem\u00e0tiques a partir del di\u00e0leg i manipulaci\u00f3. L\u2019alumnat del grans i joves fan servir aquesta eina per\u00a0 complementar el treball de\u00a0 les matem\u00e0tiques.<\/span><\/p>\n<p><span style=\"color: #008080;\"><b>Pla Catal\u00e0 de l\u2019Esport:<\/b><\/span><span style=\"font-weight: 400;\">\u00a0 posa l&#8217;abast de tot l\u2019alumnat del centre la pr\u00e0ctica d&#8217;activitats f\u00edsiques i esportives, i aprofita el gran potencial d&#8217;aquestes activitats per contribuir a la formaci\u00f3 personal i c\u00edvica dels nostres infants i joves.<\/span><\/p>\n","protected":false},"excerpt":{"rendered":"<p>Llegim i escrivim en parella: \u00e9s un programa impulsat pel Grup de Recerca sobre Aprenentatge entre Iguals de la UAB utilitza la tutoria entre iguals (amb alumnes i fam\u00edlies) per a la millora de la compet\u00e8ncia lectora en llengua catalana. Aquesta activitat la porta a&hellip;  <a href=\"https:\/\/agora.xtec.cat\/ceipelmorsell\/projecte-educatiu\/propostes-didactiques\/\" title=\"Read Propostes did\u00e0ctiques\">Llegeix m\u00e9s\u00bb<\/a><\/p>\n","protected":false},"author":1,"featured_media":0,"parent":64,"menu_order":9,"comment_status":"closed","ping_status":"closed","template":"","meta":{"_bbp_topic_count":0,"_bbp_reply_count":0,"_bbp_total_topic_count":0,"_bbp_total_reply_count":0,"_bbp_voice_count":0,"_bbp_anonymous_reply_count":0,"_bbp_topic_count_hidden":0,"_bbp_reply_count_hidden":0,"_bbp_forum_subforum_count":0,"footnotes":""},"class_list":["post-1350","page","type-page","status-publish","hentry"],"post_mailing_queue_ids":[],"_links":{"self":[{"href":"https:\/\/agora.xtec.cat\/ceipelmorsell\/wp-json\/wp\/v2\/pages\/1350","targetHints":{"allow":["GET"]}}],"collection":[{"href":"https:\/\/agora.xtec.cat\/ceipelmorsell\/wp-json\/wp\/v2\/pages"}],"about":[{"href":"https:\/\/agora.xtec.cat\/ceipelmorsell\/wp-json\/wp\/v2\/types\/page"}],"author":[{"embeddable":true,"href":"https:\/\/agora.xtec.cat\/ceipelmorsell\/wp-json\/wp\/v2\/users\/1"}],"replies":[{"embeddable":true,"href":"https:\/\/agora.xtec.cat\/ceipelmorsell\/wp-json\/wp\/v2\/comments?post=1350"}],"version-history":[{"count":2,"href":"https:\/\/agora.xtec.cat\/ceipelmorsell\/wp-json\/wp\/v2\/pages\/1350\/revisions"}],"predecessor-version":[{"id":1352,"href":"https:\/\/agora.xtec.cat\/ceipelmorsell\/wp-json\/wp\/v2\/pages\/1350\/revisions\/1352"}],"up":[{"embeddable":true,"href":"https:\/\/agora.xtec.cat\/ceipelmorsell\/wp-json\/wp\/v2\/pages\/64"}],"wp:attachment":[{"href":"https:\/\/agora.xtec.cat\/ceipelmorsell\/wp-json\/wp\/v2\/media?parent=1350"}],"curies":[{"name":"wp","href":"https:\/\/api.w.org\/{rel}","templated":true}]}}