{"id":1066,"date":"2021-06-23T12:14:12","date_gmt":"2021-06-23T10:14:12","guid":{"rendered":"https:\/\/agora.xtec.cat\/ceipelmorsell\/?page_id=1066"},"modified":"2023-01-06T20:03:26","modified_gmt":"2023-01-06T19:03:26","slug":"el-bosc","status":"publish","type":"page","link":"https:\/\/agora.xtec.cat\/ceipelmorsell\/projecte-educatiu\/el-bosc\/","title":{"rendered":"Sortides al bosc"},"content":{"rendered":"<p>El centre est\u00e0 situat en un entorn natural molt privilegiat, i que ofereix un ampli ventall d&#8217;oportunitats per a poder fer moltes activitats d&#8217;ensenyament i aprenentatge. \u00c9s per aix\u00f2 que els grups classe fan sortides peri\u00f2diques al bosc.<\/p>\n<p>Aquesta activitat est\u00e0 englobada dins el projecte educatiu de centre el qual es caracteritza per apropar l&#8217;alumnat a un coneixement m\u00e9s significatiu mitjan\u00e7ant l&#8217;exploraci\u00f3, la investigaci\u00f3 i vivenciar l&#8217;experi\u00e8ncia de con\u00e8ixer aquest entorn amb molta diversitat de fauna i flora caracter\u00edstica del para natural del Garraf.<\/p>\n<p>Les activitats poden ser diverses i es complementen en els diferents \u00e0mbits de coneixement.<\/p>\n<p><img loading=\"lazy\" decoding=\"async\" class=\"size-large wp-image-1234 aligncenter\" src=\"https:\/\/agora.xtec.cat\/ceipelmorsell\/wp-content\/uploads\/usu2152\/2021\/11\/96774d74eb26f5852dc147903b3cd4864ce6877e-1024x267.jpg\" alt=\"\" width=\"1024\" height=\"267\" srcset=\"https:\/\/agora.xtec.cat\/ceipelmorsell\/wp-content\/uploads\/usu2152\/2021\/11\/96774d74eb26f5852dc147903b3cd4864ce6877e-1024x267.jpg 1024w, https:\/\/agora.xtec.cat\/ceipelmorsell\/wp-content\/uploads\/usu2152\/2021\/11\/96774d74eb26f5852dc147903b3cd4864ce6877e-300x78.jpg 300w, https:\/\/agora.xtec.cat\/ceipelmorsell\/wp-content\/uploads\/usu2152\/2021\/11\/96774d74eb26f5852dc147903b3cd4864ce6877e-768x200.jpg 768w, https:\/\/agora.xtec.cat\/ceipelmorsell\/wp-content\/uploads\/usu2152\/2021\/11\/96774d74eb26f5852dc147903b3cd4864ce6877e-1536x400.jpg 1536w, https:\/\/agora.xtec.cat\/ceipelmorsell\/wp-content\/uploads\/usu2152\/2021\/11\/96774d74eb26f5852dc147903b3cd4864ce6877e.jpg 1920w\" sizes=\"auto, (max-width: 1024px) 100vw, 1024px\" \/><\/p>\n<p><img loading=\"lazy\" decoding=\"async\" class=\"alignnone size-full wp-image-1732\" src=\"https:\/\/agora.xtec.cat\/ceipelmorsell\/wp-content\/uploads\/usu2152\/2023\/01\/bosc.jpg\" alt=\"\" width=\"752\" height=\"347\" srcset=\"https:\/\/agora.xtec.cat\/ceipelmorsell\/wp-content\/uploads\/usu2152\/2023\/01\/bosc.jpg 752w, https:\/\/agora.xtec.cat\/ceipelmorsell\/wp-content\/uploads\/usu2152\/2023\/01\/bosc-300x138.jpg 300w\" sizes=\"auto, (max-width: 752px) 100vw, 752px\" \/><\/p>\n","protected":false},"excerpt":{"rendered":"<p>El centre est\u00e0 situat en un entorn natural molt privilegiat, i que ofereix un ampli ventall d&#8217;oportunitats per a poder fer moltes activitats d&#8217;ensenyament i aprenentatge. \u00c9s per aix\u00f2 que els grups classe fan sortides peri\u00f2diques al bosc.<br \/>\nAquesta activitat est\u00e0 englobada dins el projecte educatiu&hellip;  <a href=\"https:\/\/agora.xtec.cat\/ceipelmorsell\/projecte-educatiu\/el-bosc\/\" title=\"Read Sortides al bosc\">Llegeix m\u00e9s\u00bb<\/a><\/p>\n","protected":false},"author":1,"featured_media":0,"parent":64,"menu_order":9,"comment_status":"closed","ping_status":"closed","template":"page-templates\/side-menu.php","meta":{"_bbp_topic_count":0,"_bbp_reply_count":0,"_bbp_total_topic_count":0,"_bbp_total_reply_count":0,"_bbp_voice_count":0,"_bbp_anonymous_reply_count":0,"_bbp_topic_count_hidden":0,"_bbp_reply_count_hidden":0,"_bbp_forum_subforum_count":0,"footnotes":""},"class_list":["post-1066","page","type-page","status-publish","hentry"],"post_mailing_queue_ids":[],"_links":{"self":[{"href":"https:\/\/agora.xtec.cat\/ceipelmorsell\/wp-json\/wp\/v2\/pages\/1066","targetHints":{"allow":["GET"]}}],"collection":[{"href":"https:\/\/agora.xtec.cat\/ceipelmorsell\/wp-json\/wp\/v2\/pages"}],"about":[{"href":"https:\/\/agora.xtec.cat\/ceipelmorsell\/wp-json\/wp\/v2\/types\/page"}],"author":[{"embeddable":true,"href":"https:\/\/agora.xtec.cat\/ceipelmorsell\/wp-json\/wp\/v2\/users\/1"}],"replies":[{"embeddable":true,"href":"https:\/\/agora.xtec.cat\/ceipelmorsell\/wp-json\/wp\/v2\/comments?post=1066"}],"version-history":[{"count":3,"href":"https:\/\/agora.xtec.cat\/ceipelmorsell\/wp-json\/wp\/v2\/pages\/1066\/revisions"}],"predecessor-version":[{"id":1734,"href":"https:\/\/agora.xtec.cat\/ceipelmorsell\/wp-json\/wp\/v2\/pages\/1066\/revisions\/1734"}],"up":[{"embeddable":true,"href":"https:\/\/agora.xtec.cat\/ceipelmorsell\/wp-json\/wp\/v2\/pages\/64"}],"wp:attachment":[{"href":"https:\/\/agora.xtec.cat\/ceipelmorsell\/wp-json\/wp\/v2\/media?parent=1066"}],"curies":[{"name":"wp","href":"https:\/\/api.w.org\/{rel}","templated":true}]}}