{"id":1061,"date":"2021-06-23T12:10:52","date_gmt":"2021-06-23T10:10:52","guid":{"rendered":"https:\/\/agora.xtec.cat\/ceipelmorsell\/?page_id=1061"},"modified":"2023-01-06T19:50:39","modified_gmt":"2023-01-06T18:50:39","slug":"escola-verda","status":"publish","type":"page","link":"https:\/\/agora.xtec.cat\/ceipelmorsell\/projectes-de-centre\/escola-verda\/","title":{"rendered":"Escola verda"},"content":{"rendered":"<div class=\"aligncenter\">\n<h2 class=\"hdng-big\">Educaci\u00f3 per la sostenibilitat<\/h2>\n<\/div>\n<p>El programa d\u2019 Escoles Verdes \u00e9s un programa del departament de territori i sostenibilitat que vol innovar, incloure, avan\u00e7ar, sistematitzar i organitzar accions educatives que tinguin, la finalitat d\u2019afrontar des de l\u2019educaci\u00f3 els nous reptes i valors de l\u2019educaci\u00f3 per la sostenibilitat.<\/p>\n<p>EL CENTRE forma part d\u2019aquest programa des de l\u2019any 2010 i incorpora els valors de l\u2019educaci\u00f3 per la sostenibilitat en tots els \u00e0mbits de la vida del centre: curricular, de gesti\u00f3, de relaci\u00f3 amb l\u2019entorn i de cultura de centre.<\/p>\n<p>PROMOU la participaci\u00f3 i la implicaci\u00f3 activa de la comunitat educativa en la millora del seu entorn.<img loading=\"lazy\" decoding=\"async\" class=\"size-full wp-image-1231 alignright\" src=\"https:\/\/agora.xtec.cat\/ceipelmorsell\/wp-content\/uploads\/usu2152\/2021\/11\/Icona_escoles_verdes.jpg\" alt=\"\" width=\"340\" height=\"340\" srcset=\"https:\/\/agora.xtec.cat\/ceipelmorsell\/wp-content\/uploads\/usu2152\/2021\/11\/Icona_escoles_verdes.jpg 340w, https:\/\/agora.xtec.cat\/ceipelmorsell\/wp-content\/uploads\/usu2152\/2021\/11\/Icona_escoles_verdes-300x300.jpg 300w, https:\/\/agora.xtec.cat\/ceipelmorsell\/wp-content\/uploads\/usu2152\/2021\/11\/Icona_escoles_verdes-150x150.jpg 150w\" sizes=\"auto, (max-width: 340px) 100vw, 340px\" \/><\/p>\n<p>PARTICIPA I AFAVOREIX l\u2019intercanvi entre els centres que comparteixen els mateixos objectius.<\/p>\n<p>Des del centre es realitzen les seg\u00fcents activitats en relaci\u00f3 al programa:<\/p>\n<ul>\n<li>Cura del nostre hort a partir de diferents activitats centrades en l\u2019agricultura ecol\u00f2gica.<\/li>\n<li>Sortides a l\u2019entorn del centre per con\u00e8ixer millor les caracter\u00edstiques del lloc on vivim i fer propostes de millora.<\/li>\n<li>Recollida, reutilitzaci\u00f3 i reducci\u00f3 de paper, els envasos, les piles i l\u2019oli.<\/li>\n<li>\u00das de l&#8217;estaci\u00f3 meteorol\u00f2gica per fer estudis de les dades recollides i realitzar petits projectes.<\/li>\n<li>Participaci\u00f3 en el programa\u00a0 d&#8217;estalvi energ\u00e8tic 50 x 50<\/li>\n<\/ul>\n","protected":false},"excerpt":{"rendered":"<p>Educaci\u00f3 per la sostenibilitat<\/p>\n<p>El programa d\u2019 Escoles Verdes \u00e9s un programa del departament de territori i sostenibilitat que vol innovar, incloure, avan\u00e7ar, sistematitzar i organitzar accions educatives que tinguin, la finalitat d\u2019afrontar des de l\u2019educaci\u00f3 els nous reptes i valors de l\u2019educaci\u00f3 per la sostenibilitat.<br \/>\nEL&hellip;  <a href=\"https:\/\/agora.xtec.cat\/ceipelmorsell\/projectes-de-centre\/escola-verda\/\" title=\"Read Escola verda\">Llegeix m\u00e9s\u00bb<\/a><\/p>\n","protected":false},"author":1,"featured_media":0,"parent":1343,"menu_order":2,"comment_status":"closed","ping_status":"closed","template":"page-templates\/side-menu.php","meta":{"_bbp_topic_count":0,"_bbp_reply_count":0,"_bbp_total_topic_count":0,"_bbp_total_reply_count":0,"_bbp_voice_count":0,"_bbp_anonymous_reply_count":0,"_bbp_topic_count_hidden":0,"_bbp_reply_count_hidden":0,"_bbp_forum_subforum_count":0,"footnotes":""},"class_list":["post-1061","page","type-page","status-publish","hentry"],"post_mailing_queue_ids":[],"_links":{"self":[{"href":"https:\/\/agora.xtec.cat\/ceipelmorsell\/wp-json\/wp\/v2\/pages\/1061","targetHints":{"allow":["GET"]}}],"collection":[{"href":"https:\/\/agora.xtec.cat\/ceipelmorsell\/wp-json\/wp\/v2\/pages"}],"about":[{"href":"https:\/\/agora.xtec.cat\/ceipelmorsell\/wp-json\/wp\/v2\/types\/page"}],"author":[{"embeddable":true,"href":"https:\/\/agora.xtec.cat\/ceipelmorsell\/wp-json\/wp\/v2\/users\/1"}],"replies":[{"embeddable":true,"href":"https:\/\/agora.xtec.cat\/ceipelmorsell\/wp-json\/wp\/v2\/comments?post=1061"}],"version-history":[{"count":3,"href":"https:\/\/agora.xtec.cat\/ceipelmorsell\/wp-json\/wp\/v2\/pages\/1061\/revisions"}],"predecessor-version":[{"id":1579,"href":"https:\/\/agora.xtec.cat\/ceipelmorsell\/wp-json\/wp\/v2\/pages\/1061\/revisions\/1579"}],"up":[{"embeddable":true,"href":"https:\/\/agora.xtec.cat\/ceipelmorsell\/wp-json\/wp\/v2\/pages\/1343"}],"wp:attachment":[{"href":"https:\/\/agora.xtec.cat\/ceipelmorsell\/wp-json\/wp\/v2\/media?parent=1061"}],"curies":[{"name":"wp","href":"https:\/\/api.w.org\/{rel}","templated":true}]}}