{"id":1025,"date":"2021-06-18T13:10:51","date_gmt":"2021-06-18T11:10:51","guid":{"rendered":"https:\/\/agora.xtec.cat\/ceipelmorsell\/?page_id=1025"},"modified":"2023-01-04T18:36:34","modified_gmt":"2023-01-04T17:36:34","slug":"racons-daula","status":"publish","type":"page","link":"https:\/\/agora.xtec.cat\/ceipelmorsell\/projecte-educatiu\/racons-daula\/","title":{"rendered":"Racons d&#8217;aula"},"content":{"rendered":"<div class=\"aligncenter\">\n<h2 class=\"hdng-big\" style=\"text-align: justify;\"><\/h2>\n<\/div>\n<p style=\"text-align: justify;\">Els racons s\u00f3n una estrat\u00e8gia metodol\u00f2gica que permet organitzar l\u2019aula en grups d\u2019aprenentatge cooperatiu, interactiu i col\u00b7laboratiu. Els infants realitzen activitats de diferents \u00e0mbits (ling\u00fc\u00edstic, matem\u00e0tic, art\u00edstic,&#8230;) de manera competencial i\u00a0 amb diferents materials.<\/p>\n<p><span style=\"font-weight: 400;\">Aquesta estrat\u00e8gia permet portar a terme diferents activitats d\u2019aprenentatge de manera simult\u00e0nia, respectant els interessos, necessitats i ritmes de cada infant. El docent\u00a0 acompanya de manera individualitzada el proc\u00e9s d&#8217;aprenentatge de cada alumne i adapta les diferents propostes a les necessitats individuals oferint all\u00f2 que necessiten.<\/span><\/p>\n<p style=\"text-align: justify;\">Els infants s&#8217;organitzen de forma aut\u00f2noma respectant el seu ritme de treball, fomentant el raonament i l&#8217;aprenentatge entre iguals.<\/p>\n<p style=\"text-align: justify;\">Les comunitats de\u00a0 Petits i Mitjans fan diverses sessions setmanals de racons d&#8217;aula.<\/p>\n<p><img loading=\"lazy\" decoding=\"async\" class=\"alignleft wp-image-1699 size-medium\" src=\"https:\/\/agora.xtec.cat\/ceipelmorsell\/wp-content\/uploads\/usu2152\/2023\/01\/1670689458609-300x169.jpg\" alt=\"\" width=\"300\" height=\"169\" srcset=\"https:\/\/agora.xtec.cat\/ceipelmorsell\/wp-content\/uploads\/usu2152\/2023\/01\/1670689458609-300x169.jpg 300w, https:\/\/agora.xtec.cat\/ceipelmorsell\/wp-content\/uploads\/usu2152\/2023\/01\/1670689458609-1024x576.jpg 1024w, https:\/\/agora.xtec.cat\/ceipelmorsell\/wp-content\/uploads\/usu2152\/2023\/01\/1670689458609-768x432.jpg 768w, https:\/\/agora.xtec.cat\/ceipelmorsell\/wp-content\/uploads\/usu2152\/2023\/01\/1670689458609-1536x864.jpg 1536w, https:\/\/agora.xtec.cat\/ceipelmorsell\/wp-content\/uploads\/usu2152\/2023\/01\/1670689458609-2048x1152.jpg 2048w\" sizes=\"auto, (max-width: 300px) 100vw, 300px\" \/><\/p>\n<p><img loading=\"lazy\" decoding=\"async\" class=\"alignleft wp-image-1701 size-full\" src=\"https:\/\/agora.xtec.cat\/ceipelmorsell\/wp-content\/uploads\/usu2152\/2023\/01\/racons-mitjans.png\" alt=\"\" width=\"294\" height=\"225\" \/><\/p>\n","protected":false},"excerpt":{"rendered":"<p>Els racons s\u00f3n una estrat\u00e8gia metodol\u00f2gica que permet organitzar l\u2019aula en grups d\u2019aprenentatge cooperatiu, interactiu i col\u00b7laboratiu. Els infants realitzen activitats de diferents \u00e0mbits (ling\u00fc\u00edstic, matem\u00e0tic, art\u00edstic,&#8230;) de manera competencial i\u00a0 amb diferents materials.<br \/>\nAquesta estrat\u00e8gia permet portar a terme diferents activitats d\u2019aprenentatge de manera simult\u00e0nia,&hellip;  <a href=\"https:\/\/agora.xtec.cat\/ceipelmorsell\/projecte-educatiu\/racons-daula\/\" title=\"Read Racons d&#8217;aula\">Llegeix m\u00e9s\u00bb<\/a><\/p>\n","protected":false},"author":1,"featured_media":0,"parent":64,"menu_order":1,"comment_status":"closed","ping_status":"closed","template":"page-templates\/side-menu.php","meta":{"_bbp_topic_count":0,"_bbp_reply_count":0,"_bbp_total_topic_count":0,"_bbp_total_reply_count":0,"_bbp_voice_count":0,"_bbp_anonymous_reply_count":0,"_bbp_topic_count_hidden":0,"_bbp_reply_count_hidden":0,"_bbp_forum_subforum_count":0,"footnotes":""},"class_list":["post-1025","page","type-page","status-publish","hentry"],"post_mailing_queue_ids":[],"_links":{"self":[{"href":"https:\/\/agora.xtec.cat\/ceipelmorsell\/wp-json\/wp\/v2\/pages\/1025","targetHints":{"allow":["GET"]}}],"collection":[{"href":"https:\/\/agora.xtec.cat\/ceipelmorsell\/wp-json\/wp\/v2\/pages"}],"about":[{"href":"https:\/\/agora.xtec.cat\/ceipelmorsell\/wp-json\/wp\/v2\/types\/page"}],"author":[{"embeddable":true,"href":"https:\/\/agora.xtec.cat\/ceipelmorsell\/wp-json\/wp\/v2\/users\/1"}],"replies":[{"embeddable":true,"href":"https:\/\/agora.xtec.cat\/ceipelmorsell\/wp-json\/wp\/v2\/comments?post=1025"}],"version-history":[{"count":4,"href":"https:\/\/agora.xtec.cat\/ceipelmorsell\/wp-json\/wp\/v2\/pages\/1025\/revisions"}],"predecessor-version":[{"id":1704,"href":"https:\/\/agora.xtec.cat\/ceipelmorsell\/wp-json\/wp\/v2\/pages\/1025\/revisions\/1704"}],"up":[{"embeddable":true,"href":"https:\/\/agora.xtec.cat\/ceipelmorsell\/wp-json\/wp\/v2\/pages\/64"}],"wp:attachment":[{"href":"https:\/\/agora.xtec.cat\/ceipelmorsell\/wp-json\/wp\/v2\/media?parent=1025"}],"curies":[{"name":"wp","href":"https:\/\/api.w.org\/{rel}","templated":true}]}}