{"id":669,"date":"2011-05-24T12:54:22","date_gmt":"2011-05-24T11:54:22","guid":{"rendered":"http:\/\/blocs.xtec.cat\/elfarell\/?page_id=669"},"modified":"2016-11-17T09:35:34","modified_gmt":"2016-11-17T08:35:34","slug":"sanitat-escolar","status":"publish","type":"page","link":"https:\/\/agora.xtec.cat\/ceipelfarell\/lescola\/sanitat-escolar\/","title":{"rendered":"Sanitat escolar"},"content":{"rendered":"<p>L&#8217;escola at\u00e9n a l&#8217;alumnat que es fa mal en horari d&#8217;activitats escolars i extraescolars fent una primera cura i avisant a la fam\u00edlia, per a qu\u00e8 aquesta els acompanyi al metge.<\/p>\n<p>Si un alumne es troba malament (v\u00f2mits, mal de cap, febre&#8230;) no se li administrar\u00e0 cap medicament i s&#8217;avisar\u00e0 a la fam\u00edlia; en cas de no poder contactar amb la fam\u00edlia, s&#8217;actuar\u00e0 el m\u00e9s acuradament possible.<a href=\"http:\/\/agora.xtec.cat\/ceipelfarell\/wp-content\/uploads\/usu1549\/2011\/05\/images.jpg\"><img loading=\"lazy\" decoding=\"async\" class=\"size-full wp-image-5453 alignright\" src=\"http:\/\/agora.xtec.cat\/ceipelfarell\/wp-content\/uploads\/usu1549\/2011\/05\/images.jpg\" alt=\"images\" width=\"200\" height=\"124\" \/><\/a><\/p>\n<p>En cas que un alumne segueixi un tractament, cal portar una autoritzaci\u00f3 del metge, especificant la dosi i, com i quan s&#8217;ha d&#8217;administrar. Per evitar contagis, s&#8217;exigeix a les fam\u00edlies que no portin els seus fills quan tenen febre, malalties contagioses o par\u00e0sits fins que no hagi passat el perill de contagi.<\/p>\n<p>L&#8217;escola participa de les campanyes de revisions m\u00e8diques, vacunacions&#8230; que promou el Departament de Sanitat de la Generalitat de Catalunya. Es respectar\u00e0, per\u00f2, les decisions que en aquest respecte prenguin els\/les pares\/mares o tutors legals.<\/p>\n<p>&nbsp;<\/p>\n","protected":false},"excerpt":{"rendered":"<p>L&#8217;escola at\u00e9n a l&#8217;alumnat que es fa mal en horari d&#8217;activitats escolars i extraescolars fent una primera cura i avisant a la fam\u00edlia, per a qu\u00e8 aquesta els acompanyi al metge. Si un alumne es troba malament (v\u00f2mits, mal de cap, febre&#8230;) no se li administrar\u00e0 cap medicament i s&#8217;avisar\u00e0 a la fam\u00edlia; en cas [&hellip;]<\/p>\n","protected":false},"author":1,"featured_media":0,"parent":22,"menu_order":90,"comment_status":"closed","ping_status":"open","template":"page-templates\/side-menu.php","meta":{"_bbp_topic_count":0,"_bbp_reply_count":0,"_bbp_total_topic_count":0,"_bbp_total_reply_count":0,"_bbp_voice_count":0,"_bbp_anonymous_reply_count":0,"_bbp_topic_count_hidden":0,"_bbp_reply_count_hidden":0,"_bbp_forum_subforum_count":0,"site-sidebar-layout":"default","site-content-layout":"","ast-site-content-layout":"","site-content-style":"default","site-sidebar-style":"default","ast-global-header-display":"","ast-banner-title-visibility":"","ast-main-header-display":"","ast-hfb-above-header-display":"","ast-hfb-below-header-display":"","ast-hfb-mobile-header-display":"","site-post-title":"","ast-breadcrumbs-content":"","ast-featured-img":"","footer-sml-layout":"","theme-transparent-header-meta":"","adv-header-id-meta":"","stick-header-meta":"","header-above-stick-meta":"","header-main-stick-meta":"","header-below-stick-meta":"","astra-migrate-meta-layouts":"default","ast-page-background-enabled":"default","ast-page-background-meta":{"desktop":{"background-color":"var(--ast-global-color-4)","background-image":"","background-repeat":"repeat","background-position":"center center","background-size":"auto","background-attachment":"scroll","background-type":"","background-media":"","overlay-type":"","overlay-color":"","overlay-opacity":"","overlay-gradient":""},"tablet":{"background-color":"","background-image":"","background-repeat":"repeat","background-position":"center center","background-size":"auto","background-attachment":"scroll","background-type":"","background-media":"","overlay-type":"","overlay-color":"","overlay-opacity":"","overlay-gradient":""},"mobile":{"background-color":"","background-image":"","background-repeat":"repeat","background-position":"center center","background-size":"auto","background-attachment":"scroll","background-type":"","background-media":"","overlay-type":"","overlay-color":"","overlay-opacity":"","overlay-gradient":""}},"ast-content-background-meta":{"desktop":{"background-color":"var(--ast-global-color-5)","background-image":"","background-repeat":"repeat","background-position":"center center","background-size":"auto","background-attachment":"scroll","background-type":"","background-media":"","overlay-type":"","overlay-color":"","overlay-opacity":"","overlay-gradient":""},"tablet":{"background-color":"var(--ast-global-color-5)","background-image":"","background-repeat":"repeat","background-position":"center center","background-size":"auto","background-attachment":"scroll","background-type":"","background-media":"","overlay-type":"","overlay-color":"","overlay-opacity":"","overlay-gradient":""},"mobile":{"background-color":"var(--ast-global-color-5)","background-image":"","background-repeat":"repeat","background-position":"center center","background-size":"auto","background-attachment":"scroll","background-type":"","background-media":"","overlay-type":"","overlay-color":"","overlay-opacity":"","overlay-gradient":""}},"footnotes":""},"class_list":["post-669","page","type-page","status-publish","hentry"],"post_mailing_queue_ids":[],"_links":{"self":[{"href":"https:\/\/agora.xtec.cat\/ceipelfarell\/wp-json\/wp\/v2\/pages\/669","targetHints":{"allow":["GET"]}}],"collection":[{"href":"https:\/\/agora.xtec.cat\/ceipelfarell\/wp-json\/wp\/v2\/pages"}],"about":[{"href":"https:\/\/agora.xtec.cat\/ceipelfarell\/wp-json\/wp\/v2\/types\/page"}],"author":[{"embeddable":true,"href":"https:\/\/agora.xtec.cat\/ceipelfarell\/wp-json\/wp\/v2\/users\/1"}],"replies":[{"embeddable":true,"href":"https:\/\/agora.xtec.cat\/ceipelfarell\/wp-json\/wp\/v2\/comments?post=669"}],"version-history":[{"count":1,"href":"https:\/\/agora.xtec.cat\/ceipelfarell\/wp-json\/wp\/v2\/pages\/669\/revisions"}],"predecessor-version":[{"id":5454,"href":"https:\/\/agora.xtec.cat\/ceipelfarell\/wp-json\/wp\/v2\/pages\/669\/revisions\/5454"}],"up":[{"embeddable":true,"href":"https:\/\/agora.xtec.cat\/ceipelfarell\/wp-json\/wp\/v2\/pages\/22"}],"wp:attachment":[{"href":"https:\/\/agora.xtec.cat\/ceipelfarell\/wp-json\/wp\/v2\/media?parent=669"}],"curies":[{"name":"wp","href":"https:\/\/api.w.org\/{rel}","templated":true}]}}