{"id":5373,"date":"2010-10-30T20:04:35","date_gmt":"2010-10-30T18:04:35","guid":{"rendered":"http:\/\/blocs.xtec.cat\/elfarell\/?page_id=91"},"modified":"2024-10-27T10:04:29","modified_gmt":"2024-10-27T09:04:29","slug":"transport-escolar-2","status":"publish","type":"page","link":"https:\/\/agora.xtec.cat\/ceipelfarell\/serveis\/transport-escolar-2\/","title":{"rendered":"Transport escolar"},"content":{"rendered":"<p><a href=\"http:\/\/agora.xtec.cat\/ceipelfarell\/wp-content\/uploads\/usu1549\/2010\/10\/images.jpg\"><img loading=\"lazy\" decoding=\"async\" class=\"size-full wp-image-6500 alignright\" src=\"http:\/\/agora.xtec.cat\/ceipelfarell\/wp-content\/uploads\/usu1549\/2010\/10\/images.jpg\" alt=\"\" width=\"261\" height=\"193\" \/><\/a>Aquest servei est\u00e0 gestionat pel CONSELLL COMARCAL DEL VALL\u00c8S ORIENTAL.<\/p>\n<p>Es realitza al mat\u00ed i a la tarda. Funcionen dues l\u00ednies d\u2019autobusos:<\/p>\n<p><strong><span style=\"color: #ff0000;\">L\u00cdNIA VERMELLA<\/span><\/strong> amb 50 alumnes i les seg\u00fcents parades:<\/p>\n<ol>\n<li>Estaci\u00f3 d\u2019autobusos, Av. Pi i Maragall, 104<\/li>\n<li>Font dels Enamorats, C\/Pomera<\/li>\n<li>Font dels Enamorats, C\/Castanyer<\/li>\n<li>Font dels Enamorats, C\/Taronger<\/li>\n<li>Font dels Enamorats, C\/Cirerer<\/li>\n<li>Font dels Enamorats, C\/Faig<\/li>\n<li>Els Saulons, Carretera de Caldes a St. Feliu<\/li>\n<li>Pla\u00e7a Llu\u00eds Companys<\/li>\n<li>ESCOLA El Farell<\/li>\n<\/ol>\n<p><strong><span style=\"color: #0000ff;\">L\u00cdNIA BLAVA<\/span><\/strong> amb 50 alumnes i les seg\u00fcents parades:<\/p>\n<ol>\n<li>Can Valls, Av. Can Valls &#8211; C\/Tur\u00f3 de Ferles<\/li>\n<li>Torre Negrell, C. Pujada Baduell &#8211; C\/Bosc Gran<\/li>\n<li>Institut Escola de Caldes de Montbui<\/li>\n<li>Escola El Farell<\/li>\n<\/ol>\n<div>_________________________________________________________________________________________________________________<\/div>\n<div><\/div>\n<p>&nbsp;<\/p>\n<p>L&#8217;alta del servei de transport escolar \u00e9s gestionat\u00a0pel Servei Comarcal del Vall\u00e8s Oriental, i nom\u00e9s es podr\u00e0 demanar\u00a0un cop l&#8217;alumne estigui matriculat\/da\u00a0al centre escolar.<\/p>\n<p><b style=\"font-size: 1.6875em;\">SERVEI COMARCAL DEL VALL\u00c8S ORIENTAL\u00a0<\/b><\/p>\n<table style=\"border-collapse: collapse; width: 84.5451%;\">\n<tbody>\n<tr>\n<td style=\"width: 30.5107%; text-align: center;\"><strong><a href=\"https:\/\/www.vallesoriental.cat\/2028-el-consell\/3066-guia-de-serveis\/servei-de-transport-escolar.html\" target=\"_blank\" rel=\"noopener\"><img loading=\"lazy\" decoding=\"async\" class=\"alignnone size-full wp-image-13462\" src=\"https:\/\/agora.xtec.cat\/ceipelfarell\/wp-content\/uploads\/usu1549\/2023\/01\/Captura-1.jpg\" alt=\"\" width=\"501\" height=\"135\" srcset=\"https:\/\/agora.xtec.cat\/ceipelfarell\/wp-content\/uploads\/usu1549\/2023\/01\/Captura-1.jpg 501w, https:\/\/agora.xtec.cat\/ceipelfarell\/wp-content\/uploads\/usu1549\/2023\/01\/Captura-1-300x81.jpg 300w\" sizes=\"auto, (max-width: 501px) 100vw, 501px\" \/><\/a><\/strong><\/p>\n<p style=\"text-align: center;\"><a href=\"https:\/\/www.vallesoriental.cat\/2028-el-consell\/3066-guia-de-serveis\/servei-de-transport-escolar.html\" target=\"_blank\" rel=\"noopener\"><strong>WEB<\/strong><\/a><\/p>\n<\/td>\n<td style=\"width: 26.9367%; text-align: center;\"><img loading=\"lazy\" decoding=\"async\" class=\"CToWUd\" src=\"https:\/\/ci3.googleusercontent.com\/proxy\/oX_nOG9rAmU1E3Nv66LfAM0GLp50BvzwK2NsU1Mbdv51GUfeoQ0kBkS_XQ7gkd4Ka-OfoMF_PIQPPg1LjZusU1mhbFIwOztpHzltbcqnc8QXR0RlD0ZYAOBji4g0=s0-d-e1-ft#https:\/\/www.vallesoriental.cat\/media\/repository\/Imatges_recurs\/telefon.png\" alt=\"\" width=\"103\" height=\"103\" data-bit=\"iit\" \/><\/p>\n<p><strong>933270112<\/strong><\/td>\n<td style=\"width: 27.098%; text-align: center;\"><strong style=\"font-size: 16px;\"><img loading=\"lazy\" decoding=\"async\" class=\"CToWUd\" src=\"https:\/\/ci4.googleusercontent.com\/proxy\/W37LZw33bOq56hZUuxvsq6w3eEX0NS-g3o5UTgi8lkMFMtN8GR72Pq45P9t0-3whcDpzlY6CQouSsBoNv4oXnNhMQ5YOtVBJlsFxKfjUSv9-cBP0CE-C1BowEw=s0-d-e1-ft#https:\/\/www.vallesoriental.cat\/media\/repository\/Imatges_recurs\/email.png\" alt=\"\" width=\"112\" height=\"112\" data-bit=\"iit\" \/>\u00a0<\/strong><\/p>\n<p><strong style=\"font-size: 16px;\"><a href=\"mailto:transportescolar@vallesoriental.cat\" target=\"_blank\" rel=\"noopener\">transportescolar@<wbr \/>vallesoriental.cat<\/a> \u00a0<\/strong><\/td>\n<\/tr>\n<tr>\n<td style=\"width: 30.5107%; text-align: center;\"><a href=\"https:\/\/drive.google.com\/file\/d\/10KiVc3pVjeHAhhU9QAMqUKFH-VgfgUW5\/view?usp=drive_link\" target=\"_blank\" rel=\"noopener\"><b style=\"font-size: 16px; background-color: #ffffff;\">RUTES DE TRANSPORTS<\/b><\/a><strong><br \/>\n<\/strong><\/td>\n<td style=\"width: 26.9367%; text-align: center;\"><a href=\"https:\/\/www.vallesoriental.cat\/ambits\/2197-educacio\/servei-de-transport-escolar\/preus-publics\/\" target=\"_blank\" rel=\"noopener\"><b style=\"font-size: 16px; background-color: #ffffff;\">PREUS DEL SERVEI TRANSPORT ESCOLAR<\/b><\/a><\/td>\n<td style=\"width: 27.098%; text-align: center;\"><a href=\"https:\/\/www.vallesoriental.cat\/media\/repository\/ambits\/ensenyament\/transport\/alta_transport2022.pdf\" target=\"_blank\" rel=\"noopener\"><b style=\"font-size: 16px; background-color: #ffffff;\">INSCRIPCI\u00d3 TRANSPORT ESCOLAR (ALTES I BAIXES)<\/b><\/a><strong style=\"font-size: 16px;\"><br \/>\n<\/strong><\/td>\n<\/tr>\n<\/tbody>\n<\/table>\n","protected":false},"excerpt":{"rendered":"<p>Aquest servei est\u00e0 gestionat pel CONSELLL COMARCAL DEL VALL\u00c8S ORIENTAL. Es realitza al mat\u00ed i a la tarda. Funcionen dues l\u00ednies d\u2019autobusos: L\u00cdNIA VERMELLA amb 50 alumnes i les seg\u00fcents parades: Estaci\u00f3 d\u2019autobusos, Av. Pi i Maragall, 104 Font dels Enamorats, C\/Pomera Font dels Enamorats, C\/Castanyer Font dels Enamorats, C\/Taronger Font dels Enamorats, C\/Cirerer Font [&hellip;]<\/p>\n","protected":false},"author":1,"featured_media":0,"parent":66,"menu_order":20,"comment_status":"closed","ping_status":"closed","template":"page-templates\/side-menu.php","meta":{"_bbp_topic_count":0,"_bbp_reply_count":0,"_bbp_total_topic_count":0,"_bbp_total_reply_count":0,"_bbp_voice_count":0,"_bbp_anonymous_reply_count":0,"_bbp_topic_count_hidden":0,"_bbp_reply_count_hidden":0,"_bbp_forum_subforum_count":0,"site-sidebar-layout":"default","site-content-layout":"","ast-site-content-layout":"","site-content-style":"default","site-sidebar-style":"default","ast-global-header-display":"","ast-banner-title-visibility":"","ast-main-header-display":"","ast-hfb-above-header-display":"","ast-hfb-below-header-display":"","ast-hfb-mobile-header-display":"","site-post-title":"","ast-breadcrumbs-content":"","ast-featured-img":"","footer-sml-layout":"","theme-transparent-header-meta":"","adv-header-id-meta":"","stick-header-meta":"","header-above-stick-meta":"","header-main-stick-meta":"","header-below-stick-meta":"","astra-migrate-meta-layouts":"default","ast-page-background-enabled":"default","ast-page-background-meta":{"desktop":{"background-color":"var(--ast-global-color-4)","background-image":"","background-repeat":"repeat","background-position":"center center","background-size":"auto","background-attachment":"scroll","background-type":"","background-media":"","overlay-type":"","overlay-color":"","overlay-opacity":"","overlay-gradient":""},"tablet":{"background-color":"","background-image":"","background-repeat":"repeat","background-position":"center center","background-size":"auto","background-attachment":"scroll","background-type":"","background-media":"","overlay-type":"","overlay-color":"","overlay-opacity":"","overlay-gradient":""},"mobile":{"background-color":"","background-image":"","background-repeat":"repeat","background-position":"center center","background-size":"auto","background-attachment":"scroll","background-type":"","background-media":"","overlay-type":"","overlay-color":"","overlay-opacity":"","overlay-gradient":""}},"ast-content-background-meta":{"desktop":{"background-color":"var(--ast-global-color-5)","background-image":"","background-repeat":"repeat","background-position":"center center","background-size":"auto","background-attachment":"scroll","background-type":"","background-media":"","overlay-type":"","overlay-color":"","overlay-opacity":"","overlay-gradient":""},"tablet":{"background-color":"var(--ast-global-color-5)","background-image":"","background-repeat":"repeat","background-position":"center center","background-size":"auto","background-attachment":"scroll","background-type":"","background-media":"","overlay-type":"","overlay-color":"","overlay-opacity":"","overlay-gradient":""},"mobile":{"background-color":"var(--ast-global-color-5)","background-image":"","background-repeat":"repeat","background-position":"center center","background-size":"auto","background-attachment":"scroll","background-type":"","background-media":"","overlay-type":"","overlay-color":"","overlay-opacity":"","overlay-gradient":""}},"footnotes":""},"class_list":["post-5373","page","type-page","status-publish","hentry"],"post_mailing_queue_ids":[],"_links":{"self":[{"href":"https:\/\/agora.xtec.cat\/ceipelfarell\/wp-json\/wp\/v2\/pages\/5373","targetHints":{"allow":["GET"]}}],"collection":[{"href":"https:\/\/agora.xtec.cat\/ceipelfarell\/wp-json\/wp\/v2\/pages"}],"about":[{"href":"https:\/\/agora.xtec.cat\/ceipelfarell\/wp-json\/wp\/v2\/types\/page"}],"author":[{"embeddable":true,"href":"https:\/\/agora.xtec.cat\/ceipelfarell\/wp-json\/wp\/v2\/users\/1"}],"replies":[{"embeddable":true,"href":"https:\/\/agora.xtec.cat\/ceipelfarell\/wp-json\/wp\/v2\/comments?post=5373"}],"version-history":[{"count":7,"href":"https:\/\/agora.xtec.cat\/ceipelfarell\/wp-json\/wp\/v2\/pages\/5373\/revisions"}],"predecessor-version":[{"id":15877,"href":"https:\/\/agora.xtec.cat\/ceipelfarell\/wp-json\/wp\/v2\/pages\/5373\/revisions\/15877"}],"up":[{"embeddable":true,"href":"https:\/\/agora.xtec.cat\/ceipelfarell\/wp-json\/wp\/v2\/pages\/66"}],"wp:attachment":[{"href":"https:\/\/agora.xtec.cat\/ceipelfarell\/wp-json\/wp\/v2\/media?parent=5373"}],"curies":[{"name":"wp","href":"https:\/\/api.w.org\/{rel}","templated":true}]}}