{"id":3843,"date":"2015-03-04T13:18:23","date_gmt":"2015-03-04T12:18:23","guid":{"rendered":"http:\/\/blocs.xtec.cat\/elfarell\/?page_id=3843"},"modified":"2025-10-22T10:37:46","modified_gmt":"2025-10-22T08:37:46","slug":"symbaloo","status":"publish","type":"page","link":"https:\/\/agora.xtec.cat\/ceipelfarell\/treballem\/symbaloo\/","title":{"rendered":"Symbaloo"},"content":{"rendered":"<p>Taulells de cada nivell amb enlla\u00e7os a p\u00e0gines web interessants que contenen activitats per refor\u00e7ar els continguts que es treballen a l\u2019aula.<\/p>\n<p>Recordeu que cal vetllar perqu\u00e8 els infants no estiguin massa hores seguides <strong>connectats a les pantalles<\/strong> (televisi\u00f3, tauletes, consola, m\u00f2bil\u2026).Us recomanem crear un horari, conjuntament amb els infants, per poder preveure fer <strong>activitats de tipologies diferents.<\/strong><\/p>\n<table style=\"width: 92.3889%; height: 314px;\">\n<tbody>\n<tr style=\"height: 172px;\">\n<td style=\"width: 27.4566%; height: 172px; text-align: center;\"><a href=\"https:\/\/www.symbaloo.com\/mix\/p314\" target=\"_blank\" rel=\"noopener noreferrer\"><img loading=\"lazy\" decoding=\"async\" class=\"alignnone wp-image-9296\" src=\"https:\/\/agora.xtec.cat\/ceipelfarell\/wp-content\/uploads\/usu1549\/2020\/03\/P3.jpg\" alt=\"\" width=\"378\" height=\"230\" srcset=\"https:\/\/agora.xtec.cat\/ceipelfarell\/wp-content\/uploads\/usu1549\/2020\/03\/P3.jpg 913w, https:\/\/agora.xtec.cat\/ceipelfarell\/wp-content\/uploads\/usu1549\/2020\/03\/P3-300x182.jpg 300w, https:\/\/agora.xtec.cat\/ceipelfarell\/wp-content\/uploads\/usu1549\/2020\/03\/P3-768x466.jpg 768w\" sizes=\"auto, (max-width: 378px) 100vw, 378px\" \/><\/a><\/td>\n<td style=\"width: 31.9845%; height: 172px; text-align: center;\"><a href=\"https:\/\/www.symbaloo.com\/mix\/p416\" target=\"_blank\" rel=\"noopener noreferrer\"><img loading=\"lazy\" decoding=\"async\" class=\"alignnone wp-image-9283\" src=\"https:\/\/agora.xtec.cat\/ceipelfarell\/wp-content\/uploads\/usu1549\/2020\/03\/P4.jpg\" alt=\"\" width=\"381\" height=\"231\" srcset=\"https:\/\/agora.xtec.cat\/ceipelfarell\/wp-content\/uploads\/usu1549\/2020\/03\/P4.jpg 912w, https:\/\/agora.xtec.cat\/ceipelfarell\/wp-content\/uploads\/usu1549\/2020\/03\/P4-300x182.jpg 300w, https:\/\/agora.xtec.cat\/ceipelfarell\/wp-content\/uploads\/usu1549\/2020\/03\/P4-768x466.jpg 768w\" sizes=\"auto, (max-width: 381px) 100vw, 381px\" \/><\/a><\/td>\n<\/tr>\n<tr style=\"height: 52px;\">\n<td style=\"width: 27.4566%; height: 52px; text-align: center;\"><a href=\"http:\/\/www.symbaloo.com\/mix\/p314\" target=\"_blank\" rel=\"noopener noreferrer\">Symbaloo P3<\/a><\/td>\n<td style=\"width: 31.9845%; height: 52px; text-align: center;\"><a href=\"http:\/\/www.symbaloo.com\/mix\/p416\" target=\"_blank\" rel=\"noopener noreferrer\">Symbaloo P4<\/a><\/td>\n<\/tr>\n<\/tbody>\n<\/table>\n<table style=\"width: 47.904%; height: 345px;\">\n<tbody>\n<tr>\n<td style=\"text-align: center; width: 244px;\"><a href=\"https:\/\/www.symbaloo.com\/mix\/p515\" target=\"_blank\" rel=\"noopener noreferrer\"><img loading=\"lazy\" decoding=\"async\" class=\"alignnone  wp-image-9281\" src=\"https:\/\/agora.xtec.cat\/ceipelfarell\/wp-content\/uploads\/usu1549\/2020\/03\/P5.jpg\" alt=\"\" width=\"395\" height=\"240\" srcset=\"https:\/\/agora.xtec.cat\/ceipelfarell\/wp-content\/uploads\/usu1549\/2020\/03\/P5.jpg 913w, https:\/\/agora.xtec.cat\/ceipelfarell\/wp-content\/uploads\/usu1549\/2020\/03\/P5-300x182.jpg 300w, https:\/\/agora.xtec.cat\/ceipelfarell\/wp-content\/uploads\/usu1549\/2020\/03\/P5-768x465.jpg 768w\" sizes=\"auto, (max-width: 395px) 100vw, 395px\" \/><\/a><\/td>\n<\/tr>\n<tr>\n<td style=\"width: 244px; text-align: center;\"><a href=\"https:\/\/www.symbaloo.com\/mix\/p515\" target=\"_blank\" rel=\"noopener noreferrer\">Symbaloo P5<\/a><\/td>\n<\/tr>\n<\/tbody>\n<\/table>\n<table style=\"height: 1056px; width: 99.5637%;\" width=\"639\">\n<tbody>\n<tr style=\"height: 182px;\">\n<td style=\"height: 182px; width: 49.775%;\"><a href=\"https:\/\/www.symbaloo.com\/mix\/1rmatematiques\" target=\"_blank\" rel=\"noopener\"><img loading=\"lazy\" decoding=\"async\" class=\"alignnone wp-image-15769\" src=\"https:\/\/agora.xtec.cat\/ceipelfarell\/wp-content\/uploads\/usu1549\/2024\/10\/Symbaloo-1r.jpg\" alt=\"\" width=\"450\" height=\"273\" srcset=\"https:\/\/agora.xtec.cat\/ceipelfarell\/wp-content\/uploads\/usu1549\/2024\/10\/Symbaloo-1r.jpg 912w, https:\/\/agora.xtec.cat\/ceipelfarell\/wp-content\/uploads\/usu1549\/2024\/10\/Symbaloo-1r-300x182.jpg 300w, https:\/\/agora.xtec.cat\/ceipelfarell\/wp-content\/uploads\/usu1549\/2024\/10\/Symbaloo-1r-768x466.jpg 768w\" sizes=\"auto, (max-width: 450px) 100vw, 450px\" \/><\/a><\/td>\n<td style=\"height: 182px; width: 48.9652%;\"><a href=\"https:\/\/www.symbaloo.com\/mix\/2n2\" target=\"_blank\" rel=\"noopener\"><img loading=\"lazy\" decoding=\"async\" class=\"alignnone  wp-image-14634\" src=\"https:\/\/agora.xtec.cat\/ceipelfarell\/wp-content\/uploads\/usu1549\/2023\/11\/IMG-20231106-WA0004.jpg\" alt=\"\" width=\"433\" height=\"261\" srcset=\"https:\/\/agora.xtec.cat\/ceipelfarell\/wp-content\/uploads\/usu1549\/2023\/11\/IMG-20231106-WA0004.jpg 912w, https:\/\/agora.xtec.cat\/ceipelfarell\/wp-content\/uploads\/usu1549\/2023\/11\/IMG-20231106-WA0004-300x181.jpg 300w, https:\/\/agora.xtec.cat\/ceipelfarell\/wp-content\/uploads\/usu1549\/2023\/11\/IMG-20231106-WA0004-768x464.jpg 768w\" sizes=\"auto, (max-width: 433px) 100vw, 433px\" \/><\/a><\/td>\n<\/tr>\n<tr style=\"height: 31px;\">\n<td style=\"text-align: center; height: 31px; width: 49.775%;\"><a href=\"https:\/\/www.symbaloo.com\/mix\/1rmatematiques\" target=\"_blank\" rel=\"noopener noreferrer\">Symbaloo 1r<\/a><\/td>\n<td style=\"text-align: center; height: 31px; width: 48.9652%;\"><a href=\"https:\/\/www.symbaloo.com\/mix\/2n2\" target=\"_blank\" rel=\"noopener noreferrer\">Symbaloo 2n<\/a><\/td>\n<\/tr>\n<tr style=\"height: 208px;\">\n<td style=\"text-align: center; height: 208px; width: 49.775%;\"><a href=\"https:\/\/www.symbaloo.com\/mix\/3r3\" target=\"_blank\" rel=\"noopener noreferrer\"><img loading=\"lazy\" decoding=\"async\" class=\"alignnone wp-image-9256\" src=\"https:\/\/agora.xtec.cat\/ceipelfarell\/wp-content\/uploads\/usu1549\/2020\/03\/SYMBALOO-LLENGUA-CATALANA-CM-ok.png\" alt=\"\" width=\"452\" height=\"272\" srcset=\"https:\/\/agora.xtec.cat\/ceipelfarell\/wp-content\/uploads\/usu1549\/2020\/03\/SYMBALOO-LLENGUA-CATALANA-CM-ok.png 911w, https:\/\/agora.xtec.cat\/ceipelfarell\/wp-content\/uploads\/usu1549\/2020\/03\/SYMBALOO-LLENGUA-CATALANA-CM-ok-300x180.png 300w, https:\/\/agora.xtec.cat\/ceipelfarell\/wp-content\/uploads\/usu1549\/2020\/03\/SYMBALOO-LLENGUA-CATALANA-CM-ok-768x462.png 768w\" sizes=\"auto, (max-width: 452px) 100vw, 452px\" \/><\/a><\/td>\n<td style=\"text-align: center; height: 208px; width: 48.9652%;\">\n<h3><a href=\"https:\/\/www.symbaloo.com\/mix\/lenguacastellana27\" target=\"_blank\" rel=\"noopener noreferrer\"><img loading=\"lazy\" decoding=\"async\" class=\"alignnone wp-image-9255\" style=\"font-size: 14px; font-weight: 400;\" src=\"https:\/\/agora.xtec.cat\/ceipelfarell\/wp-content\/uploads\/usu1549\/2020\/03\/SYMBALOO-LLENGUA-CATALANA-CM.png\" alt=\"\" width=\"432\" height=\"262\" srcset=\"https:\/\/agora.xtec.cat\/ceipelfarell\/wp-content\/uploads\/usu1549\/2020\/03\/SYMBALOO-LLENGUA-CATALANA-CM.png 910w, https:\/\/agora.xtec.cat\/ceipelfarell\/wp-content\/uploads\/usu1549\/2020\/03\/SYMBALOO-LLENGUA-CATALANA-CM-300x182.png 300w, https:\/\/agora.xtec.cat\/ceipelfarell\/wp-content\/uploads\/usu1549\/2020\/03\/SYMBALOO-LLENGUA-CATALANA-CM-768x466.png 768w\" sizes=\"auto, (max-width: 432px) 100vw, 432px\" \/><\/a><\/h3>\n<\/td>\n<\/tr>\n<tr style=\"height: 31px;\">\n<td style=\"text-align: center; height: 31px; width: 49.775%;\"><a href=\"https:\/\/www.symbaloo.com\/mix\/3r3\" target=\"_blank\" rel=\"noopener noreferrer\">Symbaloo\u00a0CM Llengua Catalana<\/a><\/td>\n<td style=\"text-align: center; height: 31px; width: 48.9652%;\"><a href=\"https:\/\/www.symbaloo.com\/mix\/lenguacastellana27\" target=\"_blank\" rel=\"noopener noreferrer\">Symbaloo CM Llengua Castellana<\/a><\/td>\n<\/tr>\n<tr style=\"height: 179px;\">\n<td style=\"text-align: center; height: 179px; width: 49.775%;\"><a href=\"https:\/\/www.symbaloo.com\/mix\/matematiques183\" target=\"_blank\" rel=\"noopener noreferrer\"><img loading=\"lazy\" decoding=\"async\" class=\"alignnone  wp-image-9266\" src=\"https:\/\/agora.xtec.cat\/ceipelfarell\/wp-content\/uploads\/usu1549\/2020\/03\/mates-Cs.png\" alt=\"\" width=\"457\" height=\"277\" srcset=\"https:\/\/agora.xtec.cat\/ceipelfarell\/wp-content\/uploads\/usu1549\/2020\/03\/mates-Cs.png 914w, https:\/\/agora.xtec.cat\/ceipelfarell\/wp-content\/uploads\/usu1549\/2020\/03\/mates-Cs-300x182.png 300w, https:\/\/agora.xtec.cat\/ceipelfarell\/wp-content\/uploads\/usu1549\/2020\/03\/mates-Cs-768x466.png 768w\" sizes=\"auto, (max-width: 457px) 100vw, 457px\" \/><\/a><\/td>\n<td style=\"text-align: center; height: 179px; width: 48.9652%;\"><a href=\"https:\/\/www.symbaloo.com\/mix\/coneixementdelmedi26\" target=\"_blank\" rel=\"noopener noreferrer\"><img loading=\"lazy\" decoding=\"async\" class=\"alignnone wp-image-9258\" src=\"https:\/\/agora.xtec.cat\/ceipelfarell\/wp-content\/uploads\/usu1549\/2020\/03\/SYMBALOO-MEDI-CM.png\" alt=\"\" width=\"463\" height=\"281\" srcset=\"https:\/\/agora.xtec.cat\/ceipelfarell\/wp-content\/uploads\/usu1549\/2020\/03\/SYMBALOO-MEDI-CM.png 920w, https:\/\/agora.xtec.cat\/ceipelfarell\/wp-content\/uploads\/usu1549\/2020\/03\/SYMBALOO-MEDI-CM-300x182.png 300w, https:\/\/agora.xtec.cat\/ceipelfarell\/wp-content\/uploads\/usu1549\/2020\/03\/SYMBALOO-MEDI-CM-768x467.png 768w\" sizes=\"auto, (max-width: 463px) 100vw, 463px\" \/><\/a><\/td>\n<\/tr>\n<tr style=\"height: 31px;\">\n<td style=\"text-align: center; height: 31px; width: 49.775%;\"><a href=\"https:\/\/www.symbaloo.com\/mix\/4t3\" target=\"_blank\" rel=\"noopener noreferrer\">Symbaloo CM Matem\u00e0tiques<\/a><\/td>\n<td style=\"text-align: center; height: 31px; width: 48.9652%;\"><a href=\"https:\/\/www.symbaloo.com\/mix\/coneixementdelmedi26\" target=\"_blank\" rel=\"noopener noreferrer\">Symbaloo CM Coneixement del Medi<\/a><\/td>\n<\/tr>\n<\/tbody>\n<\/table>\n<table>\n<tbody>\n<tr>\n<td><a href=\"https:\/\/www.symbaloo.com\/mix\/catala181\" target=\"_blank\" rel=\"noopener noreferrer\"><img loading=\"lazy\" decoding=\"async\" class=\"alignnone wp-image-9287\" src=\"https:\/\/agora.xtec.cat\/ceipelfarell\/wp-content\/uploads\/usu1549\/2020\/03\/CATALA-CS.jpg\" alt=\"\" width=\"449\" height=\"273\" srcset=\"https:\/\/agora.xtec.cat\/ceipelfarell\/wp-content\/uploads\/usu1549\/2020\/03\/CATALA-CS.jpg 913w, https:\/\/agora.xtec.cat\/ceipelfarell\/wp-content\/uploads\/usu1549\/2020\/03\/CATALA-CS-300x182.jpg 300w, https:\/\/agora.xtec.cat\/ceipelfarell\/wp-content\/uploads\/usu1549\/2020\/03\/CATALA-CS-768x466.jpg 768w\" sizes=\"auto, (max-width: 449px) 100vw, 449px\" \/><\/a><\/td>\n<td><a href=\"https:\/\/www.symbaloo.com\/mix\/matematiques315\" target=\"_blank\" rel=\"noopener noreferrer\"><img loading=\"lazy\" decoding=\"async\" class=\"alignnone wp-image-9271\" src=\"https:\/\/agora.xtec.cat\/ceipelfarell\/wp-content\/uploads\/usu1549\/2020\/03\/mates-Cs-1.png\" alt=\"\" width=\"445\" height=\"268\" srcset=\"https:\/\/agora.xtec.cat\/ceipelfarell\/wp-content\/uploads\/usu1549\/2020\/03\/mates-Cs-1.png 915w, https:\/\/agora.xtec.cat\/ceipelfarell\/wp-content\/uploads\/usu1549\/2020\/03\/mates-Cs-1-300x181.png 300w, https:\/\/agora.xtec.cat\/ceipelfarell\/wp-content\/uploads\/usu1549\/2020\/03\/mates-Cs-1-768x463.png 768w\" sizes=\"auto, (max-width: 445px) 100vw, 445px\" \/><\/a><\/td>\n<\/tr>\n<tr>\n<td style=\"text-align: center;\"><a href=\"http:\/\/www.symbaloo.com\/mix\/catala181\" target=\"_blank\" rel=\"noopener noreferrer\">Symbaloo CS Llengua Catalana<\/a><\/td>\n<td style=\"text-align: center;\"><a href=\"https:\/\/www.symbaloo.com\/mix\/matematiques315\" target=\"_blank\" rel=\"noopener noreferrer\">Symbaloo CS Matem\u00e0tiques<\/a><\/td>\n<\/tr>\n<\/tbody>\n<\/table>\n<table>\n<tbody>\n<tr>\n<td><a href=\"https:\/\/www.symbaloo.com\/mix\/elsymbaloodemusica\" target=\"_blank\" rel=\"noopener noreferrer\"><img loading=\"lazy\" decoding=\"async\" class=\"wp-image-9285 aligncenter\" src=\"https:\/\/agora.xtec.cat\/ceipelfarell\/wp-content\/uploads\/usu1549\/2020\/03\/MUSICA.jpg\" alt=\"\" width=\"543\" height=\"326\" srcset=\"https:\/\/agora.xtec.cat\/ceipelfarell\/wp-content\/uploads\/usu1549\/2020\/03\/MUSICA.jpg 915w, https:\/\/agora.xtec.cat\/ceipelfarell\/wp-content\/uploads\/usu1549\/2020\/03\/MUSICA-300x180.jpg 300w, https:\/\/agora.xtec.cat\/ceipelfarell\/wp-content\/uploads\/usu1549\/2020\/03\/MUSICA-768x462.jpg 768w\" sizes=\"auto, (max-width: 543px) 100vw, 543px\" \/><\/a><\/td>\n<\/tr>\n<tr>\n<td style=\"text-align: center;\"><a href=\"https:\/\/www.symbaloo.com\/mix\/elsymbaloodemusica\" target=\"_blank\" rel=\"noopener noreferrer\">Educaci\u00f3 Musical<\/a><\/td>\n<\/tr>\n<\/tbody>\n<\/table>\n<table style=\"height: 72px;\" width=\"562\">\n<tbody>\n<tr style=\"height: 158px;\">\n<td style=\"width: 277px; height: 158px;\"><a href=\"https:\/\/www.symbaloo.com\/shared\/AAAAAmUTtkIAA41_HTVORg==\"><img loading=\"lazy\" decoding=\"async\" class=\"alignnone  wp-image-9563\" src=\"https:\/\/agora.xtec.cat\/ceipelfarell\/wp-content\/uploads\/usu1549\/2020\/04\/Screenshot-2020-04-24-at-16.43.51-1024x619.png\" alt=\"\" width=\"450\" height=\"271\" srcset=\"https:\/\/agora.xtec.cat\/ceipelfarell\/wp-content\/uploads\/usu1549\/2020\/04\/Screenshot-2020-04-24-at-16.43.51-1024x619.png 1024w, https:\/\/agora.xtec.cat\/ceipelfarell\/wp-content\/uploads\/usu1549\/2020\/04\/Screenshot-2020-04-24-at-16.43.51-300x181.png 300w, https:\/\/agora.xtec.cat\/ceipelfarell\/wp-content\/uploads\/usu1549\/2020\/04\/Screenshot-2020-04-24-at-16.43.51-768x464.png 768w, https:\/\/agora.xtec.cat\/ceipelfarell\/wp-content\/uploads\/usu1549\/2020\/04\/Screenshot-2020-04-24-at-16.43.51.png 1832w\" sizes=\"auto, (max-width: 450px) 100vw, 450px\" \/><\/a><\/td>\n<td style=\"width: 277px; height: 158px;\"><a href=\"https:\/\/www.symbaloo.com\/mix\/englishandscience5e\" target=\"_blank\" rel=\"noopener noreferrer\"><img loading=\"lazy\" decoding=\"async\" class=\"alignnone  wp-image-9277\" src=\"https:\/\/agora.xtec.cat\/ceipelfarell\/wp-content\/uploads\/usu1549\/2020\/03\/Screenshot-2020-03-18-at-12.51.50-1024x610.png\" alt=\"\" width=\"454\" height=\"270\" srcset=\"https:\/\/agora.xtec.cat\/ceipelfarell\/wp-content\/uploads\/usu1549\/2020\/03\/Screenshot-2020-03-18-at-12.51.50-1024x610.png 1024w, https:\/\/agora.xtec.cat\/ceipelfarell\/wp-content\/uploads\/usu1549\/2020\/03\/Screenshot-2020-03-18-at-12.51.50-300x179.png 300w, https:\/\/agora.xtec.cat\/ceipelfarell\/wp-content\/uploads\/usu1549\/2020\/03\/Screenshot-2020-03-18-at-12.51.50-768x457.png 768w, https:\/\/agora.xtec.cat\/ceipelfarell\/wp-content\/uploads\/usu1549\/2020\/03\/Screenshot-2020-03-18-at-12.51.50.png 1858w\" sizes=\"auto, (max-width: 454px) 100vw, 454px\" \/><\/a><\/td>\n<\/tr>\n<tr style=\"height: 32px;\">\n<td style=\"width: 277px; height: 32px; text-align: center;\"><a href=\"https:\/\/www.symbaloo.com\/shared\/AAAAAmUTtkIAA41_HTVORg==\" target=\"_blank\" rel=\"noopener noreferrer\">Symbaloo Engilsh &amp; science 4t<\/a><\/td>\n<td style=\"width: 277px; height: 32px; text-align: center;\"><a href=\"https:\/\/www.symbaloo.com\/mix\/englishandscience5e\" target=\"_blank\" rel=\"noopener noreferrer\">Symbaloo English &amp; science 5\u00e8<\/a><\/td>\n<\/tr>\n<\/tbody>\n<\/table>\n<div><\/div>\n<div>Hi han algunes activitats que funcionen millor amb el navegador Mozilla <a href=\"https:\/\/agora.xtec.cat\/ceipelfarell\/wp-content\/uploads\/usu1549\/2020\/03\/baixa.jpg\"><img loading=\"lazy\" decoding=\"async\" class=\"alignnone wp-image-9242\" src=\"https:\/\/agora.xtec.cat\/ceipelfarell\/wp-content\/uploads\/usu1549\/2020\/03\/baixa.jpg\" alt=\"\" width=\"66\" height=\"32\" \/><\/a>,<\/div>\n<div><\/div>\n<div>en canvi altres millor amb el Chrome <a href=\"https:\/\/agora.xtec.cat\/ceipelfarell\/wp-content\/uploads\/usu1549\/2020\/03\/baixa-1.jpg\"><img loading=\"lazy\" decoding=\"async\" class=\"alignnone wp-image-9243\" src=\"https:\/\/agora.xtec.cat\/ceipelfarell\/wp-content\/uploads\/usu1549\/2020\/03\/baixa-1.jpg\" alt=\"\" width=\"35\" height=\"35\" \/>.<\/a><\/div>\n","protected":false},"excerpt":{"rendered":"<p>Taulells de cada nivell amb enlla\u00e7os a p\u00e0gines web interessants que contenen activitats per refor\u00e7ar els continguts que es treballen a l\u2019aula. Recordeu que cal vetllar perqu\u00e8 els infants no estiguin massa hores seguides connectats a les pantalles (televisi\u00f3, tauletes, consola, m\u00f2bil\u2026).Us recomanem crear un horari, conjuntament amb els infants, per poder preveure fer activitats [&hellip;]<\/p>\n","protected":false},"author":1,"featured_media":0,"parent":3852,"menu_order":10,"comment_status":"open","ping_status":"open","template":"","meta":{"_bbp_topic_count":0,"_bbp_reply_count":0,"_bbp_total_topic_count":0,"_bbp_total_reply_count":0,"_bbp_voice_count":0,"_bbp_anonymous_reply_count":0,"_bbp_topic_count_hidden":0,"_bbp_reply_count_hidden":0,"_bbp_forum_subforum_count":0,"site-sidebar-layout":"no-sidebar","site-content-layout":"","ast-site-content-layout":"default","site-content-style":"default","site-sidebar-style":"default","ast-global-header-display":"","ast-banner-title-visibility":"","ast-main-header-display":"","ast-hfb-above-header-display":"","ast-hfb-below-header-display":"","ast-hfb-mobile-header-display":"","site-post-title":"","ast-breadcrumbs-content":"","ast-featured-img":"","footer-sml-layout":"","theme-transparent-header-meta":"default","adv-header-id-meta":"","stick-header-meta":"","header-above-stick-meta":"","header-main-stick-meta":"","header-below-stick-meta":"","astra-migrate-meta-layouts":"set","ast-page-background-enabled":"default","ast-page-background-meta":{"desktop":{"background-color":"var(--ast-global-color-4)","background-image":"","background-repeat":"repeat","background-position":"center center","background-size":"auto","background-attachment":"scroll","background-type":"","background-media":"","overlay-type":"","overlay-color":"","overlay-opacity":"","overlay-gradient":""},"tablet":{"background-color":"","background-image":"","background-repeat":"repeat","background-position":"center center","background-size":"auto","background-attachment":"scroll","background-type":"","background-media":"","overlay-type":"","overlay-color":"","overlay-opacity":"","overlay-gradient":""},"mobile":{"background-color":"","background-image":"","background-repeat":"repeat","background-position":"center center","background-size":"auto","background-attachment":"scroll","background-type":"","background-media":"","overlay-type":"","overlay-color":"","overlay-opacity":"","overlay-gradient":""}},"ast-content-background-meta":{"desktop":{"background-color":"var(--ast-global-color-5)","background-image":"","background-repeat":"repeat","background-position":"center center","background-size":"auto","background-attachment":"scroll","background-type":"","background-media":"","overlay-type":"","overlay-color":"","overlay-opacity":"","overlay-gradient":""},"tablet":{"background-color":"var(--ast-global-color-5)","background-image":"","background-repeat":"repeat","background-position":"center center","background-size":"auto","background-attachment":"scroll","background-type":"","background-media":"","overlay-type":"","overlay-color":"","overlay-opacity":"","overlay-gradient":""},"mobile":{"background-color":"var(--ast-global-color-5)","background-image":"","background-repeat":"repeat","background-position":"center center","background-size":"auto","background-attachment":"scroll","background-type":"","background-media":"","overlay-type":"","overlay-color":"","overlay-opacity":"","overlay-gradient":""}},"footnotes":""},"class_list":["post-3843","page","type-page","status-publish","hentry"],"post_mailing_queue_ids":[],"_links":{"self":[{"href":"https:\/\/agora.xtec.cat\/ceipelfarell\/wp-json\/wp\/v2\/pages\/3843","targetHints":{"allow":["GET"]}}],"collection":[{"href":"https:\/\/agora.xtec.cat\/ceipelfarell\/wp-json\/wp\/v2\/pages"}],"about":[{"href":"https:\/\/agora.xtec.cat\/ceipelfarell\/wp-json\/wp\/v2\/types\/page"}],"author":[{"embeddable":true,"href":"https:\/\/agora.xtec.cat\/ceipelfarell\/wp-json\/wp\/v2\/users\/1"}],"replies":[{"embeddable":true,"href":"https:\/\/agora.xtec.cat\/ceipelfarell\/wp-json\/wp\/v2\/comments?post=3843"}],"version-history":[{"count":8,"href":"https:\/\/agora.xtec.cat\/ceipelfarell\/wp-json\/wp\/v2\/pages\/3843\/revisions"}],"predecessor-version":[{"id":17294,"href":"https:\/\/agora.xtec.cat\/ceipelfarell\/wp-json\/wp\/v2\/pages\/3843\/revisions\/17294"}],"up":[{"embeddable":true,"href":"https:\/\/agora.xtec.cat\/ceipelfarell\/wp-json\/wp\/v2\/pages\/3852"}],"wp:attachment":[{"href":"https:\/\/agora.xtec.cat\/ceipelfarell\/wp-json\/wp\/v2\/media?parent=3843"}],"curies":[{"name":"wp","href":"https:\/\/api.w.org\/{rel}","templated":true}]}}