{"id":5175,"date":"2023-11-11T16:40:24","date_gmt":"2023-11-11T15:40:24","guid":{"rendered":"https:\/\/agora.xtec.cat\/ceipelcucurull\/?page_id=5175"},"modified":"2024-02-10T11:43:46","modified_gmt":"2024-02-10T10:43:46","slug":"carnaval","status":"publish","type":"page","link":"https:\/\/agora.xtec.cat\/ceipelcucurull\/festes\/carnaval\/","title":{"rendered":"Carnaval"},"content":{"rendered":"<p>&nbsp;<\/p>\n<p><a href=\"https:\/\/agora.xtec.cat\/ceipelcucurull\/wp-content\/uploads\/usu398\/2024\/02\/IMG_0715B-scaled.jpg\"><img loading=\"lazy\" decoding=\"async\" class=\"wp-image-5356 alignleft\" src=\"https:\/\/agora.xtec.cat\/ceipelcucurull\/wp-content\/uploads\/usu398\/2024\/02\/IMG_0715B-300x300.jpg\" alt=\"\" width=\"510\" height=\"510\" srcset=\"https:\/\/agora.xtec.cat\/ceipelcucurull\/wp-content\/uploads\/usu398\/2024\/02\/IMG_0715B-300x300.jpg 300w, https:\/\/agora.xtec.cat\/ceipelcucurull\/wp-content\/uploads\/usu398\/2024\/02\/IMG_0715B-1024x1024.jpg 1024w, https:\/\/agora.xtec.cat\/ceipelcucurull\/wp-content\/uploads\/usu398\/2024\/02\/IMG_0715B-150x150.jpg 150w, https:\/\/agora.xtec.cat\/ceipelcucurull\/wp-content\/uploads\/usu398\/2024\/02\/IMG_0715B-768x768.jpg 768w, https:\/\/agora.xtec.cat\/ceipelcucurull\/wp-content\/uploads\/usu398\/2024\/02\/IMG_0715B-1536x1536.jpg 1536w, https:\/\/agora.xtec.cat\/ceipelcucurull\/wp-content\/uploads\/usu398\/2024\/02\/IMG_0715B-2048x2048.jpg 2048w\" sizes=\"auto, (max-width: 510px) 100vw, 510px\" \/><\/a><\/p>\n<p style=\"text-align: justify;\">La setmana de Carnaval \u00e9s una de les m\u00e9s esperades pels nens i nenes de l&#8217;escola. L&#8217;arribo, preparar la disfressa, les ordres, el dijous gras&#8230;, tota la setmana \u00e9s un no parar. Des de l&#8217;escola som conscients i per aix\u00f2 aprofitem aquesta setmana per fer el projecte interdisciplinar a partir d&#8217;un centre d&#8217;inter\u00e8s que escullen els mateixos alumnes i que ens serveix, tamb\u00e9, de tema per la disfressa.<\/p>\n<p style=\"text-align: justify;\">Els lleons, els pirates, l&#8217;espai exterior i els essers mitol\u00f2gics s\u00f3n alguns dels temes que han escollit els vostres fills i filles aquest curs.<\/p>\n<p>&nbsp;<\/p>\n<p>&nbsp;<\/p>\n","protected":false},"excerpt":{"rendered":"<p>&nbsp;<br \/>\n<a href=\"https:\/\/agora.xtec.cat\/ceipelcucurull\/wp-content\/uploads\/usu398\/2024\/02\/IMG_0715B-scaled.jpg\"><\/a><br \/>\nLa setmana de Carnaval \u00e9s una de les m\u00e9s esperades pels nens i nenes de l&#8217;escola. L&#8217;arribo, preparar la disfressa, les ordres, el dijous gras&#8230;, tota la setmana \u00e9s un no parar. Des de l&#8217;escola som conscients i per aix\u00f2 aprofitem aquesta setmana per&hellip;  <a href=\"https:\/\/agora.xtec.cat\/ceipelcucurull\/festes\/carnaval\/\" title=\"Read Carnaval\">Llegeix m\u00e9s\u00bb<\/a><\/p>\n","protected":false},"author":1,"featured_media":0,"parent":87,"menu_order":0,"comment_status":"closed","ping_status":"closed","template":"","meta":{"_bbp_topic_count":0,"_bbp_reply_count":0,"_bbp_total_topic_count":0,"_bbp_total_reply_count":0,"_bbp_voice_count":0,"_bbp_anonymous_reply_count":0,"_bbp_topic_count_hidden":0,"_bbp_reply_count_hidden":0,"_bbp_forum_subforum_count":0,"footnotes":""},"class_list":["post-5175","page","type-page","status-publish","hentry"],"post_mailing_queue_ids":[],"_links":{"self":[{"href":"https:\/\/agora.xtec.cat\/ceipelcucurull\/wp-json\/wp\/v2\/pages\/5175","targetHints":{"allow":["GET"]}}],"collection":[{"href":"https:\/\/agora.xtec.cat\/ceipelcucurull\/wp-json\/wp\/v2\/pages"}],"about":[{"href":"https:\/\/agora.xtec.cat\/ceipelcucurull\/wp-json\/wp\/v2\/types\/page"}],"author":[{"embeddable":true,"href":"https:\/\/agora.xtec.cat\/ceipelcucurull\/wp-json\/wp\/v2\/users\/1"}],"replies":[{"embeddable":true,"href":"https:\/\/agora.xtec.cat\/ceipelcucurull\/wp-json\/wp\/v2\/comments?post=5175"}],"version-history":[{"count":7,"href":"https:\/\/agora.xtec.cat\/ceipelcucurull\/wp-json\/wp\/v2\/pages\/5175\/revisions"}],"predecessor-version":[{"id":5359,"href":"https:\/\/agora.xtec.cat\/ceipelcucurull\/wp-json\/wp\/v2\/pages\/5175\/revisions\/5359"}],"up":[{"embeddable":true,"href":"https:\/\/agora.xtec.cat\/ceipelcucurull\/wp-json\/wp\/v2\/pages\/87"}],"wp:attachment":[{"href":"https:\/\/agora.xtec.cat\/ceipelcucurull\/wp-json\/wp\/v2\/media?parent=5175"}],"curies":[{"name":"wp","href":"https:\/\/api.w.org\/{rel}","templated":true}]}}