{"id":4897,"date":"2023-05-03T12:52:27","date_gmt":"2023-05-03T10:52:27","guid":{"rendered":"https:\/\/agora.xtec.cat\/ceipelcucurull\/?page_id=4897"},"modified":"2023-05-03T13:45:28","modified_gmt":"2023-05-03T11:45:28","slug":"pla-digital-de-centre","status":"publish","type":"page","link":"https:\/\/agora.xtec.cat\/ceipelcucurull\/pla-digital-de-centre\/","title":{"rendered":"Pla digital de centre"},"content":{"rendered":"<p>El Pla d&#8217;educaci\u00f3 digital de Catalunya 2020-2023, presentat pel Departament d&#8217;Educaci\u00f3 en el marc de la XII legislatura, t\u00e9 com a objectiu contribuir al desenvolupament de les compet\u00e8ncies digitals que els ciutadans i les ciutadanes necessiten per viure i treballar en una societat caracteritzada per les transformacions i els canvis accelerats derivats de les mateixes tecnologies. Amb aquest Pla es vol situar Catalunya com un pa\u00eds capdavanter en l&#8217;\u00fas educatiu de la tecnologia per a l&#8217;\u00e8xit educatiu i social, al mateix temps que es pret\u00e9n millorar la compet\u00e8ncia digital de l&#8217;alumnat, el professorat i els centres educatius en el marc de la transformaci\u00f3 educativa.<\/p>\n<p>Objectius<br \/>\n\u2022 Assegurar que els alumnes de Catalunya siguin digitalment competents en acabar l&#8217;ensenyament obligatori.<br \/>\n\u2022 Augmentar el nombre de professorat que tingui la compet\u00e8ncia digital docent entesa com una compet\u00e8ncia clau del segle XXI<br \/>\n\u2022 Teixir una xarxa de pa\u00eds amb centres digitalment transformats que facilitin l&#8217;aprenentatge en el marc de la transformaci\u00f3 educativa.<\/p>\n<p>Avaluaci\u00f3<br \/>\nEs tracta de dur a terme un proc\u00e9s d\u2019avaluaci\u00f3 rigor\u00f3s, basat en i \u2014al mateix temps\u2014 generador d\u2019evid\u00e8ncies, que orienti la presa de decisions i que estigui en l\u00ednia amb el marc de rendiment de comptes, transpar\u00e8ncia i bon govern que promou la Generalitat de Catalunya i, en concret, el Departament d&#8217;Educaci\u00f3.<\/p>\n<p>Els principis que han d&#8217;orientar el proc\u00e9s d&#8217;avaluaci\u00f3 del Pla d&#8217;Educaci\u00f3 digital de Catalunya 2020-2023 s\u00f3n:<\/p>\n<p>Assegurar l&#8217;avaluabilitat del Pla.<br \/>\nIncorporar l&#8217;evid\u00e8ncia disponible d&#8217;altres experi\u00e8ncies similars, sobretot pel que fa a la relaci\u00f3 entre plans educatius digitals i \u00e8xit educatiu, i amb una an\u00e0lisi de les dimensions del seu impacte.<br \/>\nOrientar la millora cont\u00ednua de la intervenci\u00f3 i contribuir a assegurar-ne l&#8217;\u00e8xit.<br \/>\nGenerar coneixement sobre la implementaci\u00f3 del Pla, la seva efici\u00e8ncia i el seu impacte en relaci\u00f3 amb la realitat que es vol canviar i la necessitat que es vol cobrir.<br \/>\nPromoure la difusi\u00f3 dels resultats en format d&#8217;articles d\u2019investigaci\u00f3.<br \/>\nServir l&#8217;Administraci\u00f3 com a model per a futurs projectes i processos d&#8217;avaluaci\u00f3.<\/p>\n<p>Fons europeus Next Generation<br \/>\nEls fons Next Generation estan destinats a transformar els nostres sistemes i crear oportunitats de futur. S\u00f3n fons que requereixen d&#8217;una visi\u00f3 estrat\u00e8gica per tenir un impacte real i a Catalunya se&#8217;ns presenten com una oportunitat per refor\u00e7ar el Pla d&#8217;educaci\u00f3 digital i dotar-lo de m\u00e9s recursos.<\/p>\n<p><a href=\"https:\/\/educacio.gencat.cat\/web\/.content\/home\/departament\/publicacions\/colleccions\/pla-educacio-digital\/pla-educacio-digital-catalunya\/pla-educacio-digital.pdf\" target=\"_blank\" rel=\"noopener\">M\u00c9S INFORMACI\u00d3<\/a><\/p>\n","protected":false},"excerpt":{"rendered":"<p>El Pla d&#8217;educaci\u00f3 digital de Catalunya 2020-2023, presentat pel Departament d&#8217;Educaci\u00f3 en el marc de la XII legislatura, t\u00e9 com a objectiu contribuir al desenvolupament de les compet\u00e8ncies digitals que els ciutadans i les ciutadanes necessiten per viure i treballar en una societat caracteritzada per&hellip;  <a href=\"https:\/\/agora.xtec.cat\/ceipelcucurull\/pla-digital-de-centre\/\" title=\"Read Pla digital de centre\">Llegeix m\u00e9s\u00bb<\/a><\/p>\n","protected":false},"author":1,"featured_media":0,"parent":0,"menu_order":0,"comment_status":"closed","ping_status":"closed","template":"","meta":{"_bbp_topic_count":0,"_bbp_reply_count":0,"_bbp_total_topic_count":0,"_bbp_total_reply_count":0,"_bbp_voice_count":0,"_bbp_anonymous_reply_count":0,"_bbp_topic_count_hidden":0,"_bbp_reply_count_hidden":0,"_bbp_forum_subforum_count":0,"footnotes":""},"class_list":["post-4897","page","type-page","status-publish","hentry"],"post_mailing_queue_ids":[],"_links":{"self":[{"href":"https:\/\/agora.xtec.cat\/ceipelcucurull\/wp-json\/wp\/v2\/pages\/4897","targetHints":{"allow":["GET"]}}],"collection":[{"href":"https:\/\/agora.xtec.cat\/ceipelcucurull\/wp-json\/wp\/v2\/pages"}],"about":[{"href":"https:\/\/agora.xtec.cat\/ceipelcucurull\/wp-json\/wp\/v2\/types\/page"}],"author":[{"embeddable":true,"href":"https:\/\/agora.xtec.cat\/ceipelcucurull\/wp-json\/wp\/v2\/users\/1"}],"replies":[{"embeddable":true,"href":"https:\/\/agora.xtec.cat\/ceipelcucurull\/wp-json\/wp\/v2\/comments?post=4897"}],"version-history":[{"count":2,"href":"https:\/\/agora.xtec.cat\/ceipelcucurull\/wp-json\/wp\/v2\/pages\/4897\/revisions"}],"predecessor-version":[{"id":4946,"href":"https:\/\/agora.xtec.cat\/ceipelcucurull\/wp-json\/wp\/v2\/pages\/4897\/revisions\/4946"}],"wp:attachment":[{"href":"https:\/\/agora.xtec.cat\/ceipelcucurull\/wp-json\/wp\/v2\/media?parent=4897"}],"curies":[{"name":"wp","href":"https:\/\/api.w.org\/{rel}","templated":true}]}}