{"id":28,"date":"2014-09-18T12:29:35","date_gmt":"2014-09-18T12:29:35","guid":{"rendered":"http:\/\/agora.xtec.cat\/ceipelcucurull\/?page_id=28"},"modified":"2026-02-09T17:05:31","modified_gmt":"2026-02-09T16:05:31","slug":"consell-escolar","status":"publish","type":"page","link":"https:\/\/agora.xtec.cat\/ceipelcucurull\/lescola\/consell-escolar\/","title":{"rendered":"Consell escolar"},"content":{"rendered":"<p><strong>Consell Escolar<\/strong><\/p>\n<p>El consell escolar del centre <strong>\u00e9s<\/strong> l&#8217;<strong>\u00f2rgan col\u00b7legiat de participaci\u00f3<\/strong> de la comunitat escolar en el govern del centre. En el consell escolar hi ha representats tots els col\u00b7lectius que intervenen en la comunitat educativa: ajuntament, AMPA, fam\u00edlies, professorat, alumnat, personal d&#8217;administraci\u00f3 i serveis&#8230; \u00c9s molt important la participaci\u00f3 de tots i totes per una millor escola!!!<\/p>\n<p><strong>La funci\u00f3 principal del consell escolar \u00e9s<\/strong> participar en la presa de decisions en relaci\u00f3 amb aquells temes importants per al funcionament i l&#8217;organitzaci\u00f3 del centre: el projecte educatiu, la programaci\u00f3 general, la gesti\u00f3 econ\u00f2mica, etc.<\/p>\n<p><strong>Els membres del consell escolar s\u00f3n<\/strong> elegits per un per\u00edode de quatre anys i es renoven per meitats cada dos anys.<\/p>\n<p><strong>EQUIP DIRECTIU<\/strong><\/p>\n<table>\n<tbody>\n<tr>\n<td width=\"109\">President<\/td>\n<td width=\"359\">Josep M Pi\u00f1ol Cases<\/td>\n<\/tr>\n<tr>\n<td width=\"109\">Cap d\u2019estudis<\/td>\n<td width=\"359\">Maria S\u00f2ria M\u00e8lich<\/td>\n<\/tr>\n<tr>\n<td width=\"109\">Secret\u00e0ria<\/td>\n<td width=\"359\">Bel\u00e9n Gonz\u00e1lez Bricoll\u00e9<\/td>\n<\/tr>\n<\/tbody>\n<\/table>\n<p><strong>REGIDORA O REPRESENTANT AJUNTAMENT<\/strong><\/p>\n<table>\n<tbody>\n<tr>\n<td width=\"109\">Representant<\/td>\n<td style=\"padding-left: 40px; text-align: left;\" width=\"359\">Rosana Dorantes Leal<\/td>\n<\/tr>\n<\/tbody>\n<\/table>\n<p style=\"text-align: left;\"><strong>Sector MESTRES<\/strong><\/p>\n<table>\n<tbody>\n<tr>\n<td width=\"109\">Representant<\/td>\n<td width=\"359\">Sergi Jov\u00e9<\/td>\n<\/tr>\n<tr>\n<td width=\"109\">Representant<\/td>\n<td width=\"359\">Vanesa Torruella<\/td>\n<\/tr>\n<tr>\n<td width=\"109\">Representant<\/td>\n<td width=\"359\">Jessica S\u00e1nchez<\/td>\n<\/tr>\n<tr>\n<td width=\"109\">Representant<\/td>\n<td width=\"359\">Marta Cristi\u00e0<\/td>\n<\/tr>\n<tr>\n<td>Representant<\/td>\n<td>Laia Garcia<\/td>\n<\/tr>\n<\/tbody>\n<\/table>\n<p><strong>Sector de PARE<\/strong><strong>S D&#8217;ALUMNES<\/strong><\/p>\n<table style=\"width: 35.4883%;\">\n<tbody>\n<tr>\n<td style=\"width: 21.762%;\" width=\"137\">Representant AMPA<\/td>\n<td style=\"width: 76.5817%;\" width=\"331\">Susana Villalba\u00a0 Mu\u00f1oz<\/td>\n<\/tr>\n<tr>\n<td style=\"width: 21.762%;\" width=\"137\">Representant<\/td>\n<td style=\"width: 76.5817%;\" width=\"331\">Cristina Gamb\u00edn<\/td>\n<\/tr>\n<tr>\n<td style=\"width: 21.762%;\" width=\"137\">Representant<\/td>\n<td style=\"width: 76.5817%;\" width=\"331\">Marta Garcia<\/td>\n<\/tr>\n<tr>\n<td style=\"width: 21.762%;\" width=\"137\">Representant<\/td>\n<td style=\"width: 76.5817%;\" width=\"331\"><span style=\"background-color: #ffffff;\">David Jim\u00e9nez Benjumea<\/span><\/td>\n<\/tr>\n<tr>\n<td style=\"width: 21.762%;\">Representant<\/td>\n<td style=\"width: 76.5817%;\">M\u00edriam Villalba<\/td>\n<\/tr>\n<\/tbody>\n<\/table>\n<p><strong>Sector de P<\/strong><strong>ERSONAL D&#8217;ADMINISTRACI\u00d3 I SERVEIS (PAS) <\/strong><\/p>\n<table>\n<tbody>\n<tr>\n<td width=\"109\">Representant<\/td>\n<td width=\"359\">Mireia Olivera Fern\u00e1ndez<\/td>\n<\/tr>\n<\/tbody>\n<\/table>\n<p><strong>Sector de P<\/strong><strong>ERSONAL D&#8217;ATENCI\u00d3 EDUCATIVA (PAE)<\/strong><\/p>\n<table>\n<tbody>\n<tr>\n<td width=\"109\">Representant<\/td>\n<td width=\"359\">Ver\u00f2nica Gonz\u00e1lez D\u00edaz<\/td>\n<\/tr>\n<\/tbody>\n<\/table>\n<p><a href=\"https:\/\/agora.xtec.cat\/ceipelcucurull\/wp-content\/uploads\/usu398\/bp-attachments\/2816\/infografia-consell-escolar.pdf\">Funcions del Consell Escolar<\/a><\/p>\n<p><a href=\"https:\/\/agora.xtec.cat\/ceipelcucurull\/wp-content\/uploads\/usu398\/bp-attachments\/2816\/orientacions-representants-pares-mares.pdf\">Orientacions pels representants de les fam\u00edlies<\/a><\/p>\n<p><a href=\"https:\/\/agora.xtec.cat\/ceipelcucurull\/wp-content\/uploads\/usu398\/2025\/01\/Certificat-Consell-Escolar-1_-setembre-2024.pdf\" target=\"_blank\" rel=\"noopener\">Acords Consell 1 (setembre 2024)<\/a><\/p>\n<p><a href=\"https:\/\/agora.xtec.cat\/ceipelcucurull\/wp-content\/uploads\/usu398\/2025\/01\/Certificat-Consell-Escolar-2_-gener-2025.pdf\" target=\"_blank\" rel=\"noopener\">Acords Consell 2 (gener 2025)<\/a><\/p>\n<p><a href=\"https:\/\/agora.xtec.cat\/ceipelcucurull\/wp-content\/uploads\/usu398\/2025\/12\/Certificat-Consell-Escolar-3_juny-2025-signat-4.pdf\" target=\"_blank\" rel=\"noopener\">Acords Consell 3 (juny 2025)<\/a>.<\/p>\n<p><a href=\"https:\/\/agora.xtec.cat\/ceipelcucurull\/wp-content\/uploads\/usu398\/2025\/12\/Acta-Certificat-CE-1_octubre-de-2025.pdf\" target=\"_blank\" rel=\"noopener\">Acords Consell 1 (octubre 2025)<\/a><\/p>\n<p><a href=\"https:\/\/agora.xtec.cat\/ceipelcucurull\/wp-content\/uploads\/usu398\/2025\/12\/Acta-Certificat-CE-2_novembre-de-2025.pdf\" target=\"_blank\" rel=\"noopener\">Acords Consell 2 (novembre 2025)<\/a><\/p>\n<p><a href=\"https:\/\/agora.xtec.cat\/ceipelcucurull\/wp-content\/uploads\/usu398\/2025\/12\/Acta-Certificat-CE-3_novembre-de-2025.pdf\" target=\"_blank\" rel=\"noopener\">Acords Consell 3 (novembre 2025)<\/a><\/p>\n<p><a href=\"https:\/\/agora.xtec.cat\/ceipelcucurull\/wp-content\/uploads\/usu398\/2026\/02\/Acta-web-Certificat-CE-4_gener-de-2026.pdf\" target=\"_blank\" rel=\"noopener\">Acords Consell 4 (gener 2026)<\/a><\/p>\n","protected":false},"excerpt":{"rendered":"<p>Consell Escolar<br \/>\nEl consell escolar del centre \u00e9s l&#8217;\u00f2rgan col\u00b7legiat de participaci\u00f3 de la comunitat escolar en el govern del centre. En el consell escolar hi ha representats tots els col\u00b7lectius que intervenen en la comunitat educativa: ajuntament, AMPA, fam\u00edlies, professorat, alumnat, personal d&#8217;administraci\u00f3 i serveis&#8230;&hellip;  <a href=\"https:\/\/agora.xtec.cat\/ceipelcucurull\/lescola\/consell-escolar\/\" title=\"Read Consell escolar\">Llegeix m\u00e9s\u00bb<\/a><\/p>\n","protected":false},"author":4,"featured_media":0,"parent":22,"menu_order":30,"comment_status":"closed","ping_status":"closed","template":"page-templates\/side-menu.php","meta":{"_bbp_topic_count":0,"_bbp_reply_count":0,"_bbp_total_topic_count":0,"_bbp_total_reply_count":0,"_bbp_voice_count":0,"_bbp_anonymous_reply_count":0,"_bbp_topic_count_hidden":0,"_bbp_reply_count_hidden":0,"_bbp_forum_subforum_count":0,"footnotes":""},"class_list":["post-28","page","type-page","status-publish","hentry"],"post_mailing_queue_ids":[],"_links":{"self":[{"href":"https:\/\/agora.xtec.cat\/ceipelcucurull\/wp-json\/wp\/v2\/pages\/28","targetHints":{"allow":["GET"]}}],"collection":[{"href":"https:\/\/agora.xtec.cat\/ceipelcucurull\/wp-json\/wp\/v2\/pages"}],"about":[{"href":"https:\/\/agora.xtec.cat\/ceipelcucurull\/wp-json\/wp\/v2\/types\/page"}],"author":[{"embeddable":true,"href":"https:\/\/agora.xtec.cat\/ceipelcucurull\/wp-json\/wp\/v2\/users\/4"}],"replies":[{"embeddable":true,"href":"https:\/\/agora.xtec.cat\/ceipelcucurull\/wp-json\/wp\/v2\/comments?post=28"}],"version-history":[{"count":8,"href":"https:\/\/agora.xtec.cat\/ceipelcucurull\/wp-json\/wp\/v2\/pages\/28\/revisions"}],"predecessor-version":[{"id":5567,"href":"https:\/\/agora.xtec.cat\/ceipelcucurull\/wp-json\/wp\/v2\/pages\/28\/revisions\/5567"}],"up":[{"embeddable":true,"href":"https:\/\/agora.xtec.cat\/ceipelcucurull\/wp-json\/wp\/v2\/pages\/22"}],"wp:attachment":[{"href":"https:\/\/agora.xtec.cat\/ceipelcucurull\/wp-json\/wp\/v2\/media?parent=28"}],"curies":[{"name":"wp","href":"https:\/\/api.w.org\/{rel}","templated":true}]}}