{"id":2490,"date":"2018-04-01T00:29:21","date_gmt":"2018-03-31T22:29:21","guid":{"rendered":"http:\/\/agora.xtec.cat\/ceipelcucurull\/?page_id=2490"},"modified":"2023-11-10T16:21:27","modified_gmt":"2023-11-10T15:21:27","slug":"projecte-linguistic","status":"publish","type":"page","link":"https:\/\/agora.xtec.cat\/ceipelcucurull\/projecte-educatiu-de-centre-pec\/projecte-linguistic\/","title":{"rendered":"Projecte ling\u00fc\u00edstic de centre"},"content":{"rendered":"<p>El <strong>PROJECTE LING\u00dc\u00cdSTIC<\/strong> DEL CENTRE \u00e9s l\u2019instrument que permet assolir els objectius generals referents a la compet\u00e8ncia ling\u00fc\u00edstica que defineix la normativa vigent<br \/>\n<strong>OBJECTIUS GENERALS<\/strong> del sistema educatiu:<br \/>\n1. Garantir, en acabar l\u2019educaci\u00f3 obligat\u00f2ria, el domini equivalent de les lleng\u00fces oficials (B2 al final de l\u2019ESO i C1 al final del batxillerat).<br \/>\n2. Garantir un grau de compet\u00e8ncia suficient en una o dues lleng\u00fces estrangeres (B1 al final de l\u2019ESO i B2 al final del batxillerat de la primera llengua estrangera).<br \/>\n3. Recon\u00e8ixer i fer presents a les aules i als centres les lleng\u00fces familiars dels alumnes d\u2019origen estranger i facilitar-ne l\u2019aprenentatge.<br \/>\n4. Capacitar els alumnes per conviure en una societat multiling\u00fce i multicultural.<br \/>\n5. Refor\u00e7ar el paper de la llengua catalana com a llengua vehicular del sistema educatiu i potenciar-ne l\u2019\u00fas per part de l\u2019alumnat.<br \/>\n6. Garantir l\u2019acollida i l\u2019atenci\u00f3 ling\u00fc\u00edstica de l\u2019alumnat nouvingut, i la seva integraci\u00f3 a l\u2019aula ordin\u00e0ria.<\/p>\n<p>En aquest enlla\u00e7 podem trobar el projecte ling\u00fc\u00edstic del centre que forma part del PEC.<\/p>\n<p><a href=\"https:\/\/agora.xtec.cat\/ceipelcucurull\/wp-content\/uploads\/usu398\/2019\/06\/Projecte-ling\u00fc\u00edstic-juny_18-19_ok.pdf\">PROJECTE LING\u00dc\u00cdSTIC (juny 2019)<\/a><\/p>\n","protected":false},"excerpt":{"rendered":"<p>El PROJECTE LING\u00dc\u00cdSTIC DEL CENTRE \u00e9s l\u2019instrument que permet assolir els objectius generals referents a la compet\u00e8ncia ling\u00fc\u00edstica que defineix la normativa vigent<br \/>\nOBJECTIUS GENERALS del sistema educatiu:<br \/>\n1. Garantir, en acabar l\u2019educaci\u00f3 obligat\u00f2ria, el domini equivalent de les lleng\u00fces oficials (B2 al final de l\u2019ESO i&hellip;  <a href=\"https:\/\/agora.xtec.cat\/ceipelcucurull\/projecte-educatiu-de-centre-pec\/projecte-linguistic\/\" title=\"Read Projecte ling\u00fc\u00edstic de centre\">Llegeix m\u00e9s\u00bb<\/a><\/p>\n","protected":false},"author":4,"featured_media":0,"parent":2491,"menu_order":0,"comment_status":"closed","ping_status":"closed","template":"","meta":{"_bbp_topic_count":0,"_bbp_reply_count":0,"_bbp_total_topic_count":0,"_bbp_total_reply_count":0,"_bbp_voice_count":0,"_bbp_anonymous_reply_count":0,"_bbp_topic_count_hidden":0,"_bbp_reply_count_hidden":0,"_bbp_forum_subforum_count":0,"footnotes":""},"class_list":["post-2490","page","type-page","status-publish","hentry"],"post_mailing_queue_ids":[],"_links":{"self":[{"href":"https:\/\/agora.xtec.cat\/ceipelcucurull\/wp-json\/wp\/v2\/pages\/2490","targetHints":{"allow":["GET"]}}],"collection":[{"href":"https:\/\/agora.xtec.cat\/ceipelcucurull\/wp-json\/wp\/v2\/pages"}],"about":[{"href":"https:\/\/agora.xtec.cat\/ceipelcucurull\/wp-json\/wp\/v2\/types\/page"}],"author":[{"embeddable":true,"href":"https:\/\/agora.xtec.cat\/ceipelcucurull\/wp-json\/wp\/v2\/users\/4"}],"replies":[{"embeddable":true,"href":"https:\/\/agora.xtec.cat\/ceipelcucurull\/wp-json\/wp\/v2\/comments?post=2490"}],"version-history":[{"count":5,"href":"https:\/\/agora.xtec.cat\/ceipelcucurull\/wp-json\/wp\/v2\/pages\/2490\/revisions"}],"predecessor-version":[{"id":5123,"href":"https:\/\/agora.xtec.cat\/ceipelcucurull\/wp-json\/wp\/v2\/pages\/2490\/revisions\/5123"}],"up":[{"embeddable":true,"href":"https:\/\/agora.xtec.cat\/ceipelcucurull\/wp-json\/wp\/v2\/pages\/2491"}],"wp:attachment":[{"href":"https:\/\/agora.xtec.cat\/ceipelcucurull\/wp-json\/wp\/v2\/media?parent=2490"}],"curies":[{"name":"wp","href":"https:\/\/api.w.org\/{rel}","templated":true}]}}