{"id":1743,"date":"2017-12-23T18:09:52","date_gmt":"2017-12-23T17:09:52","guid":{"rendered":"http:\/\/agora.xtec.cat\/ceipelcastellot\/?page_id=1743"},"modified":"2020-08-14T13:00:57","modified_gmt":"2020-08-14T11:00:57","slug":"discovering-europe","status":"publish","type":"page","link":"https:\/\/agora.xtec.cat\/ceipelcastellot\/projecte-educatiu-2\/erasmus\/discovering-europe\/","title":{"rendered":"E+ KA2 Discovering Europe 2014-2017"},"content":{"rendered":"<table>\n<tbody>\n<tr>\n<td><a href=\"https:\/\/agora.xtec.cat\/ceipelcastellot\/wp-content\/uploads\/usu543\/2020\/03\/logo-castellot.png\"><img loading=\"lazy\" decoding=\"async\" class=\"alignnone wp-image-6109\" src=\"https:\/\/agora.xtec.cat\/ceipelcastellot\/wp-content\/uploads\/usu543\/2020\/03\/logo-castellot.png\" alt=\"\" width=\"243\" height=\"237\" \/><\/a><\/td>\n<td><img loading=\"lazy\" decoding=\"async\" class=\"wp-image-6078 aligncenter\" src=\"https:\/\/agora.xtec.cat\/ceipelcastellot\/wp-content\/uploads\/usu543\/2020\/03\/logo_new3.png\" alt=\"\" width=\"360\" height=\"277\" srcset=\"https:\/\/agora.xtec.cat\/ceipelcastellot\/wp-content\/uploads\/usu543\/2020\/03\/logo_new3.png 1010w, https:\/\/agora.xtec.cat\/ceipelcastellot\/wp-content\/uploads\/usu543\/2020\/03\/logo_new3-300x230.png 300w, https:\/\/agora.xtec.cat\/ceipelcastellot\/wp-content\/uploads\/usu543\/2020\/03\/logo_new3-768x590.png 768w\" sizes=\"auto, (max-width: 360px) 100vw, 360px\" \/><\/td>\n<td><img loading=\"lazy\" decoding=\"async\" class=\"wp-image-6099 alignright\" src=\"https:\/\/agora.xtec.cat\/ceipelcastellot\/wp-content\/uploads\/usu543\/2020\/03\/cofunded_logo-1-1024x292.jpg\" alt=\"\" width=\"369\" height=\"105\" srcset=\"https:\/\/agora.xtec.cat\/ceipelcastellot\/wp-content\/uploads\/usu543\/2020\/03\/cofunded_logo-1-1024x292.jpg 1024w, https:\/\/agora.xtec.cat\/ceipelcastellot\/wp-content\/uploads\/usu543\/2020\/03\/cofunded_logo-1-300x86.jpg 300w, https:\/\/agora.xtec.cat\/ceipelcastellot\/wp-content\/uploads\/usu543\/2020\/03\/cofunded_logo-1-768x219.jpg 768w, https:\/\/agora.xtec.cat\/ceipelcastellot\/wp-content\/uploads\/usu543\/2020\/03\/cofunded_logo-1.jpg 1964w\" sizes=\"auto, (max-width: 369px) 100vw, 369px\" \/><\/td>\n<\/tr>\n<\/tbody>\n<\/table>\n<p>&nbsp;<\/p>\n<p><strong style=\"font-family: inherit; font-size: 1em;\">Discovering Europe<\/strong><span style=\"font-family: inherit; font-size: 1em;\"> fou el primer projecte <\/span><strong style=\"font-family: inherit; font-size: 1em;\">Erasmus+<\/strong><span style=\"font-family: inherit; font-size: 1em;\"> en qu\u00e8 va participar la nostra escola.\u00a0 Es tracta d&#8217;una projecte europeu, una associaci\u00f3 estrat\u00e8gica formada per 10 socis, finan\u00e7at per la Comissi\u00f3 Europea en el marc dels programes Erasmus+ (KA201).\u00a0 <\/span><span style=\"font-family: inherit; font-size: 1em;\">Coordinats pel centre de Pol\u00f2nia, i juntament amb els nostres socis a Gr\u00e8cia, els Pa\u00efsos Baixos, Alemanya, Finl\u00e0ndia, Romania, It\u00e0lia, Eslov\u00e8nia i el R<\/span>egne Unit, vam treballar plegats durant 3 cursos (2014-2017) amb tres objectius principals:<\/p>\n<ul>\n<li><span style=\"font-family: inherit; font-size: 1em;\">Fomentar l&#8217;autonomia del nostre alumnat com a aprenents, i el treball cooperatiu<\/span><\/li>\n<li>Promoure un \u00fas m\u00e9s intensiu i eficient de les TIC (Tecnologies de la informaci\u00f3 i la comunicaci\u00f3)<\/li>\n<li>Millorar la compet\u00e8ncia ling\u00fc\u00edstica en llengua estrangera de l&#8217;alumnat i el professorat participant<\/li>\n<\/ul>\n<p>Aquest projecte fou seleccionat com a <strong>Bona pr\u00e0ctica<\/strong> i <strong>Hist\u00f2ria d&#8217;\u00e8xit<\/strong> per la Comissi\u00f3 Europea, tal com es veu en la <a href=\"https:\/\/ec.europa.eu\/programmes\/erasmus-plus\/projects\/eplus-project-details\/#project\/2014-1-PL01-KA201-002907\">Plataforma de Resultats, <\/a>i fou mereixedor del <strong>Segell de Qualitat eTwinning <\/strong>que atorga el Ministerio de Educaci\u00f3n y Formaci\u00f3n Profesional.<\/p>\n<p>Les <strong>activitats<\/strong> del projecte Discovering Europe s&#8217;engloben en 3 eixos:<\/p>\n<ol>\n<li><strong>TEACH &amp; LEARN<\/strong><\/li>\n<\/ol>\n<p>Aquestes activitats estan directament relacionades amb diferents \u00e0rees curriculars, i es basen en la metodologia de les webquest.\u00a0 En el nostre cas, vam fer webquests modificades, en qu\u00e8 cada escola havia de completar dues tasques:\u00a0 -en un primer moment, l&#8217;alumnat de cada centre havia de fer una cerca d&#8217;informaci\u00f3 sobre el tema proposat a la webquest, amb la finalitat de compartir-la en un web amb la resta de participants de totes les escoles.<\/p>\n<ul>\n<li>Acabat el termini de la tasca 1, quan tothom havia publicat un contingut, comen\u00e7ava la tasca 2: Per equips, l&#8217;alumnat accedeix als continguts publicats al web, i tria el que prefereix per a fer la tasca 2.<\/li>\n<li>Aquesta segona tasca t\u00e9 un car\u00e0cter pr\u00e0ctic, implica un resultat tangible i cal realitzar-la en grup.<\/li>\n<\/ul>\n<p>Vam realitzar dues webquests cada curs, en total 6, que es van recollir al nostre <a href=\"https:\/\/twinspace.etwinning.net\/543\/pages\/page\/4373\">Twinspace<\/a>. S\u00f3n aquestes:<\/p>\n<p><span style=\"font-size: medium;\"><a href=\"http:\/\/webquestamazingeurope.weebly.com\/\" target=\"_blank\" rel=\"noopener noreferrer\">AMAZING EUROPE<\/a> (curs 14-15).\u00a0 Webquest per a con\u00e8ixer els diferents pa\u00efsos participants.\u00a0 Resultat: Exposici\u00f3 de murals i un Quiz a cada escola<br \/>\n<\/span><\/p>\n<p><span style=\"font-size: medium;\"><a href=\"http:\/\/traditionalsongs.weebly.com\/\" target=\"_blank\" rel=\"noopener noreferrer\">TRADITIONAL SONGS OF EUROPE <\/a>(curs 14-15). Enregistrament de can\u00e7ons tradicionals.\u00a0 Resultat: Concert amb can\u00e7ons tradicionals tradu\u00efdes a L1<\/span><\/p>\n<p><span style=\"font-size: medium;\"><a href=\"http:\/\/historicalcomicbook.weebly.com\/\" target=\"_blank\" rel=\"noopener noreferrer\">COMIC (HI)STORIES<\/a> (curs 15-16). Publicaci\u00f3 d&#8217;episodis hist\u00f2rics rellevants. Resultat: Recull de c\u00f2mics sobre moments hist\u00f2rics dels diferents pa\u00efsos.<\/span><\/p>\n<p><span style=\"font-size: medium;\"><a href=\"http:\/\/theartofbuilding-webquest.weebly.com\/\" target=\"_blank\" rel=\"noopener noreferrer\">THE ART OF BUILDING<\/a> (curs 15-16). Estudi i publicaci\u00f3 de les caracter\u00edstiques d&#8217;edificis de cada pa\u00eds.\u00a0 Resultat: Exposici\u00f3 de maquetes a cada escola.<\/span><\/p>\n<p><span style=\"font-size: medium;\"><a href=\"http:\/\/folktalesinpuppettheatre.weebly.com\/\" target=\"_blank\" rel=\"noopener noreferrer\">FOLK TALES IN PUPPET THEATRE<\/a> (curs 16-17). Selecci\u00f3 i publicaci\u00f3 de contes tradicionals. Resultat: Representacions amb titelles a cada escola.<br \/>\n<\/span><\/p>\n<p><span style=\"font-size: medium;\"><a href=\"http:\/\/treasurehunt-2017.weebly.com\/\" target=\"_blank\" rel=\"noopener noreferrer\">TREASURE HUNT<\/a> &#8211; Our national parks (curs 16-17). Descripci\u00f3 de parcs nacionals\/naturals de cada pa\u00eds. Resultat: Exposici\u00f3 de p\u00f3sters a cada escola.<\/span><\/p>\n<p><strong>2. CONNECT &amp; PLAY<\/strong>\u00a0 Aquestes activitats tenen un car\u00e0cter m\u00e9s l\u00fadic, i permeten a l&#8217;alumnat participar-hi d&#8217;una manera m\u00e9s lliure tant a l&#8217;escola com a casa, a trav\u00e9s de la plataforma eTwinning.\u00a0 El projecte inclou dues propostes d&#8217;activitat &#8220;Connect&amp;Play&#8221; cada curs.\u00a0 Exemples d&#8217;aquestes activitats s\u00f3n &#8220;Who is who&#8221;, en qu\u00e8 es proposa relacionar imatges i descripcions dels participants; &#8220;My perfect holidays&#8221;, amb entrevistes online entre l&#8217;alumnat de diferents centres.\u00a0 Trobareu totes aquestes activitats al nostre Twinspace (men\u00fa Pages): <a href=\"https:\/\/twinspace.etwinning.net\/543\/home\">https:\/\/twinspace.etwinning.net\/543\/home<\/a><\/p>\n<p><strong>3. LEARNING MEETINGS<\/strong><\/p>\n<p>Durant els tres cursos de durada del projecte es va realitzar una trobada a cadascun dels 10 centres participants, amb la participaci\u00f3 de l&#8217;alumnat i professorat dels 10 pa\u00efsos:<\/p>\n<table>\n<tbody>\n<tr>\n<td>Curs 2014-15<\/td>\n<td>Curs 2015-16<\/td>\n<td>Curs 2016-17<\/td>\n<\/tr>\n<tr>\n<td>Desembre 2014- Krize &#8211; Eslov\u00e8nia (coords.)<\/p>\n<p>Mar\u00e7 2015 &#8211; Gliwice &#8211; Pol\u00f2nia<\/p>\n<p>Maig 2015 &#8211; Amersfoort &#8211; Pa\u00efsos Baixos<\/td>\n<td>Octubre 2015- Dinkelscherben &#8211; Alemanya<\/p>\n<p>Desembre 2015 &#8211; Patras &#8211; Gr\u00e8cia<\/p>\n<p>Mar\u00e7 2016 &#8211; Sassari, Sardenya &#8211; It\u00e0lia<\/p>\n<p>Maig 2016 &#8211; Pielavesi &#8211; Finl\u00e0ndia<\/td>\n<td>Octubre 2017 &#8211; Norwich &#8211; UK<\/p>\n<p>Mar\u00e7 2017 &#8211; La M\u00fania &#8211; Catalunya<\/p>\n<p>Maig 2017 &#8211; Cluj-Napoca &#8211; Romania<\/td>\n<\/tr>\n<\/tbody>\n<\/table>\n<p>Cada escola seleccionava un grup d&#8217;entre 3 i 5 alumnes per participar a cada trobada, acompanyats de dos professors.\u00a0 Cada escola amfitriona rebia un grup d&#8217;entre 27 i 35 alumnes d&#8217;entre 11 i 13 anys acompanyats d&#8217;un total de 18 professors.\u00a0 L&#8217;escola afmitriona s&#8217;encarregava de l&#8217;organitzaci\u00f3 d&#8217;activitats d&#8217;aprenentatge amb l&#8217;objectiu de con\u00e8ixer aspectes del pa\u00eds acollidor i la seva cultura, sempre treballant amb metodologies col\u00b7laboratives i fomentant l&#8217;autonomia de l&#8217;alumnat.\u00a0 En el nostre cas l&#8217;alumnat participant ha estat seleccionat entre l&#8217;alumnat de 6\u00e8 de cadascun dels tres cursos.\u00a0 Un total de 28 alumnes i 7 professors diferents van participar en les trobades presencials d&#8217;aquest projecte.<\/p>\n<p>La participaci\u00f3 en aquest projecte fou molt ben valorada per tots els centres participants, i de fet va ser un punt d&#8217;inici per a futures col\u00b7laboracions en altres projectes Erasmus+, com el KA2 &#8220;Learning with the Arts&#8221; (2017-2019), el KA1 &#8220;Aprendre a cooperar i cooperar per aprendre al S.XX1&#8221; (2018-2019), i el KA2 &#8220;TELE: Towards Effective Language Education&#8221; (2019-2021).<\/p>\n<p><strong>ALTRES ENLLA\u00c7OS<\/strong><\/p>\n<p><a href=\"https:\/\/sites.google.com\/site\/escolaelcastellot2\/projectes-europeus\/trobada-erasmus\" target=\"_blank\" rel=\"noopener noreferrer\"><strong>TROBADA ERASMUS +<\/strong><\/a><em><br \/>\n<\/em><\/p>\n<p><a href=\"http:\/\/elcastellotprojectes.weebly.com\/\" target=\"_blank\" rel=\"noopener noreferrer\">http:\/\/elcastellotprojectes.weebly.com\/<\/a><\/p>\n<p><a href=\"http:\/\/folktalesinpuppettheatre.weebly.com\/\" target=\"_blank\" rel=\"noopener noreferrer\">http:\/\/folktalesinpuppettheatre.weebly.com\/<\/a><\/p>\n<p><a href=\"http:\/\/www.rtvvilafranca.cat\/2017\/03\/lescola-munia-damfitriona-projecte-erasmus-discovering-europe\/\" target=\"_blank\" rel=\"noopener noreferrer\">http:\/\/www.rtvvilafranca.cat\/2017\/03\/lescola-munia-damfitriona-projecte-erasmus-discovering-europe\/<\/a><\/p>\n<p><a href=\"http:\/\/amazingeuropecatalonia.weebly.com\/\" target=\"_blank\" rel=\"noopener noreferrer\">http:\/\/amazingeuropecatalonia.weebly.com\/<\/a><\/p>\n<p><iframe loading=\"lazy\" src=\"https:\/\/player.vimeo.com\/video\/214650687\" width=\"640\" height=\"469\" frameborder=\"0\"><\/iframe><\/p>\n<p><a href=\"https:\/\/vimeo.com\/214650687\">opening_ceremony<\/a> from <a href=\"https:\/\/vimeo.com\/user9737455\">Castellot<\/a> on <a href=\"https:\/\/vimeo.com\">Vimeo<\/a>.<\/p>\n<p><iframe loading=\"lazy\" src=\"https:\/\/player.vimeo.com\/video\/222166404\" width=\"640\" height=\"359\" frameborder=\"0\"><\/iframe><\/p>\n<p><a href=\"https:\/\/vimeo.com\/222166404\">Closing<\/a> from <a href=\"https:\/\/vimeo.com\/user9737455\">Castellot<\/a> on <a href=\"https:\/\/vimeo.com\">Vimeo<\/a>.<\/p>\n<p><iframe loading=\"lazy\" src=\"https:\/\/player.vimeo.com\/video\/222653224\" width=\"640\" height=\"358\" frameborder=\"0\"><\/iframe><\/p>\n<p><a href=\"https:\/\/vimeo.com\/222653224\">parents evening<\/a> from <a href=\"https:\/\/vimeo.com\/user9737455\">Castellot<\/a> on <a href=\"https:\/\/vimeo.com\">Vimeo<\/a>.<\/p>\n<p style=\"text-align: center;\"><img loading=\"lazy\" decoding=\"async\" class=\"aligncenter size-full wp-image-2143\" src=\"http:\/\/agora.xtec.cat\/ceipelcastellot\/wp-content\/uploads\/usu543\/2018\/02\/segell_etwinning.jpg\" alt=\"\" width=\"448\" height=\"321\" srcset=\"https:\/\/agora.xtec.cat\/ceipelcastellot\/wp-content\/uploads\/usu543\/2018\/02\/segell_etwinning.jpg 448w, https:\/\/agora.xtec.cat\/ceipelcastellot\/wp-content\/uploads\/usu543\/2018\/02\/segell_etwinning-300x215.jpg 300w\" sizes=\"auto, (max-width: 448px) 100vw, 448px\" \/><\/p>\n","protected":false},"excerpt":{"rendered":"<p><a href=\"https:\/\/agora.xtec.cat\/ceipelcastellot\/wp-content\/uploads\/usu543\/2020\/03\/logo-castellot.png\"><\/a><\/p>\n<p>&nbsp;<br \/>\nDiscovering Europe fou el primer projecte Erasmus+ en qu\u00e8 va participar la nostra escola.\u00a0 Es tracta d&#8217;una projecte europeu, una associaci\u00f3 estrat\u00e8gica formada per 10 socis, finan\u00e7at per la Comissi\u00f3 Europea en el marc dels programes Erasmus+ (KA201).\u00a0 Coordinats pel centre de Pol\u00f2nia, i&hellip;  <a href=\"https:\/\/agora.xtec.cat\/ceipelcastellot\/projecte-educatiu-2\/erasmus\/discovering-europe\/\" title=\"Read E+ KA2 Discovering Europe 2014-2017\">Llegeix m\u00e9s\u00bb<\/a><\/p>\n","protected":false},"author":1,"featured_media":0,"parent":530,"menu_order":4,"comment_status":"closed","ping_status":"closed","template":"page-templates\/side-menu.php","meta":{"_bbp_topic_count":0,"_bbp_reply_count":0,"_bbp_total_topic_count":0,"_bbp_total_reply_count":0,"_bbp_voice_count":0,"_bbp_anonymous_reply_count":0,"_bbp_topic_count_hidden":0,"_bbp_reply_count_hidden":0,"_bbp_forum_subforum_count":0,"footnotes":""},"class_list":["post-1743","page","type-page","status-publish","hentry"],"post_mailing_queue_ids":[],"_links":{"self":[{"href":"https:\/\/agora.xtec.cat\/ceipelcastellot\/wp-json\/wp\/v2\/pages\/1743","targetHints":{"allow":["GET"]}}],"collection":[{"href":"https:\/\/agora.xtec.cat\/ceipelcastellot\/wp-json\/wp\/v2\/pages"}],"about":[{"href":"https:\/\/agora.xtec.cat\/ceipelcastellot\/wp-json\/wp\/v2\/types\/page"}],"author":[{"embeddable":true,"href":"https:\/\/agora.xtec.cat\/ceipelcastellot\/wp-json\/wp\/v2\/users\/1"}],"replies":[{"embeddable":true,"href":"https:\/\/agora.xtec.cat\/ceipelcastellot\/wp-json\/wp\/v2\/comments?post=1743"}],"version-history":[{"count":3,"href":"https:\/\/agora.xtec.cat\/ceipelcastellot\/wp-json\/wp\/v2\/pages\/1743\/revisions"}],"predecessor-version":[{"id":8163,"href":"https:\/\/agora.xtec.cat\/ceipelcastellot\/wp-json\/wp\/v2\/pages\/1743\/revisions\/8163"}],"up":[{"embeddable":true,"href":"https:\/\/agora.xtec.cat\/ceipelcastellot\/wp-json\/wp\/v2\/pages\/530"}],"wp:attachment":[{"href":"https:\/\/agora.xtec.cat\/ceipelcastellot\/wp-json\/wp\/v2\/media?parent=1743"}],"curies":[{"name":"wp","href":"https:\/\/api.w.org\/{rel}","templated":true}]}}