{"id":11103,"date":"2025-01-11T11:57:04","date_gmt":"2025-01-11T10:57:04","guid":{"rendered":"https:\/\/agora.xtec.cat\/ceipelcastellot\/?page_id=11103"},"modified":"2025-12-04T23:22:27","modified_gmt":"2025-12-04T22:22:27","slug":"epsap-escola-saludable-alt-penedes","status":"publish","type":"page","link":"https:\/\/agora.xtec.cat\/ceipelcastellot\/projecte-educatiu-2\/epsap-escola-saludable-alt-penedes\/","title":{"rendered":"EPSAP (Escola Saludable Alt Pened\u00e8s)"},"content":{"rendered":"<p><a href=\"https:\/\/serveiseducatius.xtec.cat\/altpenedes\/categoria\/epsap\/\"><strong>Escola Promotora de Salut de l\u2019Alt Pened\u00e8s (EPSAP)<\/strong>\u00a0<\/a>\u00e9s un projecte que neix fruit del treball en xarxa entre diferents agents educatius i sanitaris del Pened\u00e8s (Departament d\u2019Ensenyament, Departament de Salut, Consell Catal\u00e0 de l\u2019Esport i l\u2019Ajuntament de Vilafranca del Pened\u00e8s).<\/p>\n<p>L\u2019objectiu \u00e9s fomentar h\u00e0bits saludables: alimentaci\u00f3 saludable, vida activa, promoci\u00f3 de l\u2019activitat f\u00edsica\u2026 a trav\u00e9s d\u2019activitats a l\u2019escola i recomanacions als infants i a les fam\u00edlies.<\/p>\n<p><img loading=\"lazy\" decoding=\"async\" class=\"size-full wp-image-11105 alignright\" src=\"https:\/\/agora.xtec.cat\/ceipelcastellot\/wp-content\/uploads\/usu543\/2025\/01\/epsap_logo-150x150-1.jpg\" alt=\"\" width=\"150\" height=\"150\" \/><\/p>\n<p>Activitats i accions que fem com a escola promotora de la salut:<\/p>\n<ul>\n<li><a href=\"https:\/\/agora.xtec.cat\/ceipelcastellot\/projecte-educatiu-2\/epsap-escola-saludable-alt-penedes\/ambit-alimentacio-saludable\/\"><strong>\u00c0mbit Alimentaci\u00f3 Saludable<\/strong><\/a><\/li>\n<li><a href=\"https:\/\/agora.xtec.cat\/ceipelcastellot\/projecte-educatiu-2\/epsap-escola-saludable-alt-penedes\/ambit-esportiu\/\"><strong>\u00c0mbit Esportiu<\/strong><\/a><\/li>\n<li><a href=\"https:\/\/agora.xtec.cat\/ceipelcastellot\/projecte-educatiu-2\/epsap-escola-saludable-alt-penedes\/ambit-medi-ambient\/\"><strong>\u00c0mbit Medi Ambient<\/strong><\/a><\/li>\n<li><a href=\"https:\/\/agora.xtec.cat\/ceipelcastellot\/projecte-educatiu-2\/epsap-escola-saludable-alt-penedes\/ambit-educacio-sexual-i-emocional\/\"><strong>\u00c0mbit Educaci\u00f3 Sexual i Emocional<\/strong><\/a><\/li>\n<li><a href=\"https:\/\/agora.xtec.cat\/ceipelcastellot\/projecte-educatiu-2\/epsap-escola-saludable-alt-penedes\/ambit-comunitari\/\"><strong>\u00c0mbit Comunitari<\/strong><\/a><\/li>\n<\/ul>\n<p><a href=\"https:\/\/agora.xtec.cat\/ceipelcastellot\/wp-content\/uploads\/usu543\/2025\/01\/EPSAP.pdf\"><img loading=\"lazy\" decoding=\"async\" class=\"size-large wp-image-11107 aligncenter\" src=\"https:\/\/agora.xtec.cat\/ceipelcastellot\/wp-content\/uploads\/usu543\/2025\/01\/presentacio_epsap-1024x573.png\" alt=\"\" width=\"1024\" height=\"573\" srcset=\"https:\/\/agora.xtec.cat\/ceipelcastellot\/wp-content\/uploads\/usu543\/2025\/01\/presentacio_epsap-1024x573.png 1024w, https:\/\/agora.xtec.cat\/ceipelcastellot\/wp-content\/uploads\/usu543\/2025\/01\/presentacio_epsap-300x168.png 300w, https:\/\/agora.xtec.cat\/ceipelcastellot\/wp-content\/uploads\/usu543\/2025\/01\/presentacio_epsap-768x430.png 768w, https:\/\/agora.xtec.cat\/ceipelcastellot\/wp-content\/uploads\/usu543\/2025\/01\/presentacio_epsap.png 1330w\" sizes=\"auto, (max-width: 1024px) 100vw, 1024px\" \/><\/a><\/p>\n<p><strong>EPSAP BUTLLETINS INFORMATIUS<\/strong><\/p>\n<p><strong><a href=\"https:\/\/agora.xtec.cat\/ceipelcastellot\/wp-content\/uploads\/usu543\/2025\/12\/12.-Butlleti-EPSAP-Desembre-2025.pdf\" target=\"_blank\" rel=\"noopener noreferrer\">12\u00e8 butllet\u00ed EPSAP &#8211; Desembre \u00a02025<\/a><\/strong><\/p>\n<p><strong><a href=\"https:\/\/agora.xtec.cat\/ceipelcastellot\/wp-content\/uploads\/usu543\/2025\/06\/11.-Butlleti-EPSAP-Numero-11-Juny-2025.pdf\" target=\"_blank\" rel=\"noopener noreferrer\">11\u00e8 Butllet\u00ed EPSAP \u2013 Juny 2025<\/a><\/strong><\/p>\n<p><strong><a href=\"https:\/\/agora.xtec.cat\/ceipelcastellot\/wp-content\/uploads\/usu543\/2025\/06\/10.-Butlleti-EPSAP-Numero-10.pdf\" target=\"_blank\" rel=\"noopener noreferrer\">10\u00e8 Butllet\u00ed EPSAP \u2013 Novembre 2024<\/a><\/strong><\/p>\n<p><strong><a href=\"https:\/\/agora.xtec.cat\/ceipelcastellot\/wp-content\/uploads\/usu543\/2025\/01\/EPSAPNumero-9.pdf\" target=\"_blank\" rel=\"noopener noreferrer\">9\u00e8 Butllet\u00ed EPSAP \u2013 Juny 2024<\/a><\/strong><\/p>\n","protected":false},"excerpt":{"rendered":"<p><a href=\"https:\/\/serveiseducatius.xtec.cat\/altpenedes\/categoria\/epsap\/\">Escola Promotora de Salut de l\u2019Alt Pened\u00e8s (EPSAP)\u00a0<\/a>\u00e9s un projecte que neix fruit del treball en xarxa entre diferents agents educatius i sanitaris del Pened\u00e8s (Departament d\u2019Ensenyament, Departament de Salut, Consell Catal\u00e0 de l\u2019Esport i l\u2019Ajuntament de Vilafranca del Pened\u00e8s).<br \/>\nL\u2019objectiu \u00e9s fomentar h\u00e0bits saludables:&hellip;  <a href=\"https:\/\/agora.xtec.cat\/ceipelcastellot\/projecte-educatiu-2\/epsap-escola-saludable-alt-penedes\/\" title=\"Read EPSAP (Escola Saludable Alt Pened\u00e8s)\">Llegeix m\u00e9s\u00bb<\/a><\/p>\n","protected":false},"author":1,"featured_media":0,"parent":600,"menu_order":3,"comment_status":"closed","ping_status":"closed","template":"page-templates\/side-menu.php","meta":{"_bbp_topic_count":0,"_bbp_reply_count":0,"_bbp_total_topic_count":0,"_bbp_total_reply_count":0,"_bbp_voice_count":0,"_bbp_anonymous_reply_count":0,"_bbp_topic_count_hidden":0,"_bbp_reply_count_hidden":0,"_bbp_forum_subforum_count":0,"footnotes":""},"class_list":["post-11103","page","type-page","status-publish","hentry"],"post_mailing_queue_ids":[],"_links":{"self":[{"href":"https:\/\/agora.xtec.cat\/ceipelcastellot\/wp-json\/wp\/v2\/pages\/11103","targetHints":{"allow":["GET"]}}],"collection":[{"href":"https:\/\/agora.xtec.cat\/ceipelcastellot\/wp-json\/wp\/v2\/pages"}],"about":[{"href":"https:\/\/agora.xtec.cat\/ceipelcastellot\/wp-json\/wp\/v2\/types\/page"}],"author":[{"embeddable":true,"href":"https:\/\/agora.xtec.cat\/ceipelcastellot\/wp-json\/wp\/v2\/users\/1"}],"replies":[{"embeddable":true,"href":"https:\/\/agora.xtec.cat\/ceipelcastellot\/wp-json\/wp\/v2\/comments?post=11103"}],"version-history":[{"count":7,"href":"https:\/\/agora.xtec.cat\/ceipelcastellot\/wp-json\/wp\/v2\/pages\/11103\/revisions"}],"predecessor-version":[{"id":11753,"href":"https:\/\/agora.xtec.cat\/ceipelcastellot\/wp-json\/wp\/v2\/pages\/11103\/revisions\/11753"}],"up":[{"embeddable":true,"href":"https:\/\/agora.xtec.cat\/ceipelcastellot\/wp-json\/wp\/v2\/pages\/600"}],"wp:attachment":[{"href":"https:\/\/agora.xtec.cat\/ceipelcastellot\/wp-json\/wp\/v2\/media?parent=11103"}],"curies":[{"name":"wp","href":"https:\/\/api.w.org\/{rel}","templated":true}]}}