{"id":10011,"date":"2023-03-22T05:44:16","date_gmt":"2023-03-22T04:44:16","guid":{"rendered":"https:\/\/agora.xtec.cat\/ceipelcastellot\/?page_id=10011"},"modified":"2025-12-04T23:21:18","modified_gmt":"2025-12-04T22:21:18","slug":"infadimed","status":"publish","type":"page","link":"https:\/\/agora.xtec.cat\/ceipelcastellot\/projecte-educatiu-2\/infadimed\/","title":{"rendered":"Infadimed"},"content":{"rendered":"<p>QU\u00c8 \u00c9S EL PROGRAMA INFADIMED?<\/p>\n<p>El programa INFADIMED (nom que prov\u00e9 d\u2019inf\u00e0ncia i de dieta mediterr\u00e0nia) neix de la idea de promocionar la dieta mediterr\u00e0nia a les escoles mitjan\u00e7ant xerrades i activitats did\u00e0ctiques i que des de fa uns anys es duu a terme a m\u00e9s de 150 escoles a Catalunya.<\/p>\n<p>Aquest programa est\u00e0 dirigit a alumnes d\u2019educaci\u00f3 infantil i prim\u00e0ria i est\u00e0 liderat per professionals d\u2019infermeria d\u2019Atenci\u00f3 Prim\u00e0ria de l\u2019Institut Catal\u00e0 de la Salut.<\/p>\n<p>A difer\u00e8ncia d\u2019altres programes d\u2019educaci\u00f3 en estils de vida saludables, el programa INFADIMED ha fet servir un canal transmissor innovador en aquest tipus d\u2019intervenci\u00f3: ha creat una s\u00e8rie de<br \/>\ndibuixos animats amb aquesta finalitat. El personatge central, el Capit\u00e0 Vitamines, \u00e9s l\u2019encarregat d\u2019explicar als infants els beneficis d\u2019un estil de vida saludable.<\/p>\n<p>QUIN \u00c9S L\u2019OBJECTIU D\u2019INFADIMED?<\/p>\n<p>Segons evid\u00e8ncia, a Catalunya (ESCA, 2021), el 40,4% dels infants menors entre 6 i 12 anys, presenten exc\u00e9s de pes. En els darrers anys, el sobrep\u00e8s i l\u2019obesitat infantil mantenen la tend\u00e8ncia a l\u2019al\u00e7a. L\u2019obesitat en la inf\u00e0ncia, \u00e9s causa d\u2019una major probabilitat de patir obesitat en l\u2019adultesa. D\u2019altra banda, implica una pitjor qualitat de vida, aix\u00ed com un augment de risc de patir malalties cardiovasculars o diabetis mellitus tipus 2 (DM2) en la vida adulta.<\/p>\n<p>D\u2019aquesta manera, l\u2019objectiu principal d\u2019INFADIMED \u00e9s donar eines als infants per tal que puguin decidir qu\u00e8 \u00e9s m\u00e9s benefici\u00f3s per la seva salut, adquirint h\u00e0bits saludables.<\/p>\n<p><strong>El Capit\u00e0 Vitamines, el superheroi que promociona la dieta mediterr\u00e0nia com a estil de vida saludable, us pot acompanyar tamb\u00e9 des dels vostres dispositius electr\u00f2nics per ajudar-vos a seguir h\u00e0bits saludables en l\u2019alimentaci\u00f3, l\u2019activitat f\u00edsica, la salut bucodental, el descans, l\u2019\u00fas d\u2019aparells electr\u00f2nics i la higiene.<\/strong><\/p>\n<p><strong>Podeu seguir les aventures accedint a: <a href=\"https:\/\/salutflix.metrosud.cat\/login\/auth\">https:\/\/salutflix.metrosud.cat\/login\/auth<\/a><\/strong><\/p>\n<p>Recordeu que vau rebre el nom d&#8217;usuari i la contrasenya per accedir.<\/p>\n<p><img loading=\"lazy\" decoding=\"async\" class=\"alignleft size-full wp-image-10009\" src=\"https:\/\/agora.xtec.cat\/ceipelcastellot\/wp-content\/uploads\/usu543\/2023\/03\/Capita-Vitamines-2016_web-580x387-1.jpg\" alt=\"\" width=\"580\" height=\"387\" srcset=\"https:\/\/agora.xtec.cat\/ceipelcastellot\/wp-content\/uploads\/usu543\/2023\/03\/Capita-Vitamines-2016_web-580x387-1.jpg 580w, https:\/\/agora.xtec.cat\/ceipelcastellot\/wp-content\/uploads\/usu543\/2023\/03\/Capita-Vitamines-2016_web-580x387-1-300x200.jpg 300w\" sizes=\"auto, (max-width: 580px) 100vw, 580px\" \/><\/p>\n","protected":false},"excerpt":{"rendered":"<p>QU\u00c8 \u00c9S EL PROGRAMA INFADIMED?<br \/>\nEl programa INFADIMED (nom que prov\u00e9 d\u2019inf\u00e0ncia i de dieta mediterr\u00e0nia) neix de la idea de promocionar la dieta mediterr\u00e0nia a les escoles mitjan\u00e7ant xerrades i activitats did\u00e0ctiques i que des de fa uns anys es duu a terme a m\u00e9s&hellip;  <a href=\"https:\/\/agora.xtec.cat\/ceipelcastellot\/projecte-educatiu-2\/infadimed\/\" title=\"Read Infadimed\">Llegeix m\u00e9s\u00bb<\/a><\/p>\n","protected":false},"author":1,"featured_media":0,"parent":600,"menu_order":3,"comment_status":"closed","ping_status":"closed","template":"page-templates\/side-menu.php","meta":{"_bbp_topic_count":0,"_bbp_reply_count":0,"_bbp_total_topic_count":0,"_bbp_total_reply_count":0,"_bbp_voice_count":0,"_bbp_anonymous_reply_count":0,"_bbp_topic_count_hidden":0,"_bbp_reply_count_hidden":0,"_bbp_forum_subforum_count":0,"footnotes":""},"class_list":["post-10011","page","type-page","status-publish","hentry"],"post_mailing_queue_ids":[],"_links":{"self":[{"href":"https:\/\/agora.xtec.cat\/ceipelcastellot\/wp-json\/wp\/v2\/pages\/10011","targetHints":{"allow":["GET"]}}],"collection":[{"href":"https:\/\/agora.xtec.cat\/ceipelcastellot\/wp-json\/wp\/v2\/pages"}],"about":[{"href":"https:\/\/agora.xtec.cat\/ceipelcastellot\/wp-json\/wp\/v2\/types\/page"}],"author":[{"embeddable":true,"href":"https:\/\/agora.xtec.cat\/ceipelcastellot\/wp-json\/wp\/v2\/users\/1"}],"replies":[{"embeddable":true,"href":"https:\/\/agora.xtec.cat\/ceipelcastellot\/wp-json\/wp\/v2\/comments?post=10011"}],"version-history":[{"count":2,"href":"https:\/\/agora.xtec.cat\/ceipelcastellot\/wp-json\/wp\/v2\/pages\/10011\/revisions"}],"predecessor-version":[{"id":10019,"href":"https:\/\/agora.xtec.cat\/ceipelcastellot\/wp-json\/wp\/v2\/pages\/10011\/revisions\/10019"}],"up":[{"embeddable":true,"href":"https:\/\/agora.xtec.cat\/ceipelcastellot\/wp-json\/wp\/v2\/pages\/600"}],"wp:attachment":[{"href":"https:\/\/agora.xtec.cat\/ceipelcastellot\/wp-json\/wp\/v2\/media?parent=10011"}],"curies":[{"name":"wp","href":"https:\/\/api.w.org\/{rel}","templated":true}]}}