{"id":261,"date":"2019-10-30T22:03:31","date_gmt":"2019-10-30T21:03:31","guid":{"rendered":"http:\/\/agora.xtec.cat\/ceipelcastell\/?page_id=261"},"modified":"2020-03-26T17:59:55","modified_gmt":"2020-03-26T16:59:55","slug":"documents-publics","status":"publish","type":"page","link":"https:\/\/agora.xtec.cat\/ceipelcastell\/documents-publics\/","title":{"rendered":"Documents P\u00fablics"},"content":{"rendered":"<p>En aquesta secci\u00f3 podeu consultar els documents m\u00e9s significatius de les escoles de la ZER.<\/p>\n<ul>\n<li><a href=\"https:\/\/drive.google.com\/file\/d\/1FPLNNsvaczBH4nRA-2NtKGF-xqjbk86T\/view?usp=sharing\" target=\"_blank\" rel=\"noopener noreferrer\">Projecte Educatiu<\/a><\/li>\n<li><a href=\"https:\/\/drive.google.com\/file\/d\/1_Z4BUpWSYcZjw5Ydomcn1JpDXXT5-zwC\/view?usp=sharing\" target=\"_blank\" rel=\"noopener noreferrer\">Projecte Ling\u00fc\u00edstic<\/a><\/li>\n<li><a href=\"https:\/\/drive.google.com\/file\/d\/1Zwkf3ZB0PUgm0gO8Jk3SME0XKL9evHD-\/view?usp=sharing\" target=\"_blank\" rel=\"noopener noreferrer\">Normes d\u2019Organitzaci\u00f3 i Funcionament (NOF)<\/a><\/li>\n<li><a href=\"https:\/\/drive.google.com\/file\/d\/127JBZtfFfJsxcdh-WXTCPUgQFgr4O5ty\/view?usp=sharing\" target=\"_blank\" rel=\"noopener noreferrer\">Pla TAC \u00a0(Tecnologies de l\u2019Aprenentage i el Coneixement)<\/a><\/li>\n<\/ul>\n","protected":false},"excerpt":{"rendered":"<p>En aquesta secci\u00f3 podeu consultar els documents m\u00e9s significatius de les escoles de la ZER.<\/p>\n<ul>\n<li><a href=\"https:\/\/drive.google.com\/file\/d\/1FPLNNsvaczBH4nRA-2NtKGF-xqjbk86T\/view?usp=sharing\" target=\"_blank\" rel=\"noopener noreferrer\">Projecte Educatiu<\/a><\/li>\n<li><a href=\"https:\/\/drive.google.com\/file\/d\/1_Z4BUpWSYcZjw5Ydomcn1JpDXXT5-zwC\/view?usp=sharing\" target=\"_blank\" rel=\"noopener noreferrer\">Projecte Ling\u00fc\u00edstic<\/a><\/li>\n<li><a href=\"https:\/\/drive.google.com\/file\/d\/1Zwkf3ZB0PUgm0gO8Jk3SME0XKL9evHD-\/view?usp=sharing\" target=\"_blank\" rel=\"noopener noreferrer\">Normes d\u2019Organitzaci\u00f3 i Funcionament (NOF)<\/a><\/li>\n<li><a href=\"https:\/\/drive.google.com\/file\/d\/127JBZtfFfJsxcdh-WXTCPUgQFgr4O5ty\/view?usp=sharing\" target=\"_blank\" rel=\"noopener noreferrer\">Pla TAC \u00a0(Tecnologies de l\u2019Aprenentage i el Coneixement)<\/a><\/li>\n<\/ul>\n","protected":false},"author":1,"featured_media":0,"parent":0,"menu_order":0,"comment_status":"closed","ping_status":"closed","template":"","meta":{"_bbp_topic_count":0,"_bbp_reply_count":0,"_bbp_total_topic_count":0,"_bbp_total_reply_count":0,"_bbp_voice_count":0,"_bbp_anonymous_reply_count":0,"_bbp_topic_count_hidden":0,"_bbp_reply_count_hidden":0,"_bbp_forum_subforum_count":0,"footnotes":""},"class_list":["post-261","page","type-page","status-publish","hentry"],"post_mailing_queue_ids":[],"_links":{"self":[{"href":"https:\/\/agora.xtec.cat\/ceipelcastell\/wp-json\/wp\/v2\/pages\/261","targetHints":{"allow":["GET"]}}],"collection":[{"href":"https:\/\/agora.xtec.cat\/ceipelcastell\/wp-json\/wp\/v2\/pages"}],"about":[{"href":"https:\/\/agora.xtec.cat\/ceipelcastell\/wp-json\/wp\/v2\/types\/page"}],"author":[{"embeddable":true,"href":"https:\/\/agora.xtec.cat\/ceipelcastell\/wp-json\/wp\/v2\/users\/1"}],"replies":[{"embeddable":true,"href":"https:\/\/agora.xtec.cat\/ceipelcastell\/wp-json\/wp\/v2\/comments?post=261"}],"version-history":[{"count":3,"href":"https:\/\/agora.xtec.cat\/ceipelcastell\/wp-json\/wp\/v2\/pages\/261\/revisions"}],"predecessor-version":[{"id":269,"href":"https:\/\/agora.xtec.cat\/ceipelcastell\/wp-json\/wp\/v2\/pages\/261\/revisions\/269"}],"wp:attachment":[{"href":"https:\/\/agora.xtec.cat\/ceipelcastell\/wp-json\/wp\/v2\/media?parent=261"}],"curies":[{"name":"wp","href":"https:\/\/api.w.org\/{rel}","templated":true}]}}