{"id":927,"date":"2019-01-28T15:34:40","date_gmt":"2019-01-28T14:34:40","guid":{"rendered":"http:\/\/agora.xtec.cat\/ceipelcalderi\/?page_id=927"},"modified":"2019-01-31T13:44:27","modified_gmt":"2019-01-31T12:44:27","slug":"comissio-economica","status":"publish","type":"page","link":"https:\/\/agora.xtec.cat\/ceipelcalderi\/comissio-economica\/","title":{"rendered":"Comissi\u00f3 Econ\u00f2mica"},"content":{"rendered":"<ul>\n<li>Fa el seguiment de la gesti\u00f3 econ\u00f2mica dels diners recollits a partir de les quotes que paguen les fam\u00edlies.<\/li>\n<li>Vetlla per la bona gesti\u00f3 dels diners en la compra de material, sortides, col\u00f2nies i altres inversions.<\/li>\n<li>S&#8217;encarrega d&#8217;aconseguir recursos econ\u00f2mics a trav\u00e9s d&#8217;activitat v\u00e0ries (subvencions ajuntament&#8230;)<\/li>\n<\/ul>\n","protected":false},"excerpt":{"rendered":"<ul>\n<li>Fa el seguiment de la gesti\u00f3 econ\u00f2mica dels diners recollits a partir de les quotes que paguen les fam\u00edlies.<\/li>\n<li>Vetlla per la bona gesti\u00f3 dels diners en la compra de material, sortides, col\u00f2nies i altres inversions.<\/li>\n<li>S&#8217;encarrega d&#8217;aconseguir recursos econ\u00f2mics a trav\u00e9s d&#8217;activitat v\u00e0ries (subvencions ajuntament&#8230;)<\/li>\n<\/ul>\n","protected":false},"author":4,"featured_media":0,"parent":0,"menu_order":0,"comment_status":"closed","ping_status":"closed","template":"","meta":{"_bbp_topic_count":0,"_bbp_reply_count":0,"_bbp_total_topic_count":0,"_bbp_total_reply_count":0,"_bbp_voice_count":0,"_bbp_anonymous_reply_count":0,"_bbp_topic_count_hidden":0,"_bbp_reply_count_hidden":0,"_bbp_forum_subforum_count":0,"footnotes":""},"class_list":["post-927","page","type-page","status-publish","hentry"],"post_mailing_queue_ids":[],"_links":{"self":[{"href":"https:\/\/agora.xtec.cat\/ceipelcalderi\/wp-json\/wp\/v2\/pages\/927","targetHints":{"allow":["GET"]}}],"collection":[{"href":"https:\/\/agora.xtec.cat\/ceipelcalderi\/wp-json\/wp\/v2\/pages"}],"about":[{"href":"https:\/\/agora.xtec.cat\/ceipelcalderi\/wp-json\/wp\/v2\/types\/page"}],"author":[{"embeddable":true,"href":"https:\/\/agora.xtec.cat\/ceipelcalderi\/wp-json\/wp\/v2\/users\/4"}],"replies":[{"embeddable":true,"href":"https:\/\/agora.xtec.cat\/ceipelcalderi\/wp-json\/wp\/v2\/comments?post=927"}],"version-history":[{"count":2,"href":"https:\/\/agora.xtec.cat\/ceipelcalderi\/wp-json\/wp\/v2\/pages\/927\/revisions"}],"predecessor-version":[{"id":970,"href":"https:\/\/agora.xtec.cat\/ceipelcalderi\/wp-json\/wp\/v2\/pages\/927\/revisions\/970"}],"wp:attachment":[{"href":"https:\/\/agora.xtec.cat\/ceipelcalderi\/wp-json\/wp\/v2\/media?parent=927"}],"curies":[{"name":"wp","href":"https:\/\/api.w.org\/{rel}","templated":true}]}}