{"id":73,"date":"2014-09-18T14:01:51","date_gmt":"2014-09-18T13:01:51","guid":{"rendered":"http:\/\/agora.xtec.cat\/ceipelcalderi\/?page_id=73"},"modified":"2023-04-27T12:10:37","modified_gmt":"2023-04-27T10:10:37","slug":"menjador-escolar","status":"publish","type":"page","link":"https:\/\/agora.xtec.cat\/ceipelcalderi\/serveis\/menjador-escolar\/","title":{"rendered":"Menjador escolar"},"content":{"rendered":"<p>L&#8217;empresa <strong>Tresmes ecoactiva<\/strong>\u00a0ofereix el servei del menjador a l&#8217;escola el Calder\u00ed. Es tracta d&#8217;una empresa que treballa amb productes de proximitat, sostenibles i ecol\u00f2gics.<\/p>\n<p>PER ACCEDIR A L&#8217;<strong>INFORME DE LA PROGRAMACI\u00d3 DE MEN\u00daS<\/strong> QUE HA LLIURAT L&#8217;AG\u00c8NCIA DE SALUT P\u00daBLICA DE CATALUNYA, <em>CLICA <a href=\"https:\/\/agora.xtec.cat\/ceipelcalderi\/wp-content\/uploads\/usu1917\/2023\/04\/Informe-Valoracio-Programacio-de-menus.pdf\" target=\"_blank\" rel=\"noopener\">AQU\u00cd<\/a><\/em><\/p>\n<p>Per m\u00e9s informaci\u00f3 cliqueu a les seg\u00fcents imatges.<\/p>\n<p><a href=\"https:\/\/tresmes.com\/#menusmensuals\" target=\"_blank\" rel=\"noopener\"><img loading=\"lazy\" decoding=\"async\" class=\"alignleft wp-image-911\" src=\"https:\/\/agora.xtec.cat\/ceipelcalderi\/wp-content\/uploads\/usu1917\/2019\/01\/logo-tresmes-ecoactiva-300x200.jpg\" alt=\"\" width=\"427\" height=\"284\" srcset=\"https:\/\/agora.xtec.cat\/ceipelcalderi\/wp-content\/uploads\/usu1917\/2019\/01\/logo-tresmes-ecoactiva-300x200.jpg 300w, https:\/\/agora.xtec.cat\/ceipelcalderi\/wp-content\/uploads\/usu1917\/2019\/01\/logo-tresmes-ecoactiva.jpg 700w\" sizes=\"auto, (max-width: 427px) 100vw, 427px\" \/><\/a><\/p>\n<p><a href=\"https:\/\/agora.xtec.cat\/ceipelcalderi\/wp-content\/uploads\/usu1917\/2022\/10\/power-tresmes-1.pptx\" target=\"_blank\" rel=\"attachment noopener wp-att-4811\"><img loading=\"lazy\" decoding=\"async\" class=\"aligncenter wp-image-4811\" src=\"https:\/\/agora.xtec.cat\/ceipelcalderi\/wp-content\/uploads\/usu1917\/2022\/10\/E_ret.jpg\" alt=\"\" width=\"437\" height=\"295\" srcset=\"https:\/\/agora.xtec.cat\/ceipelcalderi\/wp-content\/uploads\/usu1917\/2022\/10\/E_ret.jpg 1500w, https:\/\/agora.xtec.cat\/ceipelcalderi\/wp-content\/uploads\/usu1917\/2022\/10\/E_ret-300x202.jpg 300w, https:\/\/agora.xtec.cat\/ceipelcalderi\/wp-content\/uploads\/usu1917\/2022\/10\/E_ret-1024x691.jpg 1024w, https:\/\/agora.xtec.cat\/ceipelcalderi\/wp-content\/uploads\/usu1917\/2022\/10\/E_ret-768x518.jpg 768w\" sizes=\"auto, (max-width: 437px) 100vw, 437px\" \/><\/a><\/p>\n<p>&nbsp;<\/p>\n<p>&nbsp;<\/p>\n<p><em>CLICANT A LA IMATGE PODREU VEURE EL RECULL DE FOTOS DE LES ACTIVITATS FETES DURANT EL MES DE SETEMBRE DEL CURS 2022-2023.<\/em><a href=\"https:\/\/photos.app.goo.gl\/p5mdJs1jLe6hFCXt9\" target=\"_blank\" rel=\"attachment noopener wp-att-4808\"><img loading=\"lazy\" decoding=\"async\" class=\"aligncenter size-full wp-image-4808\" src=\"https:\/\/agora.xtec.cat\/ceipelcalderi\/wp-content\/uploads\/usu1917\/2022\/10\/TRIMESTRE-1.jpeg\" alt=\"\" width=\"211\" height=\"239\" \/><\/a><\/p>\n<p>&nbsp;<\/p>\n<p>A m\u00e9s, l&#8217;estona d&#8217;acollida i menjador \u00e9s un moment dist\u00e8s on els alumnes fan activitats diverses que es mostren a continuaci\u00f3: decoraci\u00f3 de menjador, celebraci\u00f3 de les festes, tallers, manualitats, jocs al pati&#8230;<\/p>\n<div dir=\"auto\"><em>CLICANT A LA IMATGE PODEU VEURE UNA MOSTRA FOTOGR\u00c0FICA D&#8217;AQUESTES ACTIVITATS FETES EL CURS 2021-2022.<\/em><\/div>\n<p>&nbsp;<\/p>\n<p><a href=\"https:\/\/photos.app.goo.gl\/hbGTuYihjZgJePro7\" target=\"_blank\" rel=\"noopener\"><img loading=\"lazy\" decoding=\"async\" class=\"aligncenter wp-image-4410\" src=\"https:\/\/agora.xtec.cat\/ceipelcalderi\/wp-content\/uploads\/usu1917\/2022\/02\/IMG-20211201-WA0002-768x1024.jpg\" alt=\"\" width=\"208\" height=\"277\" srcset=\"https:\/\/agora.xtec.cat\/ceipelcalderi\/wp-content\/uploads\/usu1917\/2022\/02\/IMG-20211201-WA0002-768x1024.jpg 768w, https:\/\/agora.xtec.cat\/ceipelcalderi\/wp-content\/uploads\/usu1917\/2022\/02\/IMG-20211201-WA0002-225x300.jpg 225w, https:\/\/agora.xtec.cat\/ceipelcalderi\/wp-content\/uploads\/usu1917\/2022\/02\/IMG-20211201-WA0002-1152x1536.jpg 1152w, https:\/\/agora.xtec.cat\/ceipelcalderi\/wp-content\/uploads\/usu1917\/2022\/02\/IMG-20211201-WA0002.jpg 1200w\" sizes=\"auto, (max-width: 208px) 100vw, 208px\" \/><\/a><\/p>\n","protected":false},"excerpt":{"rendered":"<p>L&#8217;empresa Tresmes ecoactiva\u00a0ofereix el servei del menjador a l&#8217;escola el Calder\u00ed. Es tracta d&#8217;una empresa que treballa amb productes de proximitat, sostenibles i ecol\u00f2gics.<br \/>\nPER ACCEDIR A L&#8217;INFORME DE LA PROGRAMACI\u00d3 DE MEN\u00daS QUE HA LLIURAT L&#8217;AG\u00c8NCIA DE SALUT P\u00daBLICA DE CATALUNYA, CLICA <a href=\"https:\/\/agora.xtec.cat\/ceipelcalderi\/wp-content\/uploads\/usu1917\/2023\/04\/Informe-Valoracio-Programacio-de-menus.pdf\" target=\"_blank\"&hellip;  <a href=\"https:\/\/agora.xtec.cat\/ceipelcalderi\/serveis\/menjador-escolar\/\" title=\"Read Menjador escolar\">Llegeix m\u00e9s\u00bb<\/a><\/p>\n","protected":false},"author":1,"featured_media":0,"parent":66,"menu_order":30,"comment_status":"closed","ping_status":"closed","template":"page-templates\/side-menu.php","meta":{"_bbp_topic_count":0,"_bbp_reply_count":0,"_bbp_total_topic_count":0,"_bbp_total_reply_count":0,"_bbp_voice_count":0,"_bbp_anonymous_reply_count":0,"_bbp_topic_count_hidden":0,"_bbp_reply_count_hidden":0,"_bbp_forum_subforum_count":0,"footnotes":""},"class_list":["post-73","page","type-page","status-publish","hentry"],"post_mailing_queue_ids":[],"_links":{"self":[{"href":"https:\/\/agora.xtec.cat\/ceipelcalderi\/wp-json\/wp\/v2\/pages\/73","targetHints":{"allow":["GET"]}}],"collection":[{"href":"https:\/\/agora.xtec.cat\/ceipelcalderi\/wp-json\/wp\/v2\/pages"}],"about":[{"href":"https:\/\/agora.xtec.cat\/ceipelcalderi\/wp-json\/wp\/v2\/types\/page"}],"author":[{"embeddable":true,"href":"https:\/\/agora.xtec.cat\/ceipelcalderi\/wp-json\/wp\/v2\/users\/1"}],"replies":[{"embeddable":true,"href":"https:\/\/agora.xtec.cat\/ceipelcalderi\/wp-json\/wp\/v2\/comments?post=73"}],"version-history":[{"count":3,"href":"https:\/\/agora.xtec.cat\/ceipelcalderi\/wp-json\/wp\/v2\/pages\/73\/revisions"}],"predecessor-version":[{"id":5236,"href":"https:\/\/agora.xtec.cat\/ceipelcalderi\/wp-json\/wp\/v2\/pages\/73\/revisions\/5236"}],"up":[{"embeddable":true,"href":"https:\/\/agora.xtec.cat\/ceipelcalderi\/wp-json\/wp\/v2\/pages\/66"}],"wp:attachment":[{"href":"https:\/\/agora.xtec.cat\/ceipelcalderi\/wp-json\/wp\/v2\/media?parent=73"}],"curies":[{"name":"wp","href":"https:\/\/api.w.org\/{rel}","templated":true}]}}