{"id":4068,"date":"2021-10-21T10:45:38","date_gmt":"2021-10-21T08:45:38","guid":{"rendered":"https:\/\/agora.xtec.cat\/ceipelcalderi\/?page_id=4068"},"modified":"2021-10-21T10:50:57","modified_gmt":"2021-10-21T08:50:57","slug":"pga","status":"publish","type":"page","link":"https:\/\/agora.xtec.cat\/ceipelcalderi\/pga\/","title":{"rendered":"PGA"},"content":{"rendered":"<p>La <strong>Programaci\u00f3 General Anual<\/strong> \u00e9s l&#8217;instrument de gesti\u00f3 de centre que recull la previsi\u00f3 dels objectius a aconseguir i actuacions a realitzar pel curs 2021-2022.<\/p>\n<p>Podeu accedir al document <a href=\"https:\/\/agora.xtec.cat\/ceipelcalderi\/wp-content\/uploads\/usu1917\/2021\/10\/PGA-21-22.pdf\" target=\"_blank\" rel=\"noopener\">aqu\u00ed.<\/a><\/p>\n","protected":false},"excerpt":{"rendered":"<p>La Programaci\u00f3 General Anual \u00e9s l&#8217;instrument de gesti\u00f3 de centre que recull la previsi\u00f3 dels objectius a aconseguir i actuacions a realitzar pel curs 2021-2022.<br \/>\nPodeu accedir al document <a href=\"https:\/\/agora.xtec.cat\/ceipelcalderi\/wp-content\/uploads\/usu1917\/2021\/10\/PGA-21-22.pdf\" target=\"_blank\" rel=\"noopener\">aqu\u00ed.<\/a><\/p>\n","protected":false},"author":1,"featured_media":0,"parent":0,"menu_order":0,"comment_status":"closed","ping_status":"closed","template":"","meta":{"_bbp_topic_count":0,"_bbp_reply_count":0,"_bbp_total_topic_count":0,"_bbp_total_reply_count":0,"_bbp_voice_count":0,"_bbp_anonymous_reply_count":0,"_bbp_topic_count_hidden":0,"_bbp_reply_count_hidden":0,"_bbp_forum_subforum_count":0,"footnotes":""},"class_list":["post-4068","page","type-page","status-publish","hentry"],"post_mailing_queue_ids":[],"_links":{"self":[{"href":"https:\/\/agora.xtec.cat\/ceipelcalderi\/wp-json\/wp\/v2\/pages\/4068","targetHints":{"allow":["GET"]}}],"collection":[{"href":"https:\/\/agora.xtec.cat\/ceipelcalderi\/wp-json\/wp\/v2\/pages"}],"about":[{"href":"https:\/\/agora.xtec.cat\/ceipelcalderi\/wp-json\/wp\/v2\/types\/page"}],"author":[{"embeddable":true,"href":"https:\/\/agora.xtec.cat\/ceipelcalderi\/wp-json\/wp\/v2\/users\/1"}],"replies":[{"embeddable":true,"href":"https:\/\/agora.xtec.cat\/ceipelcalderi\/wp-json\/wp\/v2\/comments?post=4068"}],"version-history":[{"count":2,"href":"https:\/\/agora.xtec.cat\/ceipelcalderi\/wp-json\/wp\/v2\/pages\/4068\/revisions"}],"predecessor-version":[{"id":4074,"href":"https:\/\/agora.xtec.cat\/ceipelcalderi\/wp-json\/wp\/v2\/pages\/4068\/revisions\/4074"}],"wp:attachment":[{"href":"https:\/\/agora.xtec.cat\/ceipelcalderi\/wp-json\/wp\/v2\/media?parent=4068"}],"curies":[{"name":"wp","href":"https:\/\/api.w.org\/{rel}","templated":true}]}}