{"id":3177,"date":"2020-11-25T13:34:42","date_gmt":"2020-11-25T12:34:42","guid":{"rendered":"http:\/\/agora.xtec.cat\/ceipelcalderi\/?page_id=3177"},"modified":"2024-02-13T18:43:06","modified_gmt":"2024-02-13T17:43:06","slug":"racons-cicle-inicial","status":"publish","type":"page","link":"https:\/\/agora.xtec.cat\/ceipelcalderi\/racons-cicle-inicial\/","title":{"rendered":"Tallers de lectura a Cicle Inicial"},"content":{"rendered":"<p>Per tal de potenciar i refor\u00e7ar el proc\u00e9s de lectura fem grups redu\u00efts per donar una atenci\u00f3 m\u00e9s personalitzada.<\/p>\n<p>Tamb\u00e9 fem racons de lectoescriptura i matem\u00e0tiques baixant r\u00e0tios per tal de refor\u00e7ar aquests aprenentatges.<\/p>\n","protected":false},"excerpt":{"rendered":"<p>Per tal de potenciar i refor\u00e7ar el proc\u00e9s de lectura fem grups redu\u00efts per donar una atenci\u00f3 m\u00e9s personalitzada.<br \/>\nTamb\u00e9 fem racons de lectoescriptura i matem\u00e0tiques baixant r\u00e0tios per tal de refor\u00e7ar aquests aprenentatges.<\/p>\n","protected":false},"author":1,"featured_media":0,"parent":0,"menu_order":0,"comment_status":"closed","ping_status":"closed","template":"","meta":{"_bbp_topic_count":0,"_bbp_reply_count":0,"_bbp_total_topic_count":0,"_bbp_total_reply_count":0,"_bbp_voice_count":0,"_bbp_anonymous_reply_count":0,"_bbp_topic_count_hidden":0,"_bbp_reply_count_hidden":0,"_bbp_forum_subforum_count":0,"footnotes":""},"class_list":["post-3177","page","type-page","status-publish","hentry"],"post_mailing_queue_ids":[],"_links":{"self":[{"href":"https:\/\/agora.xtec.cat\/ceipelcalderi\/wp-json\/wp\/v2\/pages\/3177","targetHints":{"allow":["GET"]}}],"collection":[{"href":"https:\/\/agora.xtec.cat\/ceipelcalderi\/wp-json\/wp\/v2\/pages"}],"about":[{"href":"https:\/\/agora.xtec.cat\/ceipelcalderi\/wp-json\/wp\/v2\/types\/page"}],"author":[{"embeddable":true,"href":"https:\/\/agora.xtec.cat\/ceipelcalderi\/wp-json\/wp\/v2\/users\/1"}],"replies":[{"embeddable":true,"href":"https:\/\/agora.xtec.cat\/ceipelcalderi\/wp-json\/wp\/v2\/comments?post=3177"}],"version-history":[{"count":6,"href":"https:\/\/agora.xtec.cat\/ceipelcalderi\/wp-json\/wp\/v2\/pages\/3177\/revisions"}],"predecessor-version":[{"id":5493,"href":"https:\/\/agora.xtec.cat\/ceipelcalderi\/wp-json\/wp\/v2\/pages\/3177\/revisions\/5493"}],"wp:attachment":[{"href":"https:\/\/agora.xtec.cat\/ceipelcalderi\/wp-json\/wp\/v2\/media?parent=3177"}],"curies":[{"name":"wp","href":"https:\/\/api.w.org\/{rel}","templated":true}]}}