{"id":2391,"date":"2020-02-03T15:10:51","date_gmt":"2020-02-03T14:10:51","guid":{"rendered":"http:\/\/agora.xtec.cat\/ceipelcalderi\/?page_id=2391"},"modified":"2024-02-13T18:44:25","modified_gmt":"2024-02-13T17:44:25","slug":"apadrinament-lector","status":"publish","type":"page","link":"https:\/\/agora.xtec.cat\/ceipelcalderi\/apadrinament-lector\/","title":{"rendered":"Apadrinament lector"},"content":{"rendered":"<p>A l&#8217;escola per tal de potenciar i millorar la lectura tenim padrins de lectura.<\/p>\n<p>Els alumnes de 6\u00e8 s\u00f3n els padrins dels alumnes de 1r i els alumnes 5\u00e8 fan de padrins als alumnes d&#8217;I5.<\/p>\n<p>Setmanalment ens repartin per les parelles de padrins i fillols a la biblioteca o a les repectives aules i fem una activitat conjunta, on l&#8217;alumne m\u00e9s gran fa un acompanyament a l&#8217;hora de la lectura.<\/p>\n<p>Les actilvitats s\u00f3n molt diverses, a vegades \u00e9s el padr\u00ed que escull un llibre i li explica al fillol, altres \u00e9s el fillol que porta un llibre, tamb\u00e9 fem diferents activitats de comprensi\u00f3 lectora&#8230;<\/p>\n<p><a href=\"https:\/\/photos.app.goo.gl\/96E1Zmthw3rwE4Je6\" target=\"_blank\" rel=\"noopener noreferrer\"><img loading=\"lazy\" decoding=\"async\" class=\"aligncenter size-medium wp-image-2148\" src=\"https:\/\/agora.xtec.cat\/ceipelcalderi\/wp-content\/uploads\/usu1917\/2019\/12\/IMG_1598-300x225.jpg\" alt=\"\" width=\"300\" height=\"225\" srcset=\"https:\/\/agora.xtec.cat\/ceipelcalderi\/wp-content\/uploads\/usu1917\/2019\/12\/IMG_1598-300x225.jpg 300w, https:\/\/agora.xtec.cat\/ceipelcalderi\/wp-content\/uploads\/usu1917\/2019\/12\/IMG_1598-768x576.jpg 768w, https:\/\/agora.xtec.cat\/ceipelcalderi\/wp-content\/uploads\/usu1917\/2019\/12\/IMG_1598-1024x768.jpg 1024w, https:\/\/agora.xtec.cat\/ceipelcalderi\/wp-content\/uploads\/usu1917\/2019\/12\/IMG_1598-200x150.jpg 200w, https:\/\/agora.xtec.cat\/ceipelcalderi\/wp-content\/uploads\/usu1917\/2019\/12\/IMG_1598.jpg 2016w\" sizes=\"auto, (max-width: 300px) 100vw, 300px\" \/><\/a><\/p>\n","protected":false},"excerpt":{"rendered":"<p>A l&#8217;escola per tal de potenciar i millorar la lectura tenim padrins de lectura.<br \/>\nEls alumnes de 6\u00e8 s\u00f3n els padrins dels alumnes de 1r i els alumnes 5\u00e8 fan de padrins als alumnes d&#8217;I5.<br \/>\nSetmanalment ens repartin per les parelles de padrins i fillols a la&hellip;  <a href=\"https:\/\/agora.xtec.cat\/ceipelcalderi\/apadrinament-lector\/\" title=\"Read Apadrinament lector\">Llegeix m\u00e9s\u00bb<\/a><\/p>\n","protected":false},"author":1,"featured_media":0,"parent":0,"menu_order":0,"comment_status":"closed","ping_status":"closed","template":"","meta":{"_bbp_topic_count":0,"_bbp_reply_count":0,"_bbp_total_topic_count":0,"_bbp_total_reply_count":0,"_bbp_voice_count":0,"_bbp_anonymous_reply_count":0,"_bbp_topic_count_hidden":0,"_bbp_reply_count_hidden":0,"_bbp_forum_subforum_count":0,"footnotes":""},"class_list":["post-2391","page","type-page","status-publish","hentry"],"post_mailing_queue_ids":[],"_links":{"self":[{"href":"https:\/\/agora.xtec.cat\/ceipelcalderi\/wp-json\/wp\/v2\/pages\/2391","targetHints":{"allow":["GET"]}}],"collection":[{"href":"https:\/\/agora.xtec.cat\/ceipelcalderi\/wp-json\/wp\/v2\/pages"}],"about":[{"href":"https:\/\/agora.xtec.cat\/ceipelcalderi\/wp-json\/wp\/v2\/types\/page"}],"author":[{"embeddable":true,"href":"https:\/\/agora.xtec.cat\/ceipelcalderi\/wp-json\/wp\/v2\/users\/1"}],"replies":[{"embeddable":true,"href":"https:\/\/agora.xtec.cat\/ceipelcalderi\/wp-json\/wp\/v2\/comments?post=2391"}],"version-history":[{"count":4,"href":"https:\/\/agora.xtec.cat\/ceipelcalderi\/wp-json\/wp\/v2\/pages\/2391\/revisions"}],"predecessor-version":[{"id":5495,"href":"https:\/\/agora.xtec.cat\/ceipelcalderi\/wp-json\/wp\/v2\/pages\/2391\/revisions\/5495"}],"wp:attachment":[{"href":"https:\/\/agora.xtec.cat\/ceipelcalderi\/wp-json\/wp\/v2\/media?parent=2391"}],"curies":[{"name":"wp","href":"https:\/\/api.w.org\/{rel}","templated":true}]}}