{"id":80,"date":"2014-09-18T14:09:48","date_gmt":"2014-09-18T13:09:48","guid":{"rendered":"http:\/\/agora.xtec.cat\/ceipdelespobles\/?page_id=80"},"modified":"2023-11-29T16:30:55","modified_gmt":"2023-11-29T15:30:55","slug":"transport-escolar","status":"publish","type":"page","link":"https:\/\/agora.xtec.cat\/ceipdelespobles\/serveis\/transport-escolar\/","title":{"rendered":"Transport Escolar"},"content":{"rendered":"<p>Els alumnes podran fer \u00fas del servei d&#8217;autob\u00fas donant-se d&#8217;alta a l&#8217;Ajuntament.<\/p>\n<p>La monitora de l&#8217;autob\u00fas \u00e9s l&#8217;Esther Cabrerizo.<\/p>\n<p>La ruta de l&#8217;autob\u00fas al mat\u00ed \u00e9s:<\/p>\n<ul>\n<li>\u00a0<strong>Aiguam\u00farcia &#8211; Santes Creus &#8211; <\/strong><strong>Mas d&#8217;en Par\u00e9s &#8211; Escola<\/strong><\/li>\n<\/ul>\n<p>La ruta de l&#8217;autob\u00fas al mat\u00ed \u00e9s:<\/p>\n<ul>\n<li><strong>Escola &#8211; Mas d&#8217;en Par\u00e9s &#8211; Santes Creus Aiguam\u00farcia<\/strong><\/li>\n<\/ul>\n","protected":false},"excerpt":{"rendered":"<p>Els alumnes podran fer \u00fas del servei d&#8217;autob\u00fas donant-se d&#8217;alta a l&#8217;Ajuntament.<br \/>\nLa monitora de l&#8217;autob\u00fas \u00e9s l&#8217;Esther Cabrerizo.<br \/>\nLa ruta de l&#8217;autob\u00fas al mat\u00ed \u00e9s:<\/p>\n<ul>\n<li>\u00a0Aiguam\u00farcia &#8211; Santes Creus &#8211; Mas d&#8217;en Par\u00e9s &#8211; Escola<\/li>\n<\/ul>\n<p>La ruta de l&#8217;autob\u00fas al mat\u00ed \u00e9s:<\/p>\n<ul>\n<li>Escola &#8211; Mas d&#8217;en Par\u00e9s &#8211; Santes&hellip;  <a href=\"https:\/\/agora.xtec.cat\/ceipdelespobles\/serveis\/transport-escolar\/\" title=\"Read Transport Escolar\">Llegeix m\u00e9s\u00bb<\/a><br \/>\n","protected":false},"author":1,"featured_media":0,"parent":66,"menu_order":40,"comment_status":"closed","ping_status":"closed","template":"page-templates\/side-menu.php","meta":{"_bbp_topic_count":0,"_bbp_reply_count":0,"_bbp_total_topic_count":0,"_bbp_total_reply_count":0,"_bbp_voice_count":0,"_bbp_anonymous_reply_count":0,"_bbp_topic_count_hidden":0,"_bbp_reply_count_hidden":0,"_bbp_forum_subforum_count":0,"footnotes":""},"class_list":["post-80","page","type-page","status-publish","hentry"],"post_mailing_queue_ids":[],"_links":{"self":[{"href":"https:\/\/agora.xtec.cat\/ceipdelespobles\/wp-json\/wp\/v2\/pages\/80","targetHints":{"allow":["GET"]}}],"collection":[{"href":"https:\/\/agora.xtec.cat\/ceipdelespobles\/wp-json\/wp\/v2\/pages"}],"about":[{"href":"https:\/\/agora.xtec.cat\/ceipdelespobles\/wp-json\/wp\/v2\/types\/page"}],"author":[{"embeddable":true,"href":"https:\/\/agora.xtec.cat\/ceipdelespobles\/wp-json\/wp\/v2\/users\/1"}],"replies":[{"embeddable":true,"href":"https:\/\/agora.xtec.cat\/ceipdelespobles\/wp-json\/wp\/v2\/comments?post=80"}],"version-history":[{"count":4,"href":"https:\/\/agora.xtec.cat\/ceipdelespobles\/wp-json\/wp\/v2\/pages\/80\/revisions"}],"predecessor-version":[{"id":2417,"href":"https:\/\/agora.xtec.cat\/ceipdelespobles\/wp-json\/wp\/v2\/pages\/80\/revisions\/2417"}],"up":[{"embeddable":true,"href":"https:\/\/agora.xtec.cat\/ceipdelespobles\/wp-json\/wp\/v2\/pages\/66"}],"wp:attachment":[{"href":"https:\/\/agora.xtec.cat\/ceipdelespobles\/wp-json\/wp\/v2\/media?parent=80"}],"curies":[{"name":"wp","href":"https:\/\/api.w.org\/{rel}","templated":true}]}}