{"id":22581,"date":"2022-01-30T11:01:53","date_gmt":"2022-01-30T10:01:53","guid":{"rendered":"https:\/\/agora.xtec.cat\/ceipdamiamateu\/?page_id=22581"},"modified":"2022-01-30T11:11:52","modified_gmt":"2022-01-30T10:11:52","slug":"portes-obertes-22-23","status":"publish","type":"page","link":"https:\/\/agora.xtec.cat\/ceipdamiamateu\/portes-obertes-22-23\/","title":{"rendered":"Portes Obertes 22-23"},"content":{"rendered":"<p>Obrim les portes de l&#8217;escola per mostrar-vos el que som, sentim i fem. Per compartir els nostres espais i la convicci\u00f3 i il\u00b7lusi\u00f3 pel nostre projecte d&#8217;escola. Us esperem els propers dies 19 i 20 de febrer! Es precisa demanar cita pr\u00e8via al n\u00famero de contacte: 93 841 09 85.<\/p>\n<p><a href=\"https:\/\/agora.xtec.cat\/ceipdamiamateu\/wp-content\/uploads\/usu919\/2022\/01\/cartell-ppoo-22-23.jpg\"><img loading=\"lazy\" decoding=\"async\" class=\"aligncenter size-full wp-image-22586\" src=\"https:\/\/agora.xtec.cat\/ceipdamiamateu\/wp-content\/uploads\/usu919\/2022\/01\/cartell-ppoo-22-23.jpg\" alt=\"\" width=\"937\" height=\"751\" srcset=\"https:\/\/agora.xtec.cat\/ceipdamiamateu\/wp-content\/uploads\/usu919\/2022\/01\/cartell-ppoo-22-23.jpg 937w, https:\/\/agora.xtec.cat\/ceipdamiamateu\/wp-content\/uploads\/usu919\/2022\/01\/cartell-ppoo-22-23-300x240.jpg 300w, https:\/\/agora.xtec.cat\/ceipdamiamateu\/wp-content\/uploads\/usu919\/2022\/01\/cartell-ppoo-22-23-768x616.jpg 768w\" sizes=\"auto, (max-width: 937px) 100vw, 937px\" \/><\/a><\/p>\n","protected":false},"excerpt":{"rendered":"<p>Obrim les portes de l&#8217;escola per mostrar-vos el que som, sentim i fem. Per compartir els nostres espais i la convicci\u00f3 i il\u00b7lusi\u00f3 pel nostre projecte d&#8217;escola. Us esperem els propers dies 19 i 20 de febrer! Es precisa demanar cita pr\u00e8via al n\u00famero de contacte: 93 841 09 85.<\/p>\n","protected":false},"author":1,"featured_media":0,"parent":0,"menu_order":0,"comment_status":"closed","ping_status":"closed","template":"","meta":{"_bbp_topic_count":0,"_bbp_reply_count":0,"_bbp_total_topic_count":0,"_bbp_total_reply_count":0,"_bbp_voice_count":0,"_bbp_anonymous_reply_count":0,"_bbp_topic_count_hidden":0,"_bbp_reply_count_hidden":0,"_bbp_forum_subforum_count":0,"site-sidebar-layout":"default","site-content-layout":"","ast-site-content-layout":"","site-content-style":"default","site-sidebar-style":"default","ast-global-header-display":"","ast-banner-title-visibility":"","ast-main-header-display":"","ast-hfb-above-header-display":"","ast-hfb-below-header-display":"","ast-hfb-mobile-header-display":"","site-post-title":"","ast-breadcrumbs-content":"","ast-featured-img":"","footer-sml-layout":"","theme-transparent-header-meta":"","adv-header-id-meta":"","stick-header-meta":"","header-above-stick-meta":"","header-main-stick-meta":"","header-below-stick-meta":"","astra-migrate-meta-layouts":"default","ast-page-background-enabled":"default","ast-page-background-meta":{"desktop":{"background-color":"var(--ast-global-color-4)","background-image":"","background-repeat":"repeat","background-position":"center center","background-size":"auto","background-attachment":"scroll","background-type":"","background-media":"","overlay-type":"","overlay-color":"","overlay-opacity":"","overlay-gradient":""},"tablet":{"background-color":"","background-image":"","background-repeat":"repeat","background-position":"center center","background-size":"auto","background-attachment":"scroll","background-type":"","background-media":"","overlay-type":"","overlay-color":"","overlay-opacity":"","overlay-gradient":""},"mobile":{"background-color":"","background-image":"","background-repeat":"repeat","background-position":"center center","background-size":"auto","background-attachment":"scroll","background-type":"","background-media":"","overlay-type":"","overlay-color":"","overlay-opacity":"","overlay-gradient":""}},"ast-content-background-meta":{"desktop":{"background-color":"var(--ast-global-color-5)","background-image":"","background-repeat":"repeat","background-position":"center center","background-size":"auto","background-attachment":"scroll","background-type":"","background-media":"","overlay-type":"","overlay-color":"","overlay-opacity":"","overlay-gradient":""},"tablet":{"background-color":"var(--ast-global-color-5)","background-image":"","background-repeat":"repeat","background-position":"center center","background-size":"auto","background-attachment":"scroll","background-type":"","background-media":"","overlay-type":"","overlay-color":"","overlay-opacity":"","overlay-gradient":""},"mobile":{"background-color":"var(--ast-global-color-5)","background-image":"","background-repeat":"repeat","background-position":"center center","background-size":"auto","background-attachment":"scroll","background-type":"","background-media":"","overlay-type":"","overlay-color":"","overlay-opacity":"","overlay-gradient":""}},"footnotes":""},"class_list":["post-22581","page","type-page","status-publish","hentry"],"post_mailing_queue_ids":[],"_links":{"self":[{"href":"https:\/\/agora.xtec.cat\/ceipdamiamateu\/wp-json\/wp\/v2\/pages\/22581","targetHints":{"allow":["GET"]}}],"collection":[{"href":"https:\/\/agora.xtec.cat\/ceipdamiamateu\/wp-json\/wp\/v2\/pages"}],"about":[{"href":"https:\/\/agora.xtec.cat\/ceipdamiamateu\/wp-json\/wp\/v2\/types\/page"}],"author":[{"embeddable":true,"href":"https:\/\/agora.xtec.cat\/ceipdamiamateu\/wp-json\/wp\/v2\/users\/1"}],"replies":[{"embeddable":true,"href":"https:\/\/agora.xtec.cat\/ceipdamiamateu\/wp-json\/wp\/v2\/comments?post=22581"}],"version-history":[{"count":2,"href":"https:\/\/agora.xtec.cat\/ceipdamiamateu\/wp-json\/wp\/v2\/pages\/22581\/revisions"}],"predecessor-version":[{"id":22587,"href":"https:\/\/agora.xtec.cat\/ceipdamiamateu\/wp-json\/wp\/v2\/pages\/22581\/revisions\/22587"}],"wp:attachment":[{"href":"https:\/\/agora.xtec.cat\/ceipdamiamateu\/wp-json\/wp\/v2\/media?parent=22581"}],"curies":[{"name":"wp","href":"https:\/\/api.w.org\/{rel}","templated":true}]}}