{"id":9677,"date":"2020-02-04T22:22:09","date_gmt":"2020-02-04T21:22:09","guid":{"rendered":"http:\/\/agora.xtec.cat\/ceipcreualta\/?page_id=9677"},"modified":"2026-03-23T09:58:03","modified_gmt":"2026-03-23T08:58:03","slug":"nfoc","status":"publish","type":"page","link":"https:\/\/agora.xtec.cat\/ceipcreualta\/documents-escola\/nfoc\/","title":{"rendered":"NOFC"},"content":{"rendered":"<p><a href=\"https:\/\/agora.xtec.cat\/ceipcreualta\/wp-content\/uploads\/usu503\/2020\/02\/nofc-id-50.png\"><img loading=\"lazy\" decoding=\"async\" class=\"wp-image-9678 alignleft\" src=\"https:\/\/agora.xtec.cat\/ceipcreualta\/wp-content\/uploads\/usu503\/2020\/02\/nofc-id-50.png\" alt=\"\" width=\"248\" height=\"82\" srcset=\"https:\/\/agora.xtec.cat\/ceipcreualta\/wp-content\/uploads\/usu503\/2020\/02\/nofc-id-50.png 848w, https:\/\/agora.xtec.cat\/ceipcreualta\/wp-content\/uploads\/usu503\/2020\/02\/nofc-id-50-300x99.png 300w, https:\/\/agora.xtec.cat\/ceipcreualta\/wp-content\/uploads\/usu503\/2020\/02\/nofc-id-50-768x254.png 768w\" sizes=\"auto, (max-width: 248px) 100vw, 248px\" \/><\/a><\/p>\n<p><img loading=\"lazy\" decoding=\"async\" class=\"wp-image-8881 alignnone\" src=\"https:\/\/agora.xtec.cat\/ceipcreualta\/wp-content\/uploads\/usu503\/2017\/11\/a.png\" alt=\"\" width=\"339\" height=\"76\" srcset=\"https:\/\/agora.xtec.cat\/ceipcreualta\/wp-content\/uploads\/usu503\/2017\/11\/a.png 517w, https:\/\/agora.xtec.cat\/ceipcreualta\/wp-content\/uploads\/usu503\/2017\/11\/a-300x67.png 300w\" sizes=\"auto, (max-width: 339px) 100vw, 339px\" \/><\/p>\n<h6 style=\"text-align: justify;\"><span style=\"color: #000000;\">Les normes d\u2019organitzaci\u00f3 i funcionament de centre (NOFC) s\u00f3n les eines de qu\u00e8 ens hem dotat per regular la vida interna del Centre, i establir de forma clara i coherent les relacions entre els diferents sectors que formen part de la comunitat escolar, plasmant les regles que obliguen a tots els qui d&#8217;una manera o altra participen en l\u2019educaci\u00f3 dels alumnes, per tal de garantir els drets que la legislaci\u00f3 actual els atorga.<\/span><\/h6>\n<h6 style=\"text-align: justify;\"><span style=\"color: #000000;\">Les normes de funcionament apleguen el conjunt d\u2019acords i decisions d\u2019organitzaci\u00f3 i de funcionament que s\u2019adopten per fer possible, en el dia a dia el treball educatiu i de gesti\u00f3 que permet assolir els objectius proposats en el projecte educatiu de Centre i en la seva programaci\u00f3 anual.<\/span><\/h6>\n<h6 style=\"text-align: justify;\"><span style=\"color: #000000;\">En l\u2019elaboraci\u00f3 d\u2019aquest Reglament s\u2019han tingut en compte els seg\u00fcents principis: El desenvolupament de l\u2019educaci\u00f3 i la conviv\u00e8ncia dins d\u2019un marc de toler\u00e0ncia i respecte a la llibertat de l&#8217;individu; assegurar l\u2019ordre intern que permeti assolir amb major plenitud els objectius del nostre Centre; assegurar el correcte compliment de les normes vigents que permetin el respecte els drets dels individus de la comunitat escolar i aix\u00ed mateix el compliment dels deures i obligacions inherents a aquests drets.<\/span><\/h6>\n<h6 style=\"text-align: justify;\"><span style=\"color: #000000;\">En les NOFC del nostre centre queden recollides:<\/span><\/h6>\n<ul style=\"text-align: justify;\">\n<li>\n<h6><span style=\"color: #000000;\">L\u2019estructura organitzativa de govern i de coordinaci\u00f3.<\/span><\/h6>\n<\/li>\n<li>\n<h6><span style=\"color: #000000;\">L\u2019organitzaci\u00f3 pedag\u00f2gica del centre.<\/span><\/h6>\n<\/li>\n<li>\n<h6><span style=\"color: #000000;\">La conviv\u00e8ncia en el centre.<\/span><\/h6>\n<\/li>\n<li>\n<h6><span style=\"color: #000000;\">La col\u00b7laboraci\u00f3 i participaci\u00f3 dels sectors de la comunitat escolar<\/span><\/h6>\n<\/li>\n<li>\n<h6><span style=\"color: #000000;\">Altres aspectes generals d\u2019organitzaci\u00f3 funcionament del centre com: organitzaci\u00f3 d&#8217;horaris, entrades i sortides, l\u2019esbarjo, l\u2019absentisme&#8230;<\/span><\/h6>\n<\/li>\n<\/ul>\n<h6><\/h6>\n<h6 style=\"text-align: justify;\"><span style=\"color: #000000;\">El marc normatiu que regula les NOFC :<\/span><\/h6>\n<ul>\n<li style=\"text-align: justify;\">\n<h6><span style=\"color: #000000;\">Llei org\u00e0nica 2\/2006 del 3 de maig. LOE.<\/span><\/h6>\n<\/li>\n<li style=\"text-align: justify;\">\n<h6><span style=\"color: #000000;\">Llei 12\/2009, del 10 de juliol, d\u2019educaci\u00f3 LEC.<\/span><\/h6>\n<\/li>\n<li style=\"text-align: justify;\">\n<h6><span style=\"color: #000000;\">Decret 102\/2010, de 3 agost, d\u2019autonomia dels centres educatius.<\/span><\/h6>\n<\/li>\n<li style=\"text-align: justify;\">\n<h6><span style=\"color: #000000;\">Decret 279\/2006, de 4 d\u2019abril, sobre drets i deures de l\u2019alumnat i regulaci\u00f3 de la conviv\u00e8ncia en els centres educatius no universitaris de Catalunya, derogat parcialment (art.4 i T\u00edtol IV) pel Decret 10\u00bb\/2010, d\u2019autonomia dels centres educatius.<\/span><\/h6>\n<\/li>\n<li style=\"text-align: justify;\">\n<h6><span style=\"color: #000000;\">Decret 155\/2010, de 2 de novembre, de la direcci\u00f3 de centres educatius i del personal directiu professional docent.<\/span><\/h6>\n<\/li>\n<li>\n<h6 style=\"text-align: justify;\"><span style=\"color: #000000;\">Resolucions que aproven els documents per l\u2019organitzaci\u00f3 i funcionament del centre.<\/span><\/h6>\n<\/li>\n<\/ul>\n<p style=\"text-align: left;\"><img loading=\"lazy\" decoding=\"async\" class=\"wp-image-9679 alignleft\" src=\"https:\/\/agora.xtec.cat\/ceipcreualta\/wp-content\/uploads\/usu503\/2020\/02\/document-icon-36553.png\" alt=\"\" width=\"87\" height=\"87\" srcset=\"https:\/\/agora.xtec.cat\/ceipcreualta\/wp-content\/uploads\/usu503\/2020\/02\/document-icon-36553.png 512w, https:\/\/agora.xtec.cat\/ceipcreualta\/wp-content\/uploads\/usu503\/2020\/02\/document-icon-36553-150x150.png 150w, https:\/\/agora.xtec.cat\/ceipcreualta\/wp-content\/uploads\/usu503\/2020\/02\/document-icon-36553-300x300.png 300w\" sizes=\"auto, (max-width: 87px) 100vw, 87px\" \/><span style=\"color: #993366;\"><a href=\"https:\/\/agora.xtec.cat\/ceipcreualta\/documents-escola\/nfoc\/index-nofc\/\" target=\"_blank\" rel=\"noopener\">NOFC Escola Creu Alta<\/a>\u00a0 \u00a0 <img loading=\"lazy\" decoding=\"async\" class=\"alignnone wp-image-9679\" src=\"https:\/\/agora.xtec.cat\/ceipcreualta\/wp-content\/uploads\/usu503\/2020\/02\/document-icon-36553.png\" alt=\"\" width=\"87\" height=\"87\" srcset=\"https:\/\/agora.xtec.cat\/ceipcreualta\/wp-content\/uploads\/usu503\/2020\/02\/document-icon-36553.png 512w, https:\/\/agora.xtec.cat\/ceipcreualta\/wp-content\/uploads\/usu503\/2020\/02\/document-icon-36553-150x150.png 150w, https:\/\/agora.xtec.cat\/ceipcreualta\/wp-content\/uploads\/usu503\/2020\/02\/document-icon-36553-300x300.png 300w\" sizes=\"auto, (max-width: 87px) 100vw, 87px\" \/><a href=\"https:\/\/agora.xtec.cat\/ceipcreualta\/wp-content\/uploads\/usu503\/2026\/01\/Resum-funcionament-centre-25-26.pdf\" target=\"_blank\" rel=\"noopener\">Resum funcionament de centre<\/a><\/span><br \/>\n<span style=\"color: #993366;\">\u00a0 \u00a0 \u00a0 \u00a0 \u00a0 \u00a0 \u00a0 \u00a0 \u00a0 \u00a0 \u00a0En revisi\u00f3\u00a0<\/span><\/p>\n","protected":false},"excerpt":{"rendered":"<p>Les normes d\u2019organitzaci\u00f3 i funcionament de centre (NOFC) s\u00f3n les eines de qu\u00e8 ens hem dotat per regular la vida interna del Centre, i establir de forma clara i coherent les relacions entre els diferents sectors que formen part de la comunitat escolar, plasmant les regles que obliguen a tots els qui d&#8217;una manera o [&hellip;]<\/p>\n","protected":false},"author":1,"featured_media":0,"parent":9128,"menu_order":0,"comment_status":"closed","ping_status":"closed","template":"","meta":{"_bbp_topic_count":0,"_bbp_reply_count":0,"_bbp_total_topic_count":0,"_bbp_total_reply_count":0,"_bbp_voice_count":0,"_bbp_anonymous_reply_count":0,"_bbp_topic_count_hidden":0,"_bbp_reply_count_hidden":0,"_bbp_forum_subforum_count":0,"site-sidebar-layout":"default","site-content-layout":"","ast-site-content-layout":"default","site-content-style":"default","site-sidebar-style":"default","ast-global-header-display":"","ast-banner-title-visibility":"","ast-main-header-display":"","ast-hfb-above-header-display":"","ast-hfb-below-header-display":"","ast-hfb-mobile-header-display":"","site-post-title":"","ast-breadcrumbs-content":"","ast-featured-img":"","footer-sml-layout":"","theme-transparent-header-meta":"","adv-header-id-meta":"","stick-header-meta":"","header-above-stick-meta":"","header-main-stick-meta":"","header-below-stick-meta":"","astra-migrate-meta-layouts":"set","ast-page-background-enabled":"default","ast-page-background-meta":{"desktop":{"background-color":"var(--ast-global-color-4)","background-image":"","background-repeat":"repeat","background-position":"center center","background-size":"auto","background-attachment":"scroll","background-type":"","background-media":"","overlay-type":"","overlay-color":"","overlay-opacity":"","overlay-gradient":""},"tablet":{"background-color":"","background-image":"","background-repeat":"repeat","background-position":"center center","background-size":"auto","background-attachment":"scroll","background-type":"","background-media":"","overlay-type":"","overlay-color":"","overlay-opacity":"","overlay-gradient":""},"mobile":{"background-color":"","background-image":"","background-repeat":"repeat","background-position":"center center","background-size":"auto","background-attachment":"scroll","background-type":"","background-media":"","overlay-type":"","overlay-color":"","overlay-opacity":"","overlay-gradient":""}},"ast-content-background-meta":{"desktop":{"background-color":"var(--ast-global-color-5)","background-image":"","background-repeat":"repeat","background-position":"center center","background-size":"auto","background-attachment":"scroll","background-type":"","background-media":"","overlay-type":"","overlay-color":"","overlay-opacity":"","overlay-gradient":""},"tablet":{"background-color":"var(--ast-global-color-5)","background-image":"","background-repeat":"repeat","background-position":"center center","background-size":"auto","background-attachment":"scroll","background-type":"","background-media":"","overlay-type":"","overlay-color":"","overlay-opacity":"","overlay-gradient":""},"mobile":{"background-color":"var(--ast-global-color-5)","background-image":"","background-repeat":"repeat","background-position":"center center","background-size":"auto","background-attachment":"scroll","background-type":"","background-media":"","overlay-type":"","overlay-color":"","overlay-opacity":"","overlay-gradient":""}},"footnotes":""},"class_list":["post-9677","page","type-page","status-publish","hentry"],"post_mailing_queue_ids":[],"_links":{"self":[{"href":"https:\/\/agora.xtec.cat\/ceipcreualta\/wp-json\/wp\/v2\/pages\/9677","targetHints":{"allow":["GET"]}}],"collection":[{"href":"https:\/\/agora.xtec.cat\/ceipcreualta\/wp-json\/wp\/v2\/pages"}],"about":[{"href":"https:\/\/agora.xtec.cat\/ceipcreualta\/wp-json\/wp\/v2\/types\/page"}],"author":[{"embeddable":true,"href":"https:\/\/agora.xtec.cat\/ceipcreualta\/wp-json\/wp\/v2\/users\/1"}],"replies":[{"embeddable":true,"href":"https:\/\/agora.xtec.cat\/ceipcreualta\/wp-json\/wp\/v2\/comments?post=9677"}],"version-history":[{"count":6,"href":"https:\/\/agora.xtec.cat\/ceipcreualta\/wp-json\/wp\/v2\/pages\/9677\/revisions"}],"predecessor-version":[{"id":23503,"href":"https:\/\/agora.xtec.cat\/ceipcreualta\/wp-json\/wp\/v2\/pages\/9677\/revisions\/23503"}],"up":[{"embeddable":true,"href":"https:\/\/agora.xtec.cat\/ceipcreualta\/wp-json\/wp\/v2\/pages\/9128"}],"wp:attachment":[{"href":"https:\/\/agora.xtec.cat\/ceipcreualta\/wp-json\/wp\/v2\/media?parent=9677"}],"curies":[{"name":"wp","href":"https:\/\/api.w.org\/{rel}","templated":true}]}}