{"id":34,"date":"2014-09-18T12:32:18","date_gmt":"2014-09-18T12:32:18","guid":{"rendered":"http:\/\/agora.xtec.cat\/ceipcreualta\/?page_id=34"},"modified":"2025-11-06T13:11:50","modified_gmt":"2025-11-06T12:11:50","slug":"comunitats-educatives","status":"publish","type":"page","link":"https:\/\/agora.xtec.cat\/ceipcreualta\/lescola-2\/comunitats-educatives\/","title":{"rendered":"Oferta educativa"},"content":{"rendered":"<p><span style=\"color: #000000;\">L&#8217;escola Creu Alta \u00e9s un centre d&#8217;una l\u00ednia; per tant, hi ha un grup-classe per a cada curs, a excepci\u00f3 de 2n, on n&#8217;hi ha dues (curs 25_26).<\/span><\/p>\n<p><strong><span style=\"color: #000000;\">Comunitat de Petits\u00a0<\/span><\/strong><span style=\"color: #000000;\">(Educaci\u00f3 Infantil)<\/span><\/p>\n<p><span style=\"color: #33cccc;\"><strong>I-3\u00a0 \u00a0<\/strong><strong>I-4\u00a0 \u00a0<\/strong><\/span><strong><span style=\"color: #f5b7b1;\"><span style=\"color: #33cccc;\">I-5<\/span>\u00a0<\/span><\/strong><\/p>\n<p><span style=\"color: #000000;\">A l&#8217;etapa d&#8217;<strong>Educaci\u00f3 Prim\u00e0ria<\/strong> hi ha set grups:<\/span><\/p>\n<p><span style=\"color: #000000;\"><strong>Comunitat de Mitjans\u00a0<\/strong><\/span><\/p>\n<p><strong><span style=\"color: #f5b7b1;\">Primer\u00a0 \u00a0 \u00a0 <\/span><\/strong><strong><span style=\"color: #f5b7b1;\">Segon A i B\u00a0 \u00a0 \u00a0 <\/span><\/strong><strong><span style=\"color: #f5b7b1;\">Tercer<\/span><\/strong><\/p>\n<p><span style=\"color: #000000;\"><strong>Comunitat de Grans<\/strong><\/span><\/p>\n<p><strong><span style=\"color: #f5b7b1;\">Quart\u00a0 \u00a0 <\/span><\/strong><span style=\"color: #f5b7b1;\"><strong>Cinqu\u00e8\u00a0 \u00a0 <\/strong><\/span><span style=\"color: #f5b7b1;\"><strong>Sis\u00e8<\/strong><\/span><\/p>\n","protected":false},"excerpt":{"rendered":"<p>L&#8217;escola Creu Alta \u00e9s un centre d&#8217;una l\u00ednia; per tant, hi ha un grup-classe per a cada curs, a excepci\u00f3 de 2n, on n&#8217;hi ha dues (curs 25_26). Comunitat de Petits\u00a0(Educaci\u00f3 Infantil) I-3\u00a0 \u00a0I-4\u00a0 \u00a0I-5\u00a0 A l&#8217;etapa d&#8217;Educaci\u00f3 Prim\u00e0ria hi ha set grups: Comunitat de Mitjans\u00a0 Primer\u00a0 \u00a0 \u00a0 Segon A i B\u00a0 \u00a0 \u00a0 [&hellip;]<\/p>\n","protected":false},"author":2,"featured_media":0,"parent":9090,"menu_order":60,"comment_status":"closed","ping_status":"closed","template":"","meta":{"_bbp_topic_count":0,"_bbp_reply_count":0,"_bbp_total_topic_count":0,"_bbp_total_reply_count":0,"_bbp_voice_count":0,"_bbp_anonymous_reply_count":0,"_bbp_topic_count_hidden":0,"_bbp_reply_count_hidden":0,"_bbp_forum_subforum_count":0,"site-sidebar-layout":"default","site-content-layout":"","ast-site-content-layout":"default","site-content-style":"default","site-sidebar-style":"default","ast-global-header-display":"","ast-banner-title-visibility":"","ast-main-header-display":"","ast-hfb-above-header-display":"","ast-hfb-below-header-display":"","ast-hfb-mobile-header-display":"","site-post-title":"","ast-breadcrumbs-content":"","ast-featured-img":"","footer-sml-layout":"","theme-transparent-header-meta":"","adv-header-id-meta":"","stick-header-meta":"","header-above-stick-meta":"","header-main-stick-meta":"","header-below-stick-meta":"","astra-migrate-meta-layouts":"set","ast-page-background-enabled":"default","ast-page-background-meta":{"desktop":{"background-color":"var(--ast-global-color-4)","background-image":"","background-repeat":"repeat","background-position":"center center","background-size":"auto","background-attachment":"scroll","background-type":"","background-media":"","overlay-type":"","overlay-color":"","overlay-opacity":"","overlay-gradient":""},"tablet":{"background-color":"","background-image":"","background-repeat":"repeat","background-position":"center center","background-size":"auto","background-attachment":"scroll","background-type":"","background-media":"","overlay-type":"","overlay-color":"","overlay-opacity":"","overlay-gradient":""},"mobile":{"background-color":"","background-image":"","background-repeat":"repeat","background-position":"center center","background-size":"auto","background-attachment":"scroll","background-type":"","background-media":"","overlay-type":"","overlay-color":"","overlay-opacity":"","overlay-gradient":""}},"ast-content-background-meta":{"desktop":{"background-color":"var(--ast-global-color-5)","background-image":"","background-repeat":"repeat","background-position":"center center","background-size":"auto","background-attachment":"scroll","background-type":"","background-media":"","overlay-type":"","overlay-color":"","overlay-opacity":"","overlay-gradient":""},"tablet":{"background-color":"var(--ast-global-color-5)","background-image":"","background-repeat":"repeat","background-position":"center center","background-size":"auto","background-attachment":"scroll","background-type":"","background-media":"","overlay-type":"","overlay-color":"","overlay-opacity":"","overlay-gradient":""},"mobile":{"background-color":"var(--ast-global-color-5)","background-image":"","background-repeat":"repeat","background-position":"center center","background-size":"auto","background-attachment":"scroll","background-type":"","background-media":"","overlay-type":"","overlay-color":"","overlay-opacity":"","overlay-gradient":""}},"footnotes":""},"class_list":["post-34","page","type-page","status-publish","hentry"],"post_mailing_queue_ids":[],"_links":{"self":[{"href":"https:\/\/agora.xtec.cat\/ceipcreualta\/wp-json\/wp\/v2\/pages\/34","targetHints":{"allow":["GET"]}}],"collection":[{"href":"https:\/\/agora.xtec.cat\/ceipcreualta\/wp-json\/wp\/v2\/pages"}],"about":[{"href":"https:\/\/agora.xtec.cat\/ceipcreualta\/wp-json\/wp\/v2\/types\/page"}],"author":[{"embeddable":true,"href":"https:\/\/agora.xtec.cat\/ceipcreualta\/wp-json\/wp\/v2\/users\/2"}],"replies":[{"embeddable":true,"href":"https:\/\/agora.xtec.cat\/ceipcreualta\/wp-json\/wp\/v2\/comments?post=34"}],"version-history":[{"count":6,"href":"https:\/\/agora.xtec.cat\/ceipcreualta\/wp-json\/wp\/v2\/pages\/34\/revisions"}],"predecessor-version":[{"id":22901,"href":"https:\/\/agora.xtec.cat\/ceipcreualta\/wp-json\/wp\/v2\/pages\/34\/revisions\/22901"}],"up":[{"embeddable":true,"href":"https:\/\/agora.xtec.cat\/ceipcreualta\/wp-json\/wp\/v2\/pages\/9090"}],"wp:attachment":[{"href":"https:\/\/agora.xtec.cat\/ceipcreualta\/wp-json\/wp\/v2\/media?parent=34"}],"curies":[{"name":"wp","href":"https:\/\/api.w.org\/{rel}","templated":true}]}}