{"id":73,"date":"2014-09-18T14:01:51","date_gmt":"2014-09-18T13:01:51","guid":{"rendered":"http:\/\/agora.xtec.cat\/ceipcreixa\/?page_id=73"},"modified":"2025-12-01T12:15:51","modified_gmt":"2025-12-01T11:15:51","slug":"menjador-escolar","status":"publish","type":"page","link":"https:\/\/agora.xtec.cat\/ceipcreixa\/serveis\/menjador-escolar\/","title":{"rendered":"Menjador escolar 2025-2026"},"content":{"rendered":"<h2><em>En el seg\u00fcent enlla\u00e7, podeu consultar<\/em><\/h2>\n<p><em><a href=\"https:\/\/agora.xtec.cat\/ceipcreixa\/wp-content\/uploads\/usu1518\/2023\/01\/NORMATIVA-MENJADOR-5.pdf\"><b><\/b><strong>Normativa del menjador<\/strong><\/a><\/em><\/p>\n<p><strong><a href=\"https:\/\/agora.xtec.cat\/ceipcreixa\/wp-content\/uploads\/usu1518\/2025\/09\/menu-basal-setembre-2025_-creixa.pdf\">MENU\u0301\u00a0 SETEMBRE<\/a><\/strong><\/p>\n<p><strong><a href=\"https:\/\/agora.xtec.cat\/ceipcreixa\/wp-content\/uploads\/usu1518\/2025\/09\/menu-basal-octubre-2025_-creixa-3.pdf\">MEN\u00da OCTUBRE<\/a><\/strong><\/p>\n<p><a href=\"https:\/\/agora.xtec.cat\/ceipcreixa\/general\/menu-menjador\/\"><strong>MEN\u00da NOVEMBRE<\/strong> <\/a><\/p>\n<p><a href=\"https:\/\/agora.xtec.cat\/ceipcreixa\/wp-content\/uploads\/usu1518\/2025\/12\/menu-basal-desembre-2025_-creixa-1.pdf\"><strong>MEN\u00da DESEMBRE<\/strong><span style=\"color: #666699;\"><strong> BASAL\u00a0<\/strong><\/span><\/a><\/p>\n<p><a href=\"https:\/\/agora.xtec.cat\/ceipcreixa\/wp-content\/uploads\/usu1518\/2025\/12\/menu-derivades-desembre-2025_-creixa.pdf\"><strong>MEN\u00da DESEMBRE <span style=\"color: #800080;\">DERIVADES<\/span><\/strong><strong><span style=\"color: #800080;\">\u00a0<\/span><\/strong><\/a><\/p>\n","protected":false},"excerpt":{"rendered":"<p>En el seg\u00fcent enlla\u00e7, podeu consultar Normativa del menjador MENU\u0301\u00a0 SETEMBRE MEN\u00da OCTUBRE MEN\u00da NOVEMBRE MEN\u00da DESEMBRE BASAL\u00a0 MEN\u00da DESEMBRE DERIVADES\u00a0<\/p>\n","protected":false},"author":1,"featured_media":0,"parent":66,"menu_order":30,"comment_status":"closed","ping_status":"closed","template":"page-templates\/side-menu.php","meta":{"_bbp_topic_count":0,"_bbp_reply_count":0,"_bbp_total_topic_count":0,"_bbp_total_reply_count":0,"_bbp_voice_count":0,"_bbp_anonymous_reply_count":0,"_bbp_topic_count_hidden":0,"_bbp_reply_count_hidden":0,"_bbp_forum_subforum_count":0,"site-sidebar-layout":"default","site-content-layout":"","ast-site-content-layout":"","site-content-style":"default","site-sidebar-style":"default","ast-global-header-display":"","ast-banner-title-visibility":"","ast-main-header-display":"","ast-hfb-above-header-display":"","ast-hfb-below-header-display":"","ast-hfb-mobile-header-display":"","site-post-title":"","ast-breadcrumbs-content":"","ast-featured-img":"","footer-sml-layout":"","theme-transparent-header-meta":"","adv-header-id-meta":"","stick-header-meta":"","header-above-stick-meta":"","header-main-stick-meta":"","header-below-stick-meta":"","astra-migrate-meta-layouts":"default","ast-page-background-enabled":"default","ast-page-background-meta":{"desktop":{"background-color":"var(--ast-global-color-4)","background-image":"","background-repeat":"repeat","background-position":"center center","background-size":"auto","background-attachment":"scroll","background-type":"","background-media":"","overlay-type":"","overlay-color":"","overlay-opacity":"","overlay-gradient":""},"tablet":{"background-color":"","background-image":"","background-repeat":"repeat","background-position":"center center","background-size":"auto","background-attachment":"scroll","background-type":"","background-media":"","overlay-type":"","overlay-color":"","overlay-opacity":"","overlay-gradient":""},"mobile":{"background-color":"","background-image":"","background-repeat":"repeat","background-position":"center center","background-size":"auto","background-attachment":"scroll","background-type":"","background-media":"","overlay-type":"","overlay-color":"","overlay-opacity":"","overlay-gradient":""}},"ast-content-background-meta":{"desktop":{"background-color":"var(--ast-global-color-5)","background-image":"","background-repeat":"repeat","background-position":"center center","background-size":"auto","background-attachment":"scroll","background-type":"","background-media":"","overlay-type":"","overlay-color":"","overlay-opacity":"","overlay-gradient":""},"tablet":{"background-color":"var(--ast-global-color-5)","background-image":"","background-repeat":"repeat","background-position":"center center","background-size":"auto","background-attachment":"scroll","background-type":"","background-media":"","overlay-type":"","overlay-color":"","overlay-opacity":"","overlay-gradient":""},"mobile":{"background-color":"var(--ast-global-color-5)","background-image":"","background-repeat":"repeat","background-position":"center center","background-size":"auto","background-attachment":"scroll","background-type":"","background-media":"","overlay-type":"","overlay-color":"","overlay-opacity":"","overlay-gradient":""}},"footnotes":""},"class_list":["post-73","page","type-page","status-publish","hentry"],"post_mailing_queue_ids":[],"_links":{"self":[{"href":"https:\/\/agora.xtec.cat\/ceipcreixa\/wp-json\/wp\/v2\/pages\/73","targetHints":{"allow":["GET"]}}],"collection":[{"href":"https:\/\/agora.xtec.cat\/ceipcreixa\/wp-json\/wp\/v2\/pages"}],"about":[{"href":"https:\/\/agora.xtec.cat\/ceipcreixa\/wp-json\/wp\/v2\/types\/page"}],"author":[{"embeddable":true,"href":"https:\/\/agora.xtec.cat\/ceipcreixa\/wp-json\/wp\/v2\/users\/1"}],"replies":[{"embeddable":true,"href":"https:\/\/agora.xtec.cat\/ceipcreixa\/wp-json\/wp\/v2\/comments?post=73"}],"version-history":[{"count":7,"href":"https:\/\/agora.xtec.cat\/ceipcreixa\/wp-json\/wp\/v2\/pages\/73\/revisions"}],"predecessor-version":[{"id":5023,"href":"https:\/\/agora.xtec.cat\/ceipcreixa\/wp-json\/wp\/v2\/pages\/73\/revisions\/5023"}],"up":[{"embeddable":true,"href":"https:\/\/agora.xtec.cat\/ceipcreixa\/wp-json\/wp\/v2\/pages\/66"}],"wp:attachment":[{"href":"https:\/\/agora.xtec.cat\/ceipcreixa\/wp-json\/wp\/v2\/media?parent=73"}],"curies":[{"name":"wp","href":"https:\/\/api.w.org\/{rel}","templated":true}]}}