{"id":554,"date":"2017-10-06T20:01:19","date_gmt":"2017-10-06T18:01:19","guid":{"rendered":"http:\/\/agora.xtec.cat\/ceipcreixa\/?page_id=554"},"modified":"2025-09-17T16:11:32","modified_gmt":"2025-09-17T14:11:32","slug":"equip-de-mestres-personal-no-docent","status":"publish","type":"page","link":"https:\/\/agora.xtec.cat\/ceipcreixa\/equip-de-mestres-personal-no-docent\/","title":{"rendered":"Equip de mestres\/ Personal no docent 2025-2026"},"content":{"rendered":"<p><b>PLANTILLA DE MESTRES I PERSONAL DEL CENTRE <\/b><\/p>\n<p><b>MESTRES TUTORS\/ES:<\/b><\/p>\n<p><strong>INFANTIL<\/strong><\/p>\n<p><strong>I5:<\/strong>\u00a0Merc\u00e8 Robirosa<\/p>\n<p><strong>I4:<\/strong> Paqui Mart\u00ednez<\/p>\n<p><strong>I5:<\/strong> Assumpta Costa<\/p>\n<p><b>PRIM\u00c0RIA<\/b><\/p>\n<p><strong>CICLE INICIAL<\/strong><\/p>\n<p><strong>1r:<\/strong> Mari Luz Aranda<\/p>\n<p><strong>2n:<\/strong> Eva Ruiz<\/p>\n<p><strong>CICLE MITJ\u00c0<\/strong><\/p>\n<p><strong>3r:<\/strong>Gemma Torres<\/p>\n<p><strong>4t:<\/strong>\u00a0 Alicia Garc\u00eda<\/p>\n<p><b>CICLE SUPERIOR\u00a0<\/b><\/p>\n<p style=\"font-family: 'Helvetica Neue', Helvetica, Helvetica, Arial, sans-serif; font-size: 16px;\"><strong>5\u00e8 i <\/strong><strong>6\u00e8:<\/strong> M\u00aa \u00c0ngels Reyes<\/p>\n<p><b>Suport <\/b>\u00a0Alba Montero, Meritxell Biosca i Nacho Casado<\/p>\n<p><b>Mestra de religi\u00f3\u00a0 <\/b>Maria Mora<b> \/ <\/b>Inma Cladellas<\/p>\n<p><b>Educaci\u00f3 especial\u00a0<\/b> Gemma Millan i Neus Mir\u00f3<\/p>\n<p><b>Llengua anglesa\u00a0<\/b>\u00a0 Nacho Casado \/ Arianna Pel\u00e1ez<\/p>\n<p><strong>M\u00fasica<\/strong>\u00a0 Joan Garcia<\/p>\n<p><strong>Physical Education<\/strong> Meritxell Biosca<\/p>\n<p>&nbsp;<\/p>\n<p>&nbsp;<\/p>\n<p><b>COMPOSICI\u00d3 DE L\u2019EQUIP DIRECTIU<\/b><\/p>\n<p><b>Direcci\u00f3\u00a0<\/b><span style=\"font-weight: 400;\"> Neus Mir\u00f3<\/span><\/p>\n<p><b>Cap d\u2019estudis \u00a0<\/b><span style=\"font-weight: 400;\"> Eva Ruiz<\/span><\/p>\n<p><b>Secretaria\u00a0\u00a0<\/b><span style=\"font-weight: 400;\"> Paqui Mart\u00ednez<\/span><\/p>\n<p>&nbsp;<\/p>\n<p><b>SERVEIS EXTERNS AL CENTRE<\/b><\/p>\n<p><b>Psic\u00f2loga de l\u2019EAP (Equip d\u2019assessorament i orientaci\u00f3 psicopedag\u00f2gica) \u00a0\u00a0<\/b>Diana Sanfeliu<\/p>\n<p><strong>Logopeda del CREDA<\/strong>\u00a0 Miriam Alc\u00f3n<\/p>\n<p><strong>Vetlladora<\/strong> Jana Sal\u00f3<\/p>\n<p>&nbsp;<\/p>\n<p>&nbsp;<\/p>\n<p><b>PERSONAL NO DOCENT<\/b><\/p>\n<p><b>Conserge\u00a0<\/b><span style=\"font-weight: 400;\"> Ana D\u00edaz<\/span><\/p>\n<p><b>Cap de monitores de menjador\u00a0 <\/b>Cristina Fern\u00e1ndez<b><br \/>\n<\/b><\/p>\n<p><strong>Monitores de menjador\u00a0<\/strong> Joana Viudes<\/p>\n<p><b>Servei de neteja\u00a0 <\/b><span style=\"font-weight: 400;\">Anabel Plaza<\/span><\/p>\n<p>&nbsp;<\/p>\n","protected":false},"excerpt":{"rendered":"<p>PLANTILLA DE MESTRES I PERSONAL DEL CENTRE MESTRES TUTORS\/ES: INFANTIL I5:\u00a0Merc\u00e8 Robirosa I4: Paqui Mart\u00ednez I5: Assumpta Costa PRIM\u00c0RIA CICLE INICIAL 1r: Mari Luz Aranda 2n: Eva Ruiz CICLE MITJ\u00c0 3r:Gemma Torres 4t:\u00a0 Alicia Garc\u00eda CICLE SUPERIOR\u00a0 5\u00e8 i 6\u00e8: M\u00aa \u00c0ngels Reyes Suport \u00a0Alba Montero, Meritxell Biosca i Nacho Casado Mestra de religi\u00f3\u00a0 Maria [&hellip;]<\/p>\n","protected":false},"author":1,"featured_media":0,"parent":0,"menu_order":0,"comment_status":"closed","ping_status":"closed","template":"","meta":{"_bbp_topic_count":0,"_bbp_reply_count":0,"_bbp_total_topic_count":0,"_bbp_total_reply_count":0,"_bbp_voice_count":0,"_bbp_anonymous_reply_count":0,"_bbp_topic_count_hidden":0,"_bbp_reply_count_hidden":0,"_bbp_forum_subforum_count":0,"site-sidebar-layout":"default","site-content-layout":"","ast-site-content-layout":"","site-content-style":"default","site-sidebar-style":"default","ast-global-header-display":"","ast-banner-title-visibility":"","ast-main-header-display":"","ast-hfb-above-header-display":"","ast-hfb-below-header-display":"","ast-hfb-mobile-header-display":"","site-post-title":"","ast-breadcrumbs-content":"","ast-featured-img":"","footer-sml-layout":"","theme-transparent-header-meta":"","adv-header-id-meta":"","stick-header-meta":"","header-above-stick-meta":"","header-main-stick-meta":"","header-below-stick-meta":"","astra-migrate-meta-layouts":"default","ast-page-background-enabled":"default","ast-page-background-meta":{"desktop":{"background-color":"var(--ast-global-color-4)","background-image":"","background-repeat":"repeat","background-position":"center center","background-size":"auto","background-attachment":"scroll","background-type":"","background-media":"","overlay-type":"","overlay-color":"","overlay-opacity":"","overlay-gradient":""},"tablet":{"background-color":"","background-image":"","background-repeat":"repeat","background-position":"center center","background-size":"auto","background-attachment":"scroll","background-type":"","background-media":"","overlay-type":"","overlay-color":"","overlay-opacity":"","overlay-gradient":""},"mobile":{"background-color":"","background-image":"","background-repeat":"repeat","background-position":"center center","background-size":"auto","background-attachment":"scroll","background-type":"","background-media":"","overlay-type":"","overlay-color":"","overlay-opacity":"","overlay-gradient":""}},"ast-content-background-meta":{"desktop":{"background-color":"var(--ast-global-color-5)","background-image":"","background-repeat":"repeat","background-position":"center center","background-size":"auto","background-attachment":"scroll","background-type":"","background-media":"","overlay-type":"","overlay-color":"","overlay-opacity":"","overlay-gradient":""},"tablet":{"background-color":"var(--ast-global-color-5)","background-image":"","background-repeat":"repeat","background-position":"center center","background-size":"auto","background-attachment":"scroll","background-type":"","background-media":"","overlay-type":"","overlay-color":"","overlay-opacity":"","overlay-gradient":""},"mobile":{"background-color":"var(--ast-global-color-5)","background-image":"","background-repeat":"repeat","background-position":"center center","background-size":"auto","background-attachment":"scroll","background-type":"","background-media":"","overlay-type":"","overlay-color":"","overlay-opacity":"","overlay-gradient":""}},"footnotes":""},"class_list":["post-554","page","type-page","status-publish","hentry"],"post_mailing_queue_ids":[],"_links":{"self":[{"href":"https:\/\/agora.xtec.cat\/ceipcreixa\/wp-json\/wp\/v2\/pages\/554","targetHints":{"allow":["GET"]}}],"collection":[{"href":"https:\/\/agora.xtec.cat\/ceipcreixa\/wp-json\/wp\/v2\/pages"}],"about":[{"href":"https:\/\/agora.xtec.cat\/ceipcreixa\/wp-json\/wp\/v2\/types\/page"}],"author":[{"embeddable":true,"href":"https:\/\/agora.xtec.cat\/ceipcreixa\/wp-json\/wp\/v2\/users\/1"}],"replies":[{"embeddable":true,"href":"https:\/\/agora.xtec.cat\/ceipcreixa\/wp-json\/wp\/v2\/comments?post=554"}],"version-history":[{"count":10,"href":"https:\/\/agora.xtec.cat\/ceipcreixa\/wp-json\/wp\/v2\/pages\/554\/revisions"}],"predecessor-version":[{"id":4928,"href":"https:\/\/agora.xtec.cat\/ceipcreixa\/wp-json\/wp\/v2\/pages\/554\/revisions\/4928"}],"wp:attachment":[{"href":"https:\/\/agora.xtec.cat\/ceipcreixa\/wp-json\/wp\/v2\/media?parent=554"}],"curies":[{"name":"wp","href":"https:\/\/api.w.org\/{rel}","templated":true}]}}