{"id":73,"date":"2014-09-18T14:01:51","date_gmt":"2014-09-18T13:01:51","guid":{"rendered":"http:\/\/agora.xtec.cat\/ceipcorderoure\/?page_id=73"},"modified":"2025-07-08T12:22:57","modified_gmt":"2025-07-08T10:22:57","slug":"menjador-escolar","status":"publish","type":"page","link":"https:\/\/agora.xtec.cat\/ceipcorderoure\/serveis\/menjador-escolar\/","title":{"rendered":"Menjador escolar"},"content":{"rendered":"<p>L\u2019empresa \u201c7 i tria\u201d t\u00e9 la concessi\u00f3 del menjador sota la gesti\u00f3 de l\u2019AFA. L\u2019horari de menjador \u00e9s de 12:30h a 15:00h pels nens i nenes d&#8217;infantil i\u00a0 de prim\u00e0ria.<\/p>\n<p>Tamb\u00e9 fan \u00fas d\u2019aquest servei els mestres del centre que volen.<\/p>\n<p>Hi ha nou monitors\/es, una coordinadora que a la vegada \u00e9s monitora, una cuinera i una auxiliar de cuina.<\/p>\n<p>Hi ha un projecte educatiu de menjador que es pot consultar a direcci\u00f3.<\/p>\n<p>Hi ha men\u00fas adequats a diferents necessitats: intoler\u00e0ncies aliment\u00e0ries, cel\u00edacs, diab\u00e8tics&#8230; i creences religioses.<\/p>\n<p>La fitxa d&#8217;inscripci\u00f3 de menjador es fa a trav\u00e9s de la web de 7 i tria. Les quotes es cobren per domiciliaci\u00f3 banc\u00e0ria, que es paga per avan\u00e7at, o en alguns casos per transfer\u00e8ncia. Qualsevol incid\u00e8ncia es regularitza a mes ven\u00e7ut.<\/p>\n<p><strong>El preu del servei de menjador \u00e9s de 7,54 euros pels alumnes fixes<\/strong>,<strong> i de 8,29 euros pels alumnes espor\u00e0dics.<\/strong><\/p>\n<p>Les quotes s\u00f3n mensuals i es cobren en funci\u00f3 dels dies amortitzats del mes que correspon.<\/p>\n<p>Els alumnes de menjador no poden sortir del recinte escolar sense autoritzaci\u00f3 pr\u00e8via.<\/p>\n<p>Les monitores organitzen activitats, din\u00e0miques i tallers en horari de menjador.<\/p>\n<p>Alguns dels projectes treballats s\u00f3n: el pati que somio, el servim-nos com a casa (nom\u00e9s amb els infants de 4t, 5\u00e8 i 6\u00e8) i els espais educatius i transformadors adaptats cadascun d&#8217;ells a les edats dels infants i a la naturalesa del grup. Tamb\u00e9 celebren totes les festes populars,\u00a0 tenen els postres d&#8217;aniversari i moltes altres din\u00e0miques.<\/p>\n<p>A l&#8217;espai de menjador cuinen emocions, \u00e9s una estona serena, amb molt bon clima i amb un lleure educatiu i de qualitat.<\/p>\n<p>Des de la mateixa empresa s&#8217;ofereix el\u00a0 servei d&#8217;acollida matinal, amb inscripcions fixes o de manera espor\u00e0dica, gestionades tamb\u00e9 per la web de 7 i tria.<\/p>\n<p>Per m\u00e9s informaci\u00f3 podeu consultar la <a href=\"https:\/\/drive.google.com\/file\/d\/1WKvUprJX6EGBTqU3pW8iQLJYzhYWKcPt\/view?usp=sharing\">revista.<\/a><\/p>\n<p>Els <a href=\"https:\/\/drive.google.com\/file\/d\/1cOK6ueBsAOc5sCYMYp8krU4f8tvhYSQe\/view?usp=sharing\">men\u00fas<\/a> arriben a les fam\u00edlies per correu electr\u00f2nic o es pengen tan al bloc com a la web de manera bimensual.<\/p>\n<p><strong>Visita\u00a0 <span class=\"\">7 I TRIA <\/span>a internet i a les xarxes socials:<\/strong><\/p>\n<ul>\n<li><a href=\"https:\/\/www.facebook.com\/ecoataula\/\" target=\"_blank\" rel=\"noopener noreferrer\">Facebook 7 i tria<\/a><\/li>\n<li><a href=\"https:\/\/www.7itria.cat\/\" target=\"_blank\" rel=\"noopener noreferrer\">Web 7 i tria<\/a><\/li>\n<li>Intagram 7 i tria: @7itria<\/li>\n<\/ul>\n<p>&nbsp;<\/p>\n<p>&nbsp;<\/p>\n","protected":false},"excerpt":{"rendered":"<p>L\u2019empresa \u201c7 i tria\u201d t\u00e9 la concessi\u00f3 del menjador sota la gesti\u00f3 de l\u2019AFA. L\u2019horari de menjador \u00e9s de 12:30h a 15:00h pels nens i nenes d&#8217;infantil i\u00a0 de prim\u00e0ria.<br \/>\nTamb\u00e9 fan \u00fas d\u2019aquest servei els mestres del centre que volen.<br \/>\nHi ha nou monitors\/es, una coordinadora&hellip;  <a href=\"https:\/\/agora.xtec.cat\/ceipcorderoure\/serveis\/menjador-escolar\/\" title=\"Read Menjador escolar\">Llegeix m\u00e9s\u00bb<\/a><\/p>\n","protected":false},"author":1,"featured_media":0,"parent":66,"menu_order":2,"comment_status":"closed","ping_status":"closed","template":"page-templates\/side-menu.php","meta":{"_bbp_topic_count":0,"_bbp_reply_count":0,"_bbp_total_topic_count":0,"_bbp_total_reply_count":0,"_bbp_voice_count":0,"_bbp_anonymous_reply_count":0,"_bbp_topic_count_hidden":0,"_bbp_reply_count_hidden":0,"_bbp_forum_subforum_count":0,"footnotes":""},"class_list":["post-73","page","type-page","status-publish","hentry"],"post_mailing_queue_ids":[],"_links":{"self":[{"href":"https:\/\/agora.xtec.cat\/ceipcorderoure\/wp-json\/wp\/v2\/pages\/73","targetHints":{"allow":["GET"]}}],"collection":[{"href":"https:\/\/agora.xtec.cat\/ceipcorderoure\/wp-json\/wp\/v2\/pages"}],"about":[{"href":"https:\/\/agora.xtec.cat\/ceipcorderoure\/wp-json\/wp\/v2\/types\/page"}],"author":[{"embeddable":true,"href":"https:\/\/agora.xtec.cat\/ceipcorderoure\/wp-json\/wp\/v2\/users\/1"}],"replies":[{"embeddable":true,"href":"https:\/\/agora.xtec.cat\/ceipcorderoure\/wp-json\/wp\/v2\/comments?post=73"}],"version-history":[{"count":7,"href":"https:\/\/agora.xtec.cat\/ceipcorderoure\/wp-json\/wp\/v2\/pages\/73\/revisions"}],"predecessor-version":[{"id":5989,"href":"https:\/\/agora.xtec.cat\/ceipcorderoure\/wp-json\/wp\/v2\/pages\/73\/revisions\/5989"}],"up":[{"embeddable":true,"href":"https:\/\/agora.xtec.cat\/ceipcorderoure\/wp-json\/wp\/v2\/pages\/66"}],"wp:attachment":[{"href":"https:\/\/agora.xtec.cat\/ceipcorderoure\/wp-json\/wp\/v2\/media?parent=73"}],"curies":[{"name":"wp","href":"https:\/\/api.w.org\/{rel}","templated":true}]}}