{"id":7,"date":"2014-09-17T15:07:41","date_gmt":"2014-09-17T14:07:41","guid":{"rendered":"http:\/\/agora.xtec.cat\/ceipcorderoure\/?page_id=7"},"modified":"2021-12-15T22:45:11","modified_gmt":"2021-12-15T21:45:11","slug":"pagines-dinici","status":"publish","type":"page","link":"https:\/\/agora.xtec.cat\/ceipcorderoure\/lescola\/pagines-dinici\/","title":{"rendered":"SORTIDA A LES COVES DE L&#8217;ESPLUGA"},"content":{"rendered":"<p>Feia quasi 2 anys que no f\u00e8iem cap excursi\u00f3 amb els companys de classe. Finalment, ahir dimarts 14 de desembre, el grup de Mitjans, vam anar a les coves de la Font Major de l&#8217;Espluga de Francol\u00ed.<\/p>\n<p>Primerament vam visitar les coves, on uns monitors molt simp\u00e0tics ens van explicar com vivien els prehist\u00f2rics: com es\u00a0 feien les robes, qu\u00e8 menjaven&#8230;<\/p>\n<p>M\u00e9s tard v\u00e0rem fer un taller d&#8217;arqueologia que vam fer servir estris com el pinzell, la pala i un pic petit. Tota la terra que tr\u00e8iem de l&#8217;excavaci\u00f3 la pass\u00e0vem per un garbell\u00a0 i aqu\u00ed \u00e9s\u00a0 ens vam\u00a0 trobar\u00a0 trossos de cer\u00e0mica, ossos i ullals de senglar. La veritat \u00e9s que ens va encantar fer d&#8217;arque\u00f2legs!<\/p>\n<p>I despr\u00e9s del gran treball, el\u00a0 dinar ja ens esperava!<\/p>\n<p>Ens encanta fer excursions amb els amics.<br \/>\nAviat hi tornarem!<a href=\"https:\/\/agora.xtec.cat\/ceipcorderoure\/wp-content\/uploads\/usu709\/2021\/12\/IMG_20211214_122324_986.jpg\"><img loading=\"lazy\" decoding=\"async\" class=\"alignnone size-full wp-image-4176\" src=\"https:\/\/agora.xtec.cat\/ceipcorderoure\/wp-content\/uploads\/usu709\/2021\/12\/IMG_20211214_122324_986.jpg\" alt=\"\" width=\"416\" height=\"312\" srcset=\"https:\/\/agora.xtec.cat\/ceipcorderoure\/wp-content\/uploads\/usu709\/2021\/12\/IMG_20211214_122324_986.jpg 416w, https:\/\/agora.xtec.cat\/ceipcorderoure\/wp-content\/uploads\/usu709\/2021\/12\/IMG_20211214_122324_986-300x225.jpg 300w, https:\/\/agora.xtec.cat\/ceipcorderoure\/wp-content\/uploads\/usu709\/2021\/12\/IMG_20211214_122324_986-200x150.jpg 200w\" sizes=\"auto, (max-width: 416px) 100vw, 416px\" \/><\/a><\/p>\n<p>Si voleu veure les fotos, cliqueu <a href=\"https:\/\/drive.google.com\/drive\/folders\/1bEnpX9xtHGNFRPCJKBEvrAH3DNadtvNh?usp=sharing\">aqu\u00ed<\/a><\/p>\n<p>Grup de Mitjans<\/p>\n","protected":false},"excerpt":{"rendered":"<p>Feia quasi 2 anys que no f\u00e8iem cap excursi\u00f3 amb els companys de classe. Finalment, ahir dimarts 14 de desembre, el grup de Mitjans, vam anar a les coves de la Font Major de l&#8217;Espluga de Francol\u00ed.<br \/>\nPrimerament vam visitar les coves, on uns monitors molt&hellip;  <a href=\"https:\/\/agora.xtec.cat\/ceipcorderoure\/lescola\/pagines-dinici\/\" title=\"Read SORTIDA A LES COVES DE L&#8217;ESPLUGA\">Llegeix m\u00e9s\u00bb<\/a><\/p>\n","protected":false},"author":1,"featured_media":0,"parent":22,"menu_order":0,"comment_status":"closed","ping_status":"closed","template":"page-templates\/front-page.php","meta":{"_bbp_topic_count":0,"_bbp_reply_count":0,"_bbp_total_topic_count":0,"_bbp_total_reply_count":0,"_bbp_voice_count":0,"_bbp_anonymous_reply_count":0,"_bbp_topic_count_hidden":0,"_bbp_reply_count_hidden":0,"_bbp_forum_subforum_count":0,"footnotes":""},"class_list":["post-7","page","type-page","status-publish","hentry"],"post_mailing_queue_ids":[],"_links":{"self":[{"href":"https:\/\/agora.xtec.cat\/ceipcorderoure\/wp-json\/wp\/v2\/pages\/7","targetHints":{"allow":["GET"]}}],"collection":[{"href":"https:\/\/agora.xtec.cat\/ceipcorderoure\/wp-json\/wp\/v2\/pages"}],"about":[{"href":"https:\/\/agora.xtec.cat\/ceipcorderoure\/wp-json\/wp\/v2\/types\/page"}],"author":[{"embeddable":true,"href":"https:\/\/agora.xtec.cat\/ceipcorderoure\/wp-json\/wp\/v2\/users\/1"}],"replies":[{"embeddable":true,"href":"https:\/\/agora.xtec.cat\/ceipcorderoure\/wp-json\/wp\/v2\/comments?post=7"}],"version-history":[{"count":4,"href":"https:\/\/agora.xtec.cat\/ceipcorderoure\/wp-json\/wp\/v2\/pages\/7\/revisions"}],"predecessor-version":[{"id":4187,"href":"https:\/\/agora.xtec.cat\/ceipcorderoure\/wp-json\/wp\/v2\/pages\/7\/revisions\/4187"}],"up":[{"embeddable":true,"href":"https:\/\/agora.xtec.cat\/ceipcorderoure\/wp-json\/wp\/v2\/pages\/22"}],"wp:attachment":[{"href":"https:\/\/agora.xtec.cat\/ceipcorderoure\/wp-json\/wp\/v2\/media?parent=7"}],"curies":[{"name":"wp","href":"https:\/\/api.w.org\/{rel}","templated":true}]}}