{"id":4866,"date":"2022-07-08T21:29:03","date_gmt":"2022-07-08T19:29:03","guid":{"rendered":"https:\/\/agora.xtec.cat\/ceipcorderoure\/?page_id=4866"},"modified":"2022-10-25T13:29:47","modified_gmt":"2022-10-25T11:29:47","slug":"pixton","status":"publish","type":"page","link":"https:\/\/agora.xtec.cat\/ceipcorderoure\/tallers\/pixton\/","title":{"rendered":"Digital"},"content":{"rendered":"<p>&nbsp;<\/p>\n<p>&nbsp;<\/p>\n<p style=\"text-align: center;\"><strong>CURS 21-22: PIXTON<\/strong><\/p>\n<p style=\"text-align: center;\">En aquest taller els alumnes de l&#8217;escola utilitzen l&#8217;eina digital PIXTON per crear c\u00f2mics en format online.<\/p>\n<p>Els alumnes es crearan un avatar a l&#8217;applicaci\u00f3 que formar\u00e0 part de la classe virtual. Quan ho tinguin enllestit, posaran en pr\u00e0ctica la seva creativitat, destressa digital i expressi\u00f3 escrita en llengua castellana tot creant un c\u00f2mic ben original.<\/p>\n<p>En acabat, presentaran els seus treballs als companys i companyes.<\/p>\n<p><a href=\"https:\/\/agora.xtec.cat\/ceipcorderoure\/wp-content\/uploads\/usu709\/2022\/07\/pixton-foto-de-clase-cinque-grup-3-1.png\"><img loading=\"lazy\" decoding=\"async\" class=\"alignnone size-large wp-image-4867\" src=\"https:\/\/agora.xtec.cat\/ceipcorderoure\/wp-content\/uploads\/usu709\/2022\/07\/pixton-foto-de-clase-cinque-grup-3-1-1024x502.png\" alt=\"\" width=\"1024\" height=\"502\" srcset=\"https:\/\/agora.xtec.cat\/ceipcorderoure\/wp-content\/uploads\/usu709\/2022\/07\/pixton-foto-de-clase-cinque-grup-3-1-1024x502.png 1024w, https:\/\/agora.xtec.cat\/ceipcorderoure\/wp-content\/uploads\/usu709\/2022\/07\/pixton-foto-de-clase-cinque-grup-3-1-300x147.png 300w, https:\/\/agora.xtec.cat\/ceipcorderoure\/wp-content\/uploads\/usu709\/2022\/07\/pixton-foto-de-clase-cinque-grup-3-1-768x377.png 768w, https:\/\/agora.xtec.cat\/ceipcorderoure\/wp-content\/uploads\/usu709\/2022\/07\/pixton-foto-de-clase-cinque-grup-3-1.png 1280w\" sizes=\"auto, (max-width: 1024px) 100vw, 1024px\" \/><\/a> <a href=\"https:\/\/agora.xtec.cat\/ceipcorderoure\/wp-content\/uploads\/usu709\/2022\/07\/WhatsApp-Image-2022-07-08-at-21.10.32.jpeg\"><img loading=\"lazy\" decoding=\"async\" class=\"alignnone size-large wp-image-4868\" src=\"https:\/\/agora.xtec.cat\/ceipcorderoure\/wp-content\/uploads\/usu709\/2022\/07\/WhatsApp-Image-2022-07-08-at-21.10.32-1024x768.jpeg\" alt=\"\" width=\"1024\" height=\"768\" srcset=\"https:\/\/agora.xtec.cat\/ceipcorderoure\/wp-content\/uploads\/usu709\/2022\/07\/WhatsApp-Image-2022-07-08-at-21.10.32-1024x768.jpeg 1024w, https:\/\/agora.xtec.cat\/ceipcorderoure\/wp-content\/uploads\/usu709\/2022\/07\/WhatsApp-Image-2022-07-08-at-21.10.32-300x225.jpeg 300w, https:\/\/agora.xtec.cat\/ceipcorderoure\/wp-content\/uploads\/usu709\/2022\/07\/WhatsApp-Image-2022-07-08-at-21.10.32-768x576.jpeg 768w, https:\/\/agora.xtec.cat\/ceipcorderoure\/wp-content\/uploads\/usu709\/2022\/07\/WhatsApp-Image-2022-07-08-at-21.10.32-1536x1152.jpeg 1536w, https:\/\/agora.xtec.cat\/ceipcorderoure\/wp-content\/uploads\/usu709\/2022\/07\/WhatsApp-Image-2022-07-08-at-21.10.32-200x150.jpeg 200w, https:\/\/agora.xtec.cat\/ceipcorderoure\/wp-content\/uploads\/usu709\/2022\/07\/WhatsApp-Image-2022-07-08-at-21.10.32.jpeg 2000w\" sizes=\"auto, (max-width: 1024px) 100vw, 1024px\" \/><\/a> <a href=\"https:\/\/agora.xtec.cat\/ceipcorderoure\/wp-content\/uploads\/usu709\/2022\/07\/WhatsApp-Image-2022-07-08-at-21.10.33-2.jpeg\"><img loading=\"lazy\" decoding=\"async\" class=\"alignnone size-large wp-image-4869\" src=\"https:\/\/agora.xtec.cat\/ceipcorderoure\/wp-content\/uploads\/usu709\/2022\/07\/WhatsApp-Image-2022-07-08-at-21.10.33-2-1024x768.jpeg\" alt=\"\" width=\"1024\" height=\"768\" srcset=\"https:\/\/agora.xtec.cat\/ceipcorderoure\/wp-content\/uploads\/usu709\/2022\/07\/WhatsApp-Image-2022-07-08-at-21.10.33-2-1024x768.jpeg 1024w, https:\/\/agora.xtec.cat\/ceipcorderoure\/wp-content\/uploads\/usu709\/2022\/07\/WhatsApp-Image-2022-07-08-at-21.10.33-2-300x225.jpeg 300w, https:\/\/agora.xtec.cat\/ceipcorderoure\/wp-content\/uploads\/usu709\/2022\/07\/WhatsApp-Image-2022-07-08-at-21.10.33-2-768x576.jpeg 768w, https:\/\/agora.xtec.cat\/ceipcorderoure\/wp-content\/uploads\/usu709\/2022\/07\/WhatsApp-Image-2022-07-08-at-21.10.33-2-1536x1152.jpeg 1536w, https:\/\/agora.xtec.cat\/ceipcorderoure\/wp-content\/uploads\/usu709\/2022\/07\/WhatsApp-Image-2022-07-08-at-21.10.33-2-200x150.jpeg 200w, https:\/\/agora.xtec.cat\/ceipcorderoure\/wp-content\/uploads\/usu709\/2022\/07\/WhatsApp-Image-2022-07-08-at-21.10.33-2.jpeg 2000w\" sizes=\"auto, (max-width: 1024px) 100vw, 1024px\" \/><\/a> <a href=\"https:\/\/agora.xtec.cat\/ceipcorderoure\/wp-content\/uploads\/usu709\/2022\/07\/WhatsApp-Image-2022-07-08-at-21.10.33-1.jpeg\"><img loading=\"lazy\" decoding=\"async\" class=\"alignnone size-large wp-image-4870\" src=\"https:\/\/agora.xtec.cat\/ceipcorderoure\/wp-content\/uploads\/usu709\/2022\/07\/WhatsApp-Image-2022-07-08-at-21.10.33-1-1024x768.jpeg\" alt=\"\" width=\"1024\" height=\"768\" srcset=\"https:\/\/agora.xtec.cat\/ceipcorderoure\/wp-content\/uploads\/usu709\/2022\/07\/WhatsApp-Image-2022-07-08-at-21.10.33-1-1024x768.jpeg 1024w, https:\/\/agora.xtec.cat\/ceipcorderoure\/wp-content\/uploads\/usu709\/2022\/07\/WhatsApp-Image-2022-07-08-at-21.10.33-1-300x225.jpeg 300w, https:\/\/agora.xtec.cat\/ceipcorderoure\/wp-content\/uploads\/usu709\/2022\/07\/WhatsApp-Image-2022-07-08-at-21.10.33-1-768x576.jpeg 768w, https:\/\/agora.xtec.cat\/ceipcorderoure\/wp-content\/uploads\/usu709\/2022\/07\/WhatsApp-Image-2022-07-08-at-21.10.33-1-1536x1152.jpeg 1536w, https:\/\/agora.xtec.cat\/ceipcorderoure\/wp-content\/uploads\/usu709\/2022\/07\/WhatsApp-Image-2022-07-08-at-21.10.33-1-200x150.jpeg 200w, https:\/\/agora.xtec.cat\/ceipcorderoure\/wp-content\/uploads\/usu709\/2022\/07\/WhatsApp-Image-2022-07-08-at-21.10.33-1.jpeg 2000w\" sizes=\"auto, (max-width: 1024px) 100vw, 1024px\" \/><\/a> <a href=\"https:\/\/agora.xtec.cat\/ceipcorderoure\/wp-content\/uploads\/usu709\/2022\/07\/Captura-de-pantalla-2022-07-08-211752.jpg\"><img loading=\"lazy\" decoding=\"async\" class=\"alignnone size-large wp-image-4871\" src=\"https:\/\/agora.xtec.cat\/ceipcorderoure\/wp-content\/uploads\/usu709\/2022\/07\/Captura-de-pantalla-2022-07-08-211752.jpg\" alt=\"\" width=\"955\" height=\"658\" srcset=\"https:\/\/agora.xtec.cat\/ceipcorderoure\/wp-content\/uploads\/usu709\/2022\/07\/Captura-de-pantalla-2022-07-08-211752.jpg 955w, https:\/\/agora.xtec.cat\/ceipcorderoure\/wp-content\/uploads\/usu709\/2022\/07\/Captura-de-pantalla-2022-07-08-211752-300x207.jpg 300w, https:\/\/agora.xtec.cat\/ceipcorderoure\/wp-content\/uploads\/usu709\/2022\/07\/Captura-de-pantalla-2022-07-08-211752-768x529.jpg 768w\" sizes=\"auto, (max-width: 955px) 100vw, 955px\" \/><\/a> <a href=\"https:\/\/agora.xtec.cat\/ceipcorderoure\/wp-content\/uploads\/usu709\/2022\/07\/Captura-de-pantalla-2022-07-08-212128.jpg\"><img loading=\"lazy\" decoding=\"async\" class=\"alignnone size-large wp-image-4872\" src=\"https:\/\/agora.xtec.cat\/ceipcorderoure\/wp-content\/uploads\/usu709\/2022\/07\/Captura-de-pantalla-2022-07-08-212128.jpg\" alt=\"\" width=\"903\" height=\"618\" srcset=\"https:\/\/agora.xtec.cat\/ceipcorderoure\/wp-content\/uploads\/usu709\/2022\/07\/Captura-de-pantalla-2022-07-08-212128.jpg 903w, https:\/\/agora.xtec.cat\/ceipcorderoure\/wp-content\/uploads\/usu709\/2022\/07\/Captura-de-pantalla-2022-07-08-212128-300x205.jpg 300w, https:\/\/agora.xtec.cat\/ceipcorderoure\/wp-content\/uploads\/usu709\/2022\/07\/Captura-de-pantalla-2022-07-08-212128-768x526.jpg 768w\" sizes=\"auto, (max-width: 903px) 100vw, 903px\" \/><\/a> <a href=\"https:\/\/agora.xtec.cat\/ceipcorderoure\/wp-content\/uploads\/usu709\/2022\/07\/Captura-de-pantalla-2022-07-08-212311.jpg\"><img loading=\"lazy\" decoding=\"async\" class=\"alignnone size-large wp-image-4873\" src=\"https:\/\/agora.xtec.cat\/ceipcorderoure\/wp-content\/uploads\/usu709\/2022\/07\/Captura-de-pantalla-2022-07-08-212311.jpg\" alt=\"\" width=\"937\" height=\"655\" srcset=\"https:\/\/agora.xtec.cat\/ceipcorderoure\/wp-content\/uploads\/usu709\/2022\/07\/Captura-de-pantalla-2022-07-08-212311.jpg 937w, https:\/\/agora.xtec.cat\/ceipcorderoure\/wp-content\/uploads\/usu709\/2022\/07\/Captura-de-pantalla-2022-07-08-212311-300x210.jpg 300w, https:\/\/agora.xtec.cat\/ceipcorderoure\/wp-content\/uploads\/usu709\/2022\/07\/Captura-de-pantalla-2022-07-08-212311-768x537.jpg 768w\" sizes=\"auto, (max-width: 937px) 100vw, 937px\" \/><\/a> <a href=\"https:\/\/agora.xtec.cat\/ceipcorderoure\/wp-content\/uploads\/usu709\/2022\/07\/Captura-de-pantalla-2022-07-08-212510.jpg\"><img loading=\"lazy\" decoding=\"async\" class=\"alignnone size-large wp-image-4874\" src=\"https:\/\/agora.xtec.cat\/ceipcorderoure\/wp-content\/uploads\/usu709\/2022\/07\/Captura-de-pantalla-2022-07-08-212510.jpg\" alt=\"\" width=\"946\" height=\"685\" srcset=\"https:\/\/agora.xtec.cat\/ceipcorderoure\/wp-content\/uploads\/usu709\/2022\/07\/Captura-de-pantalla-2022-07-08-212510.jpg 946w, https:\/\/agora.xtec.cat\/ceipcorderoure\/wp-content\/uploads\/usu709\/2022\/07\/Captura-de-pantalla-2022-07-08-212510-300x217.jpg 300w, https:\/\/agora.xtec.cat\/ceipcorderoure\/wp-content\/uploads\/usu709\/2022\/07\/Captura-de-pantalla-2022-07-08-212510-768x556.jpg 768w\" sizes=\"auto, (max-width: 946px) 100vw, 946px\" \/><\/a> <a href=\"https:\/\/agora.xtec.cat\/ceipcorderoure\/wp-content\/uploads\/usu709\/2022\/07\/Captura-de-pantalla-2022-07-08-212717.jpg\"><img loading=\"lazy\" decoding=\"async\" class=\"alignnone size-large wp-image-4875\" src=\"https:\/\/agora.xtec.cat\/ceipcorderoure\/wp-content\/uploads\/usu709\/2022\/07\/Captura-de-pantalla-2022-07-08-212717.jpg\" alt=\"\" width=\"958\" height=\"666\" srcset=\"https:\/\/agora.xtec.cat\/ceipcorderoure\/wp-content\/uploads\/usu709\/2022\/07\/Captura-de-pantalla-2022-07-08-212717.jpg 958w, https:\/\/agora.xtec.cat\/ceipcorderoure\/wp-content\/uploads\/usu709\/2022\/07\/Captura-de-pantalla-2022-07-08-212717-300x209.jpg 300w, https:\/\/agora.xtec.cat\/ceipcorderoure\/wp-content\/uploads\/usu709\/2022\/07\/Captura-de-pantalla-2022-07-08-212717-768x534.jpg 768w\" sizes=\"auto, (max-width: 958px) 100vw, 958px\" \/><\/a><\/p>\n","protected":false},"excerpt":{"rendered":"<p>&nbsp;<br \/>\n&nbsp;<br \/>\nCURS 21-22: PIXTON<br \/>\nEn aquest taller els alumnes de l&#8217;escola utilitzen l&#8217;eina digital PIXTON per crear c\u00f2mics en format online.<br \/>\nEls alumnes es crearan un avatar a l&#8217;applicaci\u00f3 que formar\u00e0 part de la classe virtual. Quan ho tinguin enllestit, posaran en pr\u00e0ctica la seva creativitat, destressa digital&hellip;  <a href=\"https:\/\/agora.xtec.cat\/ceipcorderoure\/tallers\/pixton\/\" title=\"Read Digital\">Llegeix m\u00e9s\u00bb<\/a><\/p>\n","protected":false},"author":1,"featured_media":0,"parent":4249,"menu_order":0,"comment_status":"closed","ping_status":"closed","template":"","meta":{"_bbp_topic_count":0,"_bbp_reply_count":0,"_bbp_total_topic_count":0,"_bbp_total_reply_count":0,"_bbp_voice_count":0,"_bbp_anonymous_reply_count":0,"_bbp_topic_count_hidden":0,"_bbp_reply_count_hidden":0,"_bbp_forum_subforum_count":0,"footnotes":""},"class_list":["post-4866","page","type-page","status-publish","hentry"],"post_mailing_queue_ids":[],"_links":{"self":[{"href":"https:\/\/agora.xtec.cat\/ceipcorderoure\/wp-json\/wp\/v2\/pages\/4866","targetHints":{"allow":["GET"]}}],"collection":[{"href":"https:\/\/agora.xtec.cat\/ceipcorderoure\/wp-json\/wp\/v2\/pages"}],"about":[{"href":"https:\/\/agora.xtec.cat\/ceipcorderoure\/wp-json\/wp\/v2\/types\/page"}],"author":[{"embeddable":true,"href":"https:\/\/agora.xtec.cat\/ceipcorderoure\/wp-json\/wp\/v2\/users\/1"}],"replies":[{"embeddable":true,"href":"https:\/\/agora.xtec.cat\/ceipcorderoure\/wp-json\/wp\/v2\/comments?post=4866"}],"version-history":[{"count":3,"href":"https:\/\/agora.xtec.cat\/ceipcorderoure\/wp-json\/wp\/v2\/pages\/4866\/revisions"}],"predecessor-version":[{"id":4979,"href":"https:\/\/agora.xtec.cat\/ceipcorderoure\/wp-json\/wp\/v2\/pages\/4866\/revisions\/4979"}],"up":[{"embeddable":true,"href":"https:\/\/agora.xtec.cat\/ceipcorderoure\/wp-json\/wp\/v2\/pages\/4249"}],"wp:attachment":[{"href":"https:\/\/agora.xtec.cat\/ceipcorderoure\/wp-json\/wp\/v2\/media?parent=4866"}],"curies":[{"name":"wp","href":"https:\/\/api.w.org\/{rel}","templated":true}]}}