{"id":4749,"date":"2022-05-30T16:08:19","date_gmt":"2022-05-30T14:08:19","guid":{"rendered":"https:\/\/agora.xtec.cat\/ceipcorderoure\/?page_id=4749"},"modified":"2026-03-19T11:51:16","modified_gmt":"2026-03-19T10:51:16","slug":"estrategia-digital-de-centre","status":"publish","type":"page","link":"https:\/\/agora.xtec.cat\/ceipcorderoure\/estrategia-digital-de-centre\/","title":{"rendered":"Estrat\u00e8gia Digital de Centre"},"content":{"rendered":"<p>L&#8217;<strong>Estrat\u00e8gia Digital de Centre<\/strong> (EDC) \u00e9s el conjunt d&#8217;accions i documents referents a l&#8217;\u00e0mbit digital d&#8217;un centre educatiu i que serveixen per avan\u00e7ar en la millora i documentar tot el que fa refer\u00e8ncia en aquest \u00e0mbit i que es treballa en el centre.<\/p>\n<p>L&#8217;EDC s&#8217;estructura en dues l\u00ednies: La <strong>part estrat\u00e8gica<\/strong> i la <strong>part de cultura digital<\/strong>. Cadascuna d&#8217;aquestes dues l\u00ednies la podem dividir en les parts que veiem a continuaci\u00f3.<\/p>\n<table style=\"border-collapse: collapse; width: 100%;\">\n<tbody>\n<tr>\n<td style=\"width: 50%; text-align: center;\"><a href=\"https:\/\/agora.xtec.cat\/ceipcorderoure\/estrategia-digital-de-centre\/estrategia-digital\/\"><strong>Estrat\u00e8gia Digital de Centre<\/strong><\/a><\/td>\n<td style=\"width: 50%; text-align: center;\"><a href=\"https:\/\/agora.xtec.cat\/ceipcorderoure\/estrategia-digital-de-centre\/cultura-digital\/\"><strong>Cultura Digital<\/strong><\/a><\/td>\n<\/tr>\n<tr>\n<td style=\"width: 50%; text-align: center;\">Diagnosi<\/td>\n<td style=\"width: 50%; text-align: center;\">Centre<\/td>\n<\/tr>\n<tr>\n<td style=\"width: 50%; text-align: center;\">Objectius<\/td>\n<td style=\"width: 50%; text-align: center;\">Alumnat<\/td>\n<\/tr>\n<tr>\n<td style=\"width: 50%; text-align: center;\">Actuacions<\/td>\n<td style=\"width: 50%; text-align: center;\"><a href=\"https:\/\/agora.xtec.cat\/ceipcorderoure\/estrategia-digital-de-centre\/cultura-digital\/professorat\/\">Professorat<\/a><\/td>\n<\/tr>\n<tr>\n<td style=\"width: 50%; text-align: center;\">Avaluaci\u00f3<\/td>\n<td style=\"width: 50%; text-align: center;\">Fam\u00edlies<\/td>\n<\/tr>\n<\/tbody>\n<\/table>\n<p>Pots consultar-la en aquest <a href=\"https:\/\/sites.google.com\/corderoure.cat\/escola-cor-de-roure\/p%C3%A0gina-principal\" target=\"_blank\" rel=\"noopener\">enlla\u00e7<\/a>.<\/p>\n","protected":false},"excerpt":{"rendered":"<p>L&#8217;Estrat\u00e8gia Digital de Centre (EDC) \u00e9s el conjunt d&#8217;accions i documents referents a l&#8217;\u00e0mbit digital d&#8217;un centre educatiu i que serveixen per avan\u00e7ar en la millora i documentar tot el que fa refer\u00e8ncia en aquest \u00e0mbit i que es treballa en el centre.<br \/>\nL&#8217;EDC s&#8217;estructura en&hellip;  <a href=\"https:\/\/agora.xtec.cat\/ceipcorderoure\/estrategia-digital-de-centre\/\" title=\"Read Estrat\u00e8gia Digital de Centre\">Llegeix m\u00e9s\u00bb<\/a><\/p>\n","protected":false},"author":1,"featured_media":0,"parent":0,"menu_order":0,"comment_status":"closed","ping_status":"closed","template":"page-templates\/side-menu.php","meta":{"_bbp_topic_count":0,"_bbp_reply_count":0,"_bbp_total_topic_count":0,"_bbp_total_reply_count":0,"_bbp_voice_count":0,"_bbp_anonymous_reply_count":0,"_bbp_topic_count_hidden":0,"_bbp_reply_count_hidden":0,"_bbp_forum_subforum_count":0,"footnotes":""},"class_list":["post-4749","page","type-page","status-publish","hentry"],"post_mailing_queue_ids":[],"_links":{"self":[{"href":"https:\/\/agora.xtec.cat\/ceipcorderoure\/wp-json\/wp\/v2\/pages\/4749","targetHints":{"allow":["GET"]}}],"collection":[{"href":"https:\/\/agora.xtec.cat\/ceipcorderoure\/wp-json\/wp\/v2\/pages"}],"about":[{"href":"https:\/\/agora.xtec.cat\/ceipcorderoure\/wp-json\/wp\/v2\/types\/page"}],"author":[{"embeddable":true,"href":"https:\/\/agora.xtec.cat\/ceipcorderoure\/wp-json\/wp\/v2\/users\/1"}],"replies":[{"embeddable":true,"href":"https:\/\/agora.xtec.cat\/ceipcorderoure\/wp-json\/wp\/v2\/comments?post=4749"}],"version-history":[{"count":4,"href":"https:\/\/agora.xtec.cat\/ceipcorderoure\/wp-json\/wp\/v2\/pages\/4749\/revisions"}],"predecessor-version":[{"id":5940,"href":"https:\/\/agora.xtec.cat\/ceipcorderoure\/wp-json\/wp\/v2\/pages\/4749\/revisions\/5940"}],"wp:attachment":[{"href":"https:\/\/agora.xtec.cat\/ceipcorderoure\/wp-json\/wp\/v2\/media?parent=4749"}],"curies":[{"name":"wp","href":"https:\/\/api.w.org\/{rel}","templated":true}]}}