{"id":4459,"date":"2022-03-07T15:51:06","date_gmt":"2022-03-07T14:51:06","guid":{"rendered":"https:\/\/agora.xtec.cat\/ceipcorderoure\/?page_id=4459"},"modified":"2025-01-12T12:08:11","modified_gmt":"2025-01-12T11:08:11","slug":"taller-de-taules-de-llum","status":"publish","type":"page","link":"https:\/\/agora.xtec.cat\/ceipcorderoure\/taller-de-taules-de-llum\/","title":{"rendered":"Taules de llum"},"content":{"rendered":"<p>&nbsp;<\/p>\n<p><span style=\"text-decoration: underline;\">CURS 2024-2025<\/span><\/p>\n<p>Aquest curs tamb\u00e9 fem el Taller de Taules de llum i caseta de llum negra. Per comen\u00e7ar, expliquem qu\u00e8 farem en aquest taller a cada sessi\u00f3 i despr\u00e9s en posem a manipular, veure i experimentar amb els materials i les diferents activitats proposades.<\/p>\n<p><strong><em>SESSI\u00d3\u00a0 1<\/em><\/strong><\/p>\n<ul>\n<li>Expliquem el conte &#8220;La lluna&#8221;, conte per llegir a les fosques. Nosaltres l&#8217;expliquem a dins de la caseta de llum negra.<\/li>\n<li>joc lliure amb les figures geom\u00e8triques imantades.<\/li>\n<li>joc de construcci\u00f3 amb les figures amb volum de colors transparents<\/li>\n<li>joc d&#8217;omplir uns caminets amb pedretes de colors<\/li>\n<li>En acabar tots els infants reben una polsera de llum fluorescent\n<ul>\n<li><a href=\"https:\/\/drive.google.com\/drive\/folders\/18YzEbd4Wf9senFOmHXQYgN9J6H_wYgBb?usp=sharing\" target=\"_blank\" rel=\"noopener\">FOTOS<\/a><\/li>\n<li><\/li>\n<li><em><strong>SESSI\u00d3 2\u00a0<\/strong><\/em><\/li>\n<\/ul>\n<\/li>\n<li>Expliquem qu\u00e8 farem a la caseta de llum negra: amb la pintura especial que tenim faran un dibuix lliure.<\/li>\n<li>Amb els gots de pl\u00e0stic de colors faran construccions lliures.<\/li>\n<li>Amb els pals de pinxo, i altres pals de colors faran s\u00e8ries.<\/li>\n<li>Gots petits jugaran a fer torres de colors.<\/li>\n<li>Plantilles de diferents motius i amb la plastilina han de fer la part que falta de cada dibuix.\n<ul>\n<li><a href=\"https:\/\/drive.google.com\/drive\/folders\/1JVUF1WkcpnqGpOHe_JleAylSBmbFXGkf?usp=sharing\" target=\"_blank\" rel=\"noopener\">FOTOS<\/a><\/li>\n<\/ul>\n<\/li>\n<\/ul>\n","protected":false},"excerpt":{"rendered":"<p>&nbsp;<br \/>\nCURS 2024-2025<br \/>\nAquest curs tamb\u00e9 fem el Taller de Taules de llum i caseta de llum negra. Per comen\u00e7ar, expliquem qu\u00e8 farem en aquest taller a cada sessi\u00f3 i despr\u00e9s en posem a manipular, veure i experimentar amb els materials i les diferents activitats proposades.<br \/>\nSESSI\u00d3\u00a0 1<\/p>\n<ul>\n<li>Expliquem&hellip;  <a href=\"https:\/\/agora.xtec.cat\/ceipcorderoure\/taller-de-taules-de-llum\/\" title=\"Read Taules de llum\">Llegeix m\u00e9s\u00bb<\/a><br \/>\n","protected":false},"author":11,"featured_media":0,"parent":0,"menu_order":0,"comment_status":"closed","ping_status":"closed","template":"","meta":{"_bbp_topic_count":0,"_bbp_reply_count":0,"_bbp_total_topic_count":0,"_bbp_total_reply_count":0,"_bbp_voice_count":0,"_bbp_anonymous_reply_count":0,"_bbp_topic_count_hidden":0,"_bbp_reply_count_hidden":0,"_bbp_forum_subforum_count":0,"footnotes":""},"class_list":["post-4459","page","type-page","status-publish","hentry"],"post_mailing_queue_ids":[],"_links":{"self":[{"href":"https:\/\/agora.xtec.cat\/ceipcorderoure\/wp-json\/wp\/v2\/pages\/4459","targetHints":{"allow":["GET"]}}],"collection":[{"href":"https:\/\/agora.xtec.cat\/ceipcorderoure\/wp-json\/wp\/v2\/pages"}],"about":[{"href":"https:\/\/agora.xtec.cat\/ceipcorderoure\/wp-json\/wp\/v2\/types\/page"}],"author":[{"embeddable":true,"href":"https:\/\/agora.xtec.cat\/ceipcorderoure\/wp-json\/wp\/v2\/users\/11"}],"replies":[{"embeddable":true,"href":"https:\/\/agora.xtec.cat\/ceipcorderoure\/wp-json\/wp\/v2\/comments?post=4459"}],"version-history":[{"count":6,"href":"https:\/\/agora.xtec.cat\/ceipcorderoure\/wp-json\/wp\/v2\/pages\/4459\/revisions"}],"predecessor-version":[{"id":5829,"href":"https:\/\/agora.xtec.cat\/ceipcorderoure\/wp-json\/wp\/v2\/pages\/4459\/revisions\/5829"}],"wp:attachment":[{"href":"https:\/\/agora.xtec.cat\/ceipcorderoure\/wp-json\/wp\/v2\/media?parent=4459"}],"curies":[{"name":"wp","href":"https:\/\/api.w.org\/{rel}","templated":true}]}}