{"id":566,"date":"2020-03-22T19:38:33","date_gmt":"2020-03-22T18:38:33","guid":{"rendered":"https:\/\/agora.xtec.cat\/ceipconvents\/?page_id=566"},"modified":"2025-07-24T13:00:10","modified_gmt":"2025-07-24T11:00:10","slug":"contacte","status":"publish","type":"page","link":"https:\/\/agora.xtec.cat\/ceipconvents\/contacte\/","title":{"rendered":"CONTACTE"},"content":{"rendered":"<p>Si necessiteu contactar amb nosaltres ens trobareu a:<\/p>\n<p>DIRECCI\u00d3 DEL CENTRE: Avinguda Vicen\u00e7 Ros i Batlevell, s\/n, 08760, Martorell.<\/p>\n<p>PER TEL\u00c8FON: Ens podeu trucar al <strong>93 775 01 67\u00a0<\/strong><\/p>\n<p><strong>PER CORREU ELECTR\u00d2NIC :<\/strong><\/p>\n<p>Si voleu posar-vos <strong>en contacte amb les tutores<\/strong> del vostre fill o filla, dirigiu-vos als correus de classe:<\/p>\n<table>\n<tbody>\n<tr>\n<td>I3<\/td>\n<td>i3@escolaelsconvents.cat<\/td>\n<\/tr>\n<tr>\n<td>I4<\/td>\n<td>i4@escolaelsconvents.cat<\/td>\n<\/tr>\n<tr>\n<td>I5<\/td>\n<td>i5@escolaelsconvents.cat<\/td>\n<\/tr>\n<tr>\n<td>1r<\/td>\n<td>1r@escolaelsconvents.cat<\/td>\n<\/tr>\n<tr>\n<td>2n<\/td>\n<td>2n@escolaelsconvents.cat<\/td>\n<\/tr>\n<tr>\n<td>3r<\/td>\n<td>3r@escolaelsconvents.cat<\/td>\n<\/tr>\n<tr>\n<td>4t<\/td>\n<td>4t@escolaelsconvents.cat<\/td>\n<\/tr>\n<tr>\n<td>5\u00e8<\/td>\n<td>5e@escolaelsconvents.cat<\/td>\n<\/tr>\n<tr>\n<td>6\u00e8<\/td>\n<td>6e@escolaelsconvents.cat<\/td>\n<\/tr>\n<\/tbody>\n<\/table>\n<p>Si sou una fam\u00edlia i voleu posar-vos en contacte amb nosaltres ens podeu escriure al correu: <strong>families@escolaelsconvents.cat\u00a0<\/strong><\/p>\n<p>Estarem encantades de parlar amb vosaltres!<\/p>\n<p><strong><em>Altres contactes d&#8217;inter\u00e8s<\/em><\/strong><\/p>\n<table style=\"border-collapse: collapse; width: 84.6265%; height: 195px;\">\n<tbody>\n<tr style=\"height: 33px;\">\n<td style=\"width: 48.1146%; text-align: center; height: 33px;\"><strong style=\"font-size: 16px;\">PERSONA I CORREU D&#8217;ATENCI\u00d3\u00a0<\/strong><\/td>\n<td style=\"width: 36.5119%; text-align: center; height: 33px;\"><strong>HORARI ATENCI\u00d3\u00a0<\/strong><\/td>\n<\/tr>\n<tr style=\"height: 33px;\">\n<td style=\"width: 48.1146%; height: 33px;\"><strong style=\"font-size: 16px;\">SECRETARIA<\/strong><span style=\"font-size: 16px;\">: secretaria@escolaelsconvents.cat (Secret\u00e0ria: Marta Lainez)<\/span><\/td>\n<td style=\"width: 36.5119%; height: 33px;\">Dilluns de 12.30 a 13 i divendres de 9 a 9.30h<\/td>\n<\/tr>\n<tr style=\"height: 33px;\">\n<td style=\"width: 48.1146%; height: 33px;\"><strong style=\"font-size: 16px; background-color: #ffffff;\">ADMINISTRATIVA:\u00a0<\/strong><span style=\"font-size: 16px; background-color: #ffffff;\">administracio@escolaelsconvents.cat (Administrativa: Silvia Viv\u00e9)<\/span><\/td>\n<td style=\"width: 36.5119%; height: 33px;\">Horari de 9 a 10h , 12.30 a 13.30h i de 15 a 16h (sala administraci\u00f3)<\/td>\n<\/tr>\n<tr style=\"height: 32px;\">\n<td style=\"width: 48.1146%; height: 32px;\"><strong style=\"font-size: 16px; background-color: #ffffff;\">EQUIP SOCIAL:\u00a0<\/strong><span style=\"font-size: 16px; background-color: #ffffff;\">educadorasocial@escolaelsconvents.cat Educadora social (Maria)<\/span><span style=\"font-size: 16px; background-color: #ffffff;\">\u00a0i integradora social (Jenni)<\/span><\/td>\n<td style=\"width: 36.5119%; height: 32px;\">Dilluns i dimarts de 11.30 a 12.30h<\/td>\n<\/tr>\n<tr style=\"height: 32px;\">\n<td style=\"width: 48.1146%; height: 32px;\"><strong style=\"font-size: 16px;\">MENJADOR<\/strong><span style=\"font-size: 16px;\">: menjador@escolaelsconvents.cat (coordinadora empresa menjador, Roser Puerta)<\/span><\/td>\n<td style=\"width: 36.5119%; height: 32px;\">Per correu o tel\u00e8fon<\/td>\n<\/tr>\n<tr style=\"height: 32px;\">\n<td style=\"width: 48.1146%; height: 32px;\"><b style=\"font-size: 16px; background-color: #ffffff;\">AFA (Associaci\u00f3 fam\u00edlies alumnes):\u00a0<\/b><span style=\"font-size: 16px; background-color: #ffffff;\">afa@escolaelsconvents.cat<\/span><\/td>\n<td style=\"width: 36.5119%; height: 32px;\">Per correu electr\u00f2nic &#8211; Presidenta Silvia<\/td>\n<\/tr>\n<tr>\n<td style=\"width: 48.1146%;\"><b style=\"font-size: 16px; background-color: #ffffff;\">DIRECCI\u00d3: <\/b><span style=\"font-size: 16px;\">families@escolaelsconvents.cat (Directora: Beatriz Palomares Baena)<\/span><\/td>\n<td style=\"width: 36.5119%;\">Concretar cita a trav\u00e9s del correu electr\u00f2nic o per tel\u00e8fon<\/td>\n<\/tr>\n<\/tbody>\n<\/table>\n<p>El nostre correu institucional \u00e9s a8020498@xtec.cat<\/p>\n","protected":false},"excerpt":{"rendered":"<p>Si necessiteu contactar amb nosaltres ens trobareu a: DIRECCI\u00d3 DEL CENTRE: Avinguda Vicen\u00e7 Ros i Batlevell, s\/n, 08760, Martorell. PER TEL\u00c8FON: Ens podeu trucar al 93 775 01 67\u00a0 PER CORREU ELECTR\u00d2NIC : Si voleu posar-vos en contacte amb les tutores del vostre fill o filla, dirigiu-vos als correus de classe: I3 i3@escolaelsconvents.cat I4 i4@escolaelsconvents.cat [&hellip;]<\/p>\n","protected":false},"author":1,"featured_media":0,"parent":0,"menu_order":0,"comment_status":"closed","ping_status":"closed","template":"","meta":{"_bbp_topic_count":0,"_bbp_reply_count":0,"_bbp_total_topic_count":0,"_bbp_total_reply_count":0,"_bbp_voice_count":0,"_bbp_anonymous_reply_count":0,"_bbp_topic_count_hidden":0,"_bbp_reply_count_hidden":0,"_bbp_forum_subforum_count":0,"site-sidebar-layout":"default","site-content-layout":"","ast-site-content-layout":"","site-content-style":"default","site-sidebar-style":"default","ast-global-header-display":"","ast-banner-title-visibility":"","ast-main-header-display":"","ast-hfb-above-header-display":"","ast-hfb-below-header-display":"","ast-hfb-mobile-header-display":"","site-post-title":"","ast-breadcrumbs-content":"","ast-featured-img":"","footer-sml-layout":"","theme-transparent-header-meta":"","adv-header-id-meta":"","stick-header-meta":"","header-above-stick-meta":"","header-main-stick-meta":"","header-below-stick-meta":"","astra-migrate-meta-layouts":"default","ast-page-background-enabled":"default","ast-page-background-meta":{"desktop":{"background-color":"var(--ast-global-color-5)","background-image":"","background-repeat":"repeat","background-position":"center center","background-size":"auto","background-attachment":"scroll","background-type":"","background-media":"","overlay-type":"","overlay-color":"","overlay-opacity":"","overlay-gradient":""},"tablet":{"background-color":"","background-image":"","background-repeat":"repeat","background-position":"center center","background-size":"auto","background-attachment":"scroll","background-type":"","background-media":"","overlay-type":"","overlay-color":"","overlay-opacity":"","overlay-gradient":""},"mobile":{"background-color":"","background-image":"","background-repeat":"repeat","background-position":"center center","background-size":"auto","background-attachment":"scroll","background-type":"","background-media":"","overlay-type":"","overlay-color":"","overlay-opacity":"","overlay-gradient":""}},"ast-content-background-meta":{"desktop":{"background-color":"var(--ast-global-color-4)","background-image":"","background-repeat":"repeat","background-position":"center center","background-size":"auto","background-attachment":"scroll","background-type":"","background-media":"","overlay-type":"","overlay-color":"","overlay-opacity":"","overlay-gradient":""},"tablet":{"background-color":"var(--ast-global-color-4)","background-image":"","background-repeat":"repeat","background-position":"center center","background-size":"auto","background-attachment":"scroll","background-type":"","background-media":"","overlay-type":"","overlay-color":"","overlay-opacity":"","overlay-gradient":""},"mobile":{"background-color":"var(--ast-global-color-4)","background-image":"","background-repeat":"repeat","background-position":"center center","background-size":"auto","background-attachment":"scroll","background-type":"","background-media":"","overlay-type":"","overlay-color":"","overlay-opacity":"","overlay-gradient":""}},"footnotes":""},"class_list":["post-566","page","type-page","status-publish","hentry"],"post_mailing_queue_ids":[],"_links":{"self":[{"href":"https:\/\/agora.xtec.cat\/ceipconvents\/wp-json\/wp\/v2\/pages\/566","targetHints":{"allow":["GET"]}}],"collection":[{"href":"https:\/\/agora.xtec.cat\/ceipconvents\/wp-json\/wp\/v2\/pages"}],"about":[{"href":"https:\/\/agora.xtec.cat\/ceipconvents\/wp-json\/wp\/v2\/types\/page"}],"author":[{"embeddable":true,"href":"https:\/\/agora.xtec.cat\/ceipconvents\/wp-json\/wp\/v2\/users\/1"}],"replies":[{"embeddable":true,"href":"https:\/\/agora.xtec.cat\/ceipconvents\/wp-json\/wp\/v2\/comments?post=566"}],"version-history":[{"count":7,"href":"https:\/\/agora.xtec.cat\/ceipconvents\/wp-json\/wp\/v2\/pages\/566\/revisions"}],"predecessor-version":[{"id":5171,"href":"https:\/\/agora.xtec.cat\/ceipconvents\/wp-json\/wp\/v2\/pages\/566\/revisions\/5171"}],"wp:attachment":[{"href":"https:\/\/agora.xtec.cat\/ceipconvents\/wp-json\/wp\/v2\/media?parent=566"}],"curies":[{"name":"wp","href":"https:\/\/api.w.org\/{rel}","templated":true}]}}

<p>Si necessiteu contactar amb nosaltres ens trobareu a:</p>
<p>DIRECCIÓ DEL CENTRE: Avinguda Vicenç Ros i Batlevell, s/n, 08760, Martorell.</p>
<p>PER TELÈFON: Ens podeu trucar al <strong>93 775 01 67 </strong></p>
<p><strong>PER CORREU ELECTRÒNIC :</strong></p>
<p>Si voleu posar-vos <strong>en contacte amb les tutores</strong> del vostre fill o filla, dirigiu-vos als correus de classe:</p>
<table>
<tbody>
<tr>
<td>I3</td>
<td>i3@escolaelsconvents.cat</td>
</tr>
<tr>
<td>I4</td>
<td>i4@escolaelsconvents.cat</td>
</tr>
<tr>
<td>I5</td>
<td>i5@escolaelsconvents.cat</td>
</tr>
<tr>
<td>1r</td>
<td>1r@escolaelsconvents.cat</td>
</tr>
<tr>
<td>2n</td>
<td>2n@escolaelsconvents.cat</td>
</tr>
<tr>
<td>3r</td>
<td>3r@escolaelsconvents.cat</td>
</tr>
<tr>
<td>4t</td>
<td>4t@escolaelsconvents.cat</td>
</tr>
<tr>
<td>5è</td>
<td>5e@escolaelsconvents.cat</td>
</tr>
<tr>
<td>6è</td>
<td>6e@escolaelsconvents.cat</td>
</tr>
</tbody>
</table>
<p>Si sou una família i voleu posar-vos en contacte amb nosaltres ens podeu escriure al correu: <strong>families@escolaelsconvents.cat </strong></p>
<p>Estarem encantades de parlar amb vosaltres!</p>
<p><strong><em>Altres contactes d&#8217;interès</em></strong></p>
<table style="border-collapse: collapse; width: 84.6265%; height: 195px;">
<tbody>
<tr style="height: 33px;">
<td style="width: 48.1146%; text-align: center; height: 33px;"><strong style="font-size: 16px;">PERSONA I CORREU D&#8217;ATENCIÓ </strong></td>
<td style="width: 36.5119%; text-align: center; height: 33px;"><strong>HORARI ATENCIÓ </strong></td>
</tr>
<tr style="height: 33px;">
<td style="width: 48.1146%; height: 33px;"><strong style="font-size: 16px;">SECRETARIA</strong><span style="font-size: 16px;">: secretaria@escolaelsconvents.cat (Secretària: Marta Lainez)</span></td>
<td style="width: 36.5119%; height: 33px;">Dilluns de 12.30 a 13 i divendres de 9 a 9.30h</td>
</tr>
<tr style="height: 33px;">
<td style="width: 48.1146%; height: 33px;"><strong style="font-size: 16px; background-color: #ffffff;">ADMINISTRATIVA: </strong><span style="font-size: 16px; background-color: #ffffff;">administracio@escolaelsconvents.cat (Administrativa: Silvia Vivé)</span></td>
<td style="width: 36.5119%; height: 33px;">Horari de 9 a 10h , 12.30 a 13.30h i de 15 a 16h (sala administració)</td>
</tr>
<tr style="height: 32px;">
<td style="width: 48.1146%; height: 32px;"><strong style="font-size: 16px; background-color: #ffffff;">EQUIP SOCIAL: </strong><span style="font-size: 16px; background-color: #ffffff;">educadorasocial@escolaelsconvents.cat Educadora social (Maria)</span><span style="font-size: 16px; background-color: #ffffff;"> i integradora social (Jenni)</span></td>
<td style="width: 36.5119%; height: 32px;">Dilluns i dimarts de 11.30 a 12.30h</td>
</tr>
<tr style="height: 32px;">
<td style="width: 48.1146%; height: 32px;"><strong style="font-size: 16px;">MENJADOR</strong><span style="font-size: 16px;">: menjador@escolaelsconvents.cat (coordinadora empresa menjador, Roser Puerta)</span></td>
<td style="width: 36.5119%; height: 32px;">Per correu o telèfon</td>
</tr>
<tr style="height: 32px;">
<td style="width: 48.1146%; height: 32px;"><b style="font-size: 16px; background-color: #ffffff;">AFA (Associació famílies alumnes): </b><span style="font-size: 16px; background-color: #ffffff;">afa@escolaelsconvents.cat</span></td>
<td style="width: 36.5119%; height: 32px;">Per correu electrònic &#8211; Presidenta Silvia</td>
</tr>
<tr>
<td style="width: 48.1146%;"><b style="font-size: 16px; background-color: #ffffff;">DIRECCIÓ: </b><span style="font-size: 16px;">families@escolaelsconvents.cat (Directora: Beatriz Palomares Baena)</span></td>
<td style="width: 36.5119%;">Concretar cita a través del correu electrònic o per telèfon</td>
</tr>
</tbody>
</table>
<p>El nostre correu institucional és a8020498@xtec.cat</p>

<p>Si necessiteu contactar amb nosaltres ens trobareu a: DIRECCIÓ DEL CENTRE: Avinguda Vicenç Ros i Batlevell, s/n, 08760, Martorell. PER TELÈFON: Ens podeu trucar al 93 775 01 67  PER CORREU ELECTRÒNIC : Si voleu posar-vos en contacte amb les tutores del vostre fill o filla, dirigiu-vos als correus de classe: I3 i3@escolaelsconvents.cat I4 i4@escolaelsconvents.cat [&hellip;]</p>
