{"id":3712,"date":"2022-04-29T13:36:13","date_gmt":"2022-04-29T11:36:13","guid":{"rendered":"https:\/\/agora.xtec.cat\/ceipconvents\/?page_id=3712"},"modified":"2025-06-29T15:31:11","modified_gmt":"2025-06-29T13:31:11","slug":"atencio-families","status":"publish","type":"page","link":"https:\/\/agora.xtec.cat\/ceipconvents\/atencio-families\/","title":{"rendered":"Atenci\u00f3 fam\u00edlies"},"content":{"rendered":"<p>Si voleu contactar amb l&#8217;equip social a trav\u00e9s del correu educadorasocial@escolaelsconvents.cat.<\/p>\n<p>ATENCI\u00d3 A FAM\u00cdLIES:<br \/>\nProjectes que s\u2019han dut a terme durant els cursos anteriors:<\/p>\n<p>\uf0b7 TALLERS DE FAMILIES:<br \/>\n&#8211; \u201cREI CARNESTOLTES\u201d<br \/>\nAmb l\u2019ajuda de moltes mames, s\u2019ha pogut elaborar el Rei Carnestoltes per tal de<br \/>\ncelebrar a l\u2019escola la setmana de Carnaval.<br \/>\n&#8211; \u201cTENDAL INFANTIL\u201d<br \/>\nUna mare d\u2019infantil va tenir la genial idea de elaborar amb llen\u00e7ols un tendal per al<br \/>\npati d\u2019infantil i es va fer realitat.<br \/>\n&#8211; \u201cCASTELL INFANTIL\u201d<br \/>\nEns agradaria acabar l\u2019estructura del Castell per al pati infantil amb l\u2019ajuda de les<br \/>\nfam\u00edlies de l\u2019escola.<\/p>\n<p>\uf0b7 CURS D\u2019ALFABETITZACI\u00d3 DIGITAL DEL PUNT OMNIA.<br \/>\nAcompanyem a les mames en el seu proc\u00e9s d\u2019aprenentatge digital.<\/p>\n<p>\uf0b7 SUPORT EN LES BEQUES.<br \/>\nDonem suport en tot tipus de beques.<\/p>\n<p>\uf0b7 TASTET D\u2019ALFABETITZACI\u00d3 LING\u00dc\u00cdSTICA.<br \/>\nGaudirem de 4 sessions de conversa en catal\u00e0.<\/p>\n","protected":false},"excerpt":{"rendered":"<p>Si voleu contactar amb l&#8217;equip social a trav\u00e9s del correu educadorasocial@escolaelsconvents.cat. ATENCI\u00d3 A FAM\u00cdLIES: Projectes que s\u2019han dut a terme durant els cursos anteriors: \uf0b7 TALLERS DE FAMILIES: &#8211; \u201cREI CARNESTOLTES\u201d Amb l\u2019ajuda de moltes mames, s\u2019ha pogut elaborar el Rei Carnestoltes per tal de celebrar a l\u2019escola la setmana de Carnaval. &#8211; \u201cTENDAL INFANTIL\u201d [&hellip;]<\/p>\n","protected":false},"author":1,"featured_media":0,"parent":0,"menu_order":0,"comment_status":"closed","ping_status":"closed","template":"","meta":{"_bbp_topic_count":0,"_bbp_reply_count":0,"_bbp_total_topic_count":0,"_bbp_total_reply_count":0,"_bbp_voice_count":0,"_bbp_anonymous_reply_count":0,"_bbp_topic_count_hidden":0,"_bbp_reply_count_hidden":0,"_bbp_forum_subforum_count":0,"site-sidebar-layout":"default","site-content-layout":"","ast-site-content-layout":"","site-content-style":"default","site-sidebar-style":"default","ast-global-header-display":"","ast-banner-title-visibility":"","ast-main-header-display":"","ast-hfb-above-header-display":"","ast-hfb-below-header-display":"","ast-hfb-mobile-header-display":"","site-post-title":"","ast-breadcrumbs-content":"","ast-featured-img":"","footer-sml-layout":"","theme-transparent-header-meta":"","adv-header-id-meta":"","stick-header-meta":"","header-above-stick-meta":"","header-main-stick-meta":"","header-below-stick-meta":"","astra-migrate-meta-layouts":"default","ast-page-background-enabled":"default","ast-page-background-meta":{"desktop":{"background-color":"var(--ast-global-color-5)","background-image":"","background-repeat":"repeat","background-position":"center center","background-size":"auto","background-attachment":"scroll","background-type":"","background-media":"","overlay-type":"","overlay-color":"","overlay-opacity":"","overlay-gradient":""},"tablet":{"background-color":"","background-image":"","background-repeat":"repeat","background-position":"center center","background-size":"auto","background-attachment":"scroll","background-type":"","background-media":"","overlay-type":"","overlay-color":"","overlay-opacity":"","overlay-gradient":""},"mobile":{"background-color":"","background-image":"","background-repeat":"repeat","background-position":"center center","background-size":"auto","background-attachment":"scroll","background-type":"","background-media":"","overlay-type":"","overlay-color":"","overlay-opacity":"","overlay-gradient":""}},"ast-content-background-meta":{"desktop":{"background-color":"var(--ast-global-color-4)","background-image":"","background-repeat":"repeat","background-position":"center center","background-size":"auto","background-attachment":"scroll","background-type":"","background-media":"","overlay-type":"","overlay-color":"","overlay-opacity":"","overlay-gradient":""},"tablet":{"background-color":"var(--ast-global-color-4)","background-image":"","background-repeat":"repeat","background-position":"center center","background-size":"auto","background-attachment":"scroll","background-type":"","background-media":"","overlay-type":"","overlay-color":"","overlay-opacity":"","overlay-gradient":""},"mobile":{"background-color":"var(--ast-global-color-4)","background-image":"","background-repeat":"repeat","background-position":"center center","background-size":"auto","background-attachment":"scroll","background-type":"","background-media":"","overlay-type":"","overlay-color":"","overlay-opacity":"","overlay-gradient":""}},"footnotes":""},"class_list":["post-3712","page","type-page","status-publish","hentry"],"post_mailing_queue_ids":[],"_links":{"self":[{"href":"https:\/\/agora.xtec.cat\/ceipconvents\/wp-json\/wp\/v2\/pages\/3712","targetHints":{"allow":["GET"]}}],"collection":[{"href":"https:\/\/agora.xtec.cat\/ceipconvents\/wp-json\/wp\/v2\/pages"}],"about":[{"href":"https:\/\/agora.xtec.cat\/ceipconvents\/wp-json\/wp\/v2\/types\/page"}],"author":[{"embeddable":true,"href":"https:\/\/agora.xtec.cat\/ceipconvents\/wp-json\/wp\/v2\/users\/1"}],"replies":[{"embeddable":true,"href":"https:\/\/agora.xtec.cat\/ceipconvents\/wp-json\/wp\/v2\/comments?post=3712"}],"version-history":[{"count":5,"href":"https:\/\/agora.xtec.cat\/ceipconvents\/wp-json\/wp\/v2\/pages\/3712\/revisions"}],"predecessor-version":[{"id":5167,"href":"https:\/\/agora.xtec.cat\/ceipconvents\/wp-json\/wp\/v2\/pages\/3712\/revisions\/5167"}],"wp:attachment":[{"href":"https:\/\/agora.xtec.cat\/ceipconvents\/wp-json\/wp\/v2\/media?parent=3712"}],"curies":[{"name":"wp","href":"https:\/\/api.w.org\/{rel}","templated":true}]}}

Atenció famílies

<p>Si voleu contactar amb l&#8217;equip social a través del correu educadorasocial@escolaelsconvents.cat.</p>
<p>ATENCIÓ A FAMÍLIES:<br />
Projectes que s’han dut a terme durant els cursos anteriors:</p>
<p> TALLERS DE FAMILIES:<br />
&#8211; “REI CARNESTOLTES”<br />
Amb l’ajuda de moltes mames, s’ha pogut elaborar el Rei Carnestoltes per tal de<br />
celebrar a l’escola la setmana de Carnaval.<br />
&#8211; “TENDAL INFANTIL”<br />
Una mare d’infantil va tenir la genial idea de elaborar amb llençols un tendal per al<br />
pati d’infantil i es va fer realitat.<br />
&#8211; “CASTELL INFANTIL”<br />
Ens agradaria acabar l’estructura del Castell per al pati infantil amb l’ajuda de les<br />
famílies de l’escola.</p>
<p> CURS D’ALFABETITZACIÓ DIGITAL DEL PUNT OMNIA.<br />
Acompanyem a les mames en el seu procés d’aprenentatge digital.</p>
<p> SUPORT EN LES BEQUES.<br />
Donem suport en tot tipus de beques.</p>
<p> TASTET D’ALFABETITZACIÓ LINGÜÍSTICA.<br />
Gaudirem de 4 sessions de conversa en català.</p>

<p>Si voleu contactar amb l&#8217;equip social a través del correu educadorasocial@escolaelsconvents.cat. ATENCIÓ A FAMÍLIES: Projectes que s’han dut a terme durant els cursos anteriors:  TALLERS DE FAMILIES: &#8211; “REI CARNESTOLTES” Amb l’ajuda de moltes mames, s’ha pogut elaborar el Rei Carnestoltes per tal de celebrar a l’escola la setmana de Carnaval. &#8211; “TENDAL INFANTIL” [&hellip;]</p>
