{"id":30,"date":"2014-09-18T12:30:23","date_gmt":"2014-09-18T11:30:23","guid":{"rendered":"http:\/\/agora.xtec.cat\/ceipconvents\/?page_id=30"},"modified":"2020-03-23T02:16:10","modified_gmt":"2020-03-23T01:16:10","slug":"instal%c2%b7lacions","status":"publish","type":"page","link":"https:\/\/agora.xtec.cat\/ceipconvents\/lescola\/instal%c2%b7lacions\/","title":{"rendered":"Instal\u00b7lacions"},"content":{"rendered":"<p>&nbsp;<\/p>\n<p><img loading=\"lazy\" decoding=\"async\" class=\"aligncenter\" src=\"https:\/\/sites.google.com\/a\/xtec.cat\/els-convents\/dades-escola\/home\/instasl-lacions\/josep%20lluis%20sert.jpg\" width=\"200\" height=\"192\" border=\"0\" \/><\/p>\n<p>&nbsp;<\/p>\n<p><span style=\"font-family: arial, sans-serif; font-size: medium;\"><span lang=\"ES\">La nostra escola va ser projectada i dissenyada per l\u2019arquitecte <a href=\"https:\/\/ca.wikipedia.org\/wiki\/Josep_Llu%C3%ADs_Sert_i_L%C3%B3pez\">Josep Llu\u00eds Sert<\/a>.<\/span><\/span><\/p>\n<p><span style=\"font-family: arial, sans-serif; font-size: medium;\"><span lang=\"ES\">Els espais de l\u2019escola tenen en compte la seva funcionalitat.<\/span><\/span><\/p>\n<p>L\u2019orientaci\u00f3 t\u00e9 en compte les necessitats de llum i ventilaci\u00f3 per una bona higiene.<\/p>\n<p>Les seves idees racionalistes van quedar plasmades en aquesta obra.<\/p>\n<p><span style=\"font-family: arial, sans-serif; font-size: medium;\"><span lang=\"ES\">En l\u2019actualitat aquests espais han estat investits per la realitzaci\u00f3 d\u2019una tasca educativa amb un plantejament pedag\u00f2gic progressista.<\/span><\/span><\/p>\n<div><a href=\"https:\/\/sites.google.com\/a\/xtec.cat\/els-convents\/dades-escola\/home\/instasl-lacions\/convents-2017_166.JPG?attredirects=0\"><img loading=\"lazy\" decoding=\"async\" src=\"https:\/\/sites.google.com\/a\/xtec.cat\/els-convents\/dades-escola\/home\/instasl-lacions\/convents-2017_166.JPG\" width=\"320\" height=\"214\" border=\"0\" \/><\/a><\/div>\n<p>&nbsp;<\/p>\n<table style=\"height: 212px;\" border=\"1\" width=\"836\" cellspacing=\"0\">\n<tbody>\n<tr>\n<td style=\"width: 332.234375px;\"><b><span style=\"font-size: small;\">\u00a0<a href=\"https:\/\/sites.google.com\/a\/xtec.cat\/els-convents\/dades-escola\/home\/instasl-lacions\/espais-infantil\">ESPAIS<br \/>\nINFANTIL <\/a><\/span><\/b><\/td>\n<td style=\"width: 194.5px;\"><b><span style=\"font-size: small;\"><a href=\"https:\/\/sites.google.com\/a\/xtec.cat\/els-convents\/dades-escola\/home\/instasl-lacions\/espais-cicle-inicial\">\u00a0ESPAIS<br \/>\nCICLE INICIAL<\/a><br \/>\n<\/span><\/b><\/td>\n<td style=\"width: 138.125px;\"><b><span style=\"font-size: small;\"><a href=\"https:\/\/sites.google.com\/a\/xtec.cat\/els-convents\/dades-escola\/home\/instasl-lacions\/espais-cicle-mitja\">ESPAIS<br \/>\nCICLE MITJ\u00c0 <\/a><br \/>\n<\/span><\/b><\/td>\n<td style=\"width: 169.1875px;\"><b><span style=\"font-size: small;\">\u00a0<a href=\"https:\/\/sites.google.com\/a\/xtec.cat\/els-convents\/dades-escola\/home\/instasl-lacions\/espais-cicle-superior\">ESPAIS<br \/>\nCICLE SUPERIOR<\/a><\/span><\/b><\/td>\n<\/tr>\n<tr>\n<td style=\"width: 332.234375px;\"><a href=\"https:\/\/sites.google.com\/a\/xtec.cat\/els-convents\/dades-escola\/home\/instasl-lacions\/sala-de-psicomotricitat-i-teatre\"><b><span style=\"font-size: small;\">\u00a0SALA DE PSICOMOTRICITAT I TEATRE<\/span><\/b><\/a><\/td>\n<td style=\"width: 194.5px;\"><b><span style=\"font-size: small;\"><a href=\"https:\/\/sites.google.com\/a\/xtec.cat\/els-convents\/dades-escola\/home\/instasl-lacions\/aula-de-plastica\">\u00a0AULA<br \/>\nDE PL\u00c0STICA<\/a><br \/>\n<\/span><\/b><\/td>\n<td style=\"width: 138.125px;\"><b><span style=\"font-size: small;\"><a href=\"https:\/\/sites.google.com\/a\/xtec.cat\/els-convents\/dades-escola\/home\/instasl-lacions\/aula-de-musica\">\u00a0AULA<br \/>\nDE M\u00daSICA<\/a><br \/>\n<\/span><\/b><\/td>\n<td style=\"width: 169.1875px;\"><b><span style=\"font-size: small;\"><a href=\"https:\/\/sites.google.com\/a\/xtec.cat\/els-convents\/dades-escola\/home\/instasl-lacions\/aules-d-angles\">\u00a0AULA<br \/>\nD&#8217;ANGL\u00c8S<\/a><br \/>\n<\/span><\/b><\/td>\n<\/tr>\n<tr>\n<td style=\"width: 332.234375px;\"><b><span style=\"font-size: small;\"><a href=\"https:\/\/sites.google.com\/a\/xtec.cat\/els-convents\/dades-escola\/home\/instasl-lacions\/altres-espais\">ALTRES ESPAIS<\/a><br \/>\n<\/span><\/b><\/td>\n<td style=\"width: 194.5px;\"><a href=\"https:\/\/sites.google.com\/a\/xtec.cat\/els-convents\/dades-escola\/home\/instasl-lacions\/zones-d-esbarjo\"><b><span style=\"font-size: small;\">\u00a0\u00a0ZONES D&#8217;ESBARJO<\/span><\/b><\/a><b><\/b><\/p>\n<p>&nbsp;<\/td>\n<td style=\"width: 138.125px;\"><b><span style=\"font-size: small;\"><a href=\"https:\/\/sites.google.com\/a\/xtec.cat\/els-convents\/dades-escola\/home\/instasl-lacions\/menjador\">MENJADOR<\/a><\/span><\/b><\/td>\n<td style=\"width: 169.1875px;\"><a href=\"https:\/\/sites.google.com\/a\/xtec.cat\/els-convents\/cuina\"><b><span style=\"font-size: small;\">CUINA<\/span><\/b><\/a><\/td>\n<\/tr>\n<\/tbody>\n<\/table>\n<p>&nbsp;<\/p>\n<p><a dir=\"ltr\" href=\"https:\/\/sites.google.com\/a\/xtec.cat\/els-convents\/dades-escola\/home\/instasl-lacions\/altres-espais\">ALTRES ESPAIS<\/a> <a dir=\"ltr\" href=\"https:\/\/sites.google.com\/a\/xtec.cat\/els-convents\/dades-escola\/home\/instasl-lacions\/aules-d-angles\">AULA D&#8217;ANGL\u00c8S<\/a> <a dir=\"ltr\" href=\"https:\/\/sites.google.com\/a\/xtec.cat\/els-convents\/dades-escola\/home\/instasl-lacions\/aula-de-musica\">AULA DE M\u00daSICA<\/a> <a dir=\"ltr\" href=\"https:\/\/sites.google.com\/a\/xtec.cat\/els-convents\/dades-escola\/home\/instasl-lacions\/aula-de-plastica\">AULA DE PL\u00c0STICA<\/a> <a dir=\"ltr\" href=\"https:\/\/sites.google.com\/a\/xtec.cat\/els-convents\/dades-escola\/home\/instasl-lacions\/cuina\">CUINA<\/a> <a dir=\"ltr\" href=\"https:\/\/sites.google.com\/a\/xtec.cat\/els-convents\/dades-escola\/home\/instasl-lacions\/espais-cicle-inicial\">ESPAIS CICLE INICIAL<\/a> <a dir=\"ltr\" href=\"https:\/\/sites.google.com\/a\/xtec.cat\/els-convents\/dades-escola\/home\/instasl-lacions\/espais-cicle-mitja\">ESPAIS CICLE MITJ\u00c0<\/a> <a dir=\"ltr\" href=\"https:\/\/sites.google.com\/a\/xtec.cat\/els-convents\/dades-escola\/home\/instasl-lacions\/espais-cicle-superior\">ESPAIS CICLE SUPERIOR<\/a> <a dir=\"ltr\" href=\"https:\/\/sites.google.com\/a\/xtec.cat\/els-convents\/dades-escola\/home\/instasl-lacions\/espais-infantil\">ESPAIS INFANTIL<\/a> <a dir=\"ltr\" href=\"https:\/\/sites.google.com\/a\/xtec.cat\/els-convents\/dades-escola\/home\/instasl-lacions\/menjador\">MENJADOR<\/a> <a dir=\"ltr\" href=\"https:\/\/sites.google.com\/a\/xtec.cat\/els-convents\/dades-escola\/home\/instasl-lacions\/sala-de-psicomotricitat-i-teatre\">SALA DE PSICOMOTRICITAT I TEATRE<\/a> <a dir=\"ltr\" href=\"https:\/\/sites.google.com\/a\/xtec.cat\/els-convents\/dades-escola\/home\/instasl-lacions\/zones-d-esbarjo\">ZONES D&#8217;ESBARJO<\/a><\/p>\n<p>&nbsp;<\/p>\n<p>&nbsp;<\/p>\n","protected":false},"excerpt":{"rendered":"<p>&nbsp; &nbsp; La nostra escola va ser projectada i dissenyada per l\u2019arquitecte Josep Llu\u00eds Sert. Els espais de l\u2019escola tenen en compte la seva funcionalitat. L\u2019orientaci\u00f3 t\u00e9 en compte les necessitats de llum i ventilaci\u00f3 per una bona higiene. Les seves idees racionalistes van quedar plasmades en aquesta obra. En l\u2019actualitat aquests espais han estat [&hellip;]<\/p>\n","protected":false},"author":1,"featured_media":0,"parent":22,"menu_order":40,"comment_status":"closed","ping_status":"closed","template":"page-templates\/side-menu.php","meta":{"_bbp_topic_count":0,"_bbp_reply_count":0,"_bbp_total_topic_count":0,"_bbp_total_reply_count":0,"_bbp_voice_count":0,"_bbp_anonymous_reply_count":0,"_bbp_topic_count_hidden":0,"_bbp_reply_count_hidden":0,"_bbp_forum_subforum_count":0,"site-sidebar-layout":"default","site-content-layout":"","ast-site-content-layout":"","site-content-style":"default","site-sidebar-style":"default","ast-global-header-display":"","ast-banner-title-visibility":"","ast-main-header-display":"","ast-hfb-above-header-display":"","ast-hfb-below-header-display":"","ast-hfb-mobile-header-display":"","site-post-title":"","ast-breadcrumbs-content":"","ast-featured-img":"","footer-sml-layout":"","theme-transparent-header-meta":"","adv-header-id-meta":"","stick-header-meta":"","header-above-stick-meta":"","header-main-stick-meta":"","header-below-stick-meta":"","astra-migrate-meta-layouts":"default","ast-page-background-enabled":"default","ast-page-background-meta":{"desktop":{"background-color":"var(--ast-global-color-5)","background-image":"","background-repeat":"repeat","background-position":"center center","background-size":"auto","background-attachment":"scroll","background-type":"","background-media":"","overlay-type":"","overlay-color":"","overlay-opacity":"","overlay-gradient":""},"tablet":{"background-color":"","background-image":"","background-repeat":"repeat","background-position":"center center","background-size":"auto","background-attachment":"scroll","background-type":"","background-media":"","overlay-type":"","overlay-color":"","overlay-opacity":"","overlay-gradient":""},"mobile":{"background-color":"","background-image":"","background-repeat":"repeat","background-position":"center center","background-size":"auto","background-attachment":"scroll","background-type":"","background-media":"","overlay-type":"","overlay-color":"","overlay-opacity":"","overlay-gradient":""}},"ast-content-background-meta":{"desktop":{"background-color":"var(--ast-global-color-4)","background-image":"","background-repeat":"repeat","background-position":"center center","background-size":"auto","background-attachment":"scroll","background-type":"","background-media":"","overlay-type":"","overlay-color":"","overlay-opacity":"","overlay-gradient":""},"tablet":{"background-color":"var(--ast-global-color-4)","background-image":"","background-repeat":"repeat","background-position":"center center","background-size":"auto","background-attachment":"scroll","background-type":"","background-media":"","overlay-type":"","overlay-color":"","overlay-opacity":"","overlay-gradient":""},"mobile":{"background-color":"var(--ast-global-color-4)","background-image":"","background-repeat":"repeat","background-position":"center center","background-size":"auto","background-attachment":"scroll","background-type":"","background-media":"","overlay-type":"","overlay-color":"","overlay-opacity":"","overlay-gradient":""}},"footnotes":""},"class_list":["post-30","page","type-page","status-publish","hentry"],"post_mailing_queue_ids":[],"_links":{"self":[{"href":"https:\/\/agora.xtec.cat\/ceipconvents\/wp-json\/wp\/v2\/pages\/30","targetHints":{"allow":["GET"]}}],"collection":[{"href":"https:\/\/agora.xtec.cat\/ceipconvents\/wp-json\/wp\/v2\/pages"}],"about":[{"href":"https:\/\/agora.xtec.cat\/ceipconvents\/wp-json\/wp\/v2\/types\/page"}],"author":[{"embeddable":true,"href":"https:\/\/agora.xtec.cat\/ceipconvents\/wp-json\/wp\/v2\/users\/1"}],"replies":[{"embeddable":true,"href":"https:\/\/agora.xtec.cat\/ceipconvents\/wp-json\/wp\/v2\/comments?post=30"}],"version-history":[{"count":2,"href":"https:\/\/agora.xtec.cat\/ceipconvents\/wp-json\/wp\/v2\/pages\/30\/revisions"}],"predecessor-version":[{"id":690,"href":"https:\/\/agora.xtec.cat\/ceipconvents\/wp-json\/wp\/v2\/pages\/30\/revisions\/690"}],"up":[{"embeddable":true,"href":"https:\/\/agora.xtec.cat\/ceipconvents\/wp-json\/wp\/v2\/pages\/22"}],"wp:attachment":[{"href":"https:\/\/agora.xtec.cat\/ceipconvents\/wp-json\/wp\/v2\/media?parent=30"}],"curies":[{"name":"wp","href":"https:\/\/api.w.org\/{rel}","templated":true}]}}

<p>&nbsp;</p>
<p><img loading="lazy" decoding="async" class="aligncenter" src="https://sites.google.com/a/xtec.cat/els-convents/dades-escola/home/instasl-lacions/josep%20lluis%20sert.jpg" width="200" height="192" border="0" /></p>
<p>&nbsp;</p>
<p><span style="font-family: arial, sans-serif; font-size: medium;"><span lang="ES">La nostra escola va ser projectada i dissenyada per l’arquitecte <a href="https://ca.wikipedia.org/wiki/Josep_Llu%C3%ADs_Sert_i_L%C3%B3pez">Josep Lluís Sert</a>.</span></span></p>
<p><span style="font-family: arial, sans-serif; font-size: medium;"><span lang="ES">Els espais de l’escola tenen en compte la seva funcionalitat.</span></span></p>
<p>L’orientació té en compte les necessitats de llum i ventilació per una bona higiene.</p>
<p>Les seves idees racionalistes van quedar plasmades en aquesta obra.</p>
<p><span style="font-family: arial, sans-serif; font-size: medium;"><span lang="ES">En l’actualitat aquests espais han estat investits per la realització d’una tasca educativa amb un plantejament pedagògic progressista.</span></span></p>
<div><a href="https://sites.google.com/a/xtec.cat/els-convents/dades-escola/home/instasl-lacions/convents-2017_166.JPG?attredirects=0"><img loading="lazy" decoding="async" src="https://sites.google.com/a/xtec.cat/els-convents/dades-escola/home/instasl-lacions/convents-2017_166.JPG" width="320" height="214" border="0" /></a></div>
<p>&nbsp;</p>
<table style="height: 212px;" border="1" width="836" cellspacing="0">
<tbody>
<tr>
<td style="width: 332.234375px;"><b><span style="font-size: small;"> <a href="https://sites.google.com/a/xtec.cat/els-convents/dades-escola/home/instasl-lacions/espais-infantil">ESPAIS<br />
INFANTIL </a></span></b></td>
<td style="width: 194.5px;"><b><span style="font-size: small;"><a href="https://sites.google.com/a/xtec.cat/els-convents/dades-escola/home/instasl-lacions/espais-cicle-inicial"> ESPAIS<br />
CICLE INICIAL</a><br />
</span></b></td>
<td style="width: 138.125px;"><b><span style="font-size: small;"><a href="https://sites.google.com/a/xtec.cat/els-convents/dades-escola/home/instasl-lacions/espais-cicle-mitja">ESPAIS<br />
CICLE MITJÀ </a><br />
</span></b></td>
<td style="width: 169.1875px;"><b><span style="font-size: small;"> <a href="https://sites.google.com/a/xtec.cat/els-convents/dades-escola/home/instasl-lacions/espais-cicle-superior">ESPAIS<br />
CICLE SUPERIOR</a></span></b></td>
</tr>
<tr>
<td style="width: 332.234375px;"><a href="https://sites.google.com/a/xtec.cat/els-convents/dades-escola/home/instasl-lacions/sala-de-psicomotricitat-i-teatre"><b><span style="font-size: small;"> SALA DE PSICOMOTRICITAT I TEATRE</span></b></a></td>
<td style="width: 194.5px;"><b><span style="font-size: small;"><a href="https://sites.google.com/a/xtec.cat/els-convents/dades-escola/home/instasl-lacions/aula-de-plastica"> AULA<br />
DE PLÀSTICA</a><br />
</span></b></td>
<td style="width: 138.125px;"><b><span style="font-size: small;"><a href="https://sites.google.com/a/xtec.cat/els-convents/dades-escola/home/instasl-lacions/aula-de-musica"> AULA<br />
DE MÚSICA</a><br />
</span></b></td>
<td style="width: 169.1875px;"><b><span style="font-size: small;"><a href="https://sites.google.com/a/xtec.cat/els-convents/dades-escola/home/instasl-lacions/aules-d-angles"> AULA<br />
D&#8217;ANGLÈS</a><br />
</span></b></td>
</tr>
<tr>
<td style="width: 332.234375px;"><b><span style="font-size: small;"><a href="https://sites.google.com/a/xtec.cat/els-convents/dades-escola/home/instasl-lacions/altres-espais">ALTRES ESPAIS</a><br />
</span></b></td>
<td style="width: 194.5px;"><a href="https://sites.google.com/a/xtec.cat/els-convents/dades-escola/home/instasl-lacions/zones-d-esbarjo"><b><span style="font-size: small;">  ZONES D&#8217;ESBARJO</span></b></a><b></b></p>
<p>&nbsp;</td>
<td style="width: 138.125px;"><b><span style="font-size: small;"><a href="https://sites.google.com/a/xtec.cat/els-convents/dades-escola/home/instasl-lacions/menjador">MENJADOR</a></span></b></td>
<td style="width: 169.1875px;"><a href="https://sites.google.com/a/xtec.cat/els-convents/cuina"><b><span style="font-size: small;">CUINA</span></b></a></td>
</tr>
</tbody>
</table>
<p>&nbsp;</p>
<p><a dir="ltr" href="https://sites.google.com/a/xtec.cat/els-convents/dades-escola/home/instasl-lacions/altres-espais">ALTRES ESPAIS</a> <a dir="ltr" href="https://sites.google.com/a/xtec.cat/els-convents/dades-escola/home/instasl-lacions/aules-d-angles">AULA D&#8217;ANGLÈS</a> <a dir="ltr" href="https://sites.google.com/a/xtec.cat/els-convents/dades-escola/home/instasl-lacions/aula-de-musica">AULA DE MÚSICA</a> <a dir="ltr" href="https://sites.google.com/a/xtec.cat/els-convents/dades-escola/home/instasl-lacions/aula-de-plastica">AULA DE PLÀSTICA</a> <a dir="ltr" href="https://sites.google.com/a/xtec.cat/els-convents/dades-escola/home/instasl-lacions/cuina">CUINA</a> <a dir="ltr" href="https://sites.google.com/a/xtec.cat/els-convents/dades-escola/home/instasl-lacions/espais-cicle-inicial">ESPAIS CICLE INICIAL</a> <a dir="ltr" href="https://sites.google.com/a/xtec.cat/els-convents/dades-escola/home/instasl-lacions/espais-cicle-mitja">ESPAIS CICLE MITJÀ</a> <a dir="ltr" href="https://sites.google.com/a/xtec.cat/els-convents/dades-escola/home/instasl-lacions/espais-cicle-superior">ESPAIS CICLE SUPERIOR</a> <a dir="ltr" href="https://sites.google.com/a/xtec.cat/els-convents/dades-escola/home/instasl-lacions/espais-infantil">ESPAIS INFANTIL</a> <a dir="ltr" href="https://sites.google.com/a/xtec.cat/els-convents/dades-escola/home/instasl-lacions/menjador">MENJADOR</a> <a dir="ltr" href="https://sites.google.com/a/xtec.cat/els-convents/dades-escola/home/instasl-lacions/sala-de-psicomotricitat-i-teatre">SALA DE PSICOMOTRICITAT I TEATRE</a> <a dir="ltr" href="https://sites.google.com/a/xtec.cat/els-convents/dades-escola/home/instasl-lacions/zones-d-esbarjo">ZONES D&#8217;ESBARJO</a></p>
<p>&nbsp;</p>
<p>&nbsp;</p>

<p>&nbsp; &nbsp; La nostra escola va ser projectada i dissenyada per l’arquitecte Josep Lluís Sert. Els espais de l’escola tenen en compte la seva funcionalitat. L’orientació té en compte les necessitats de llum i ventilació per una bona higiene. Les seves idees racionalistes van quedar plasmades en aquesta obra. En l’actualitat aquests espais han estat [&hellip;]</p>
