{"id":26,"date":"2014-09-18T12:24:32","date_gmt":"2014-09-18T11:24:32","guid":{"rendered":"http:\/\/agora.xtec.cat\/ceipconvents\/?page_id=26"},"modified":"2020-03-22T21:37:44","modified_gmt":"2020-03-22T20:37:44","slug":"historia","status":"publish","type":"page","link":"https:\/\/agora.xtec.cat\/ceipconvents\/lescola\/historia\/","title":{"rendered":"Hist\u00f2ria"},"content":{"rendered":"<p>L\u2019Ajuntament de Martorell a l\u2019any 1935, es va assabentar del decret pel qual el govern republic\u00e0 s\u2019havia comprom\u00e8s a subvencionar amb 12.000 pessetes per secci\u00f3 (aula i cada element de serveis) a les escoles p\u00fabliques de les poblacions on faltaven i que disposessin de solars adequats. Miquel Canyamelles Salvany, alcalde del poble, sabia que podia comptar amb el solar del Convent dels Caputxins i amb el de la prolongaci\u00f3 del de l\u2019ermita del Pontarr\u00f3.<\/p>\n<p>A Barcelona (1931) un grup d\u2019arquitectes i t\u00e8cnics catalans que tenien una visi\u00f3\u00a0progressista i social de l\u2019arquitectura, (G.A.T.P.A.C.), obr\u00ed un local per a les seves activitats. Buscaven per sobre de tot la funcionalitat de l\u2019edifici, integrar-lo a la natura que l\u2019envoltava i a l\u2019espai f\u00edsic on es constru\u00efa. Respecte la construcci\u00f3 de noves escoles van procurar voltar a l&#8217;infant de sol, aire, llum, flors, posar-lo en contacte directe amb la natura d&#8217;acord amb les noves teories pedag\u00f2giques. Josep Llu\u00efs Sert fund\u00e0 aquest grup.<\/p>\n<p><img decoding=\"async\" src=\"https:\/\/encrypted-tbn3.gstatic.com\/images?q=tbn:ANd9GcSElLVPkkXD7byrjyfyaxY3-BSKKmGNV3ZQvCTb9JDuezLUio7a\" \/><\/p>\n<p>L&#8217;escola de\u00a0la Vila\u00a0s&#8217;edific\u00e0 a l&#8217;hort de l&#8217;antic Convent de Caputxins. Cada espai tenia una funci\u00f3 espec\u00edfica : les classes orientades cap al sud-oest (davant de cada classe un arbre de fulla caduca que a la primavera i a l&#8217;estiu fessin ombra i a la tardor perdessin les fulles), els passadissos orientats cap a la cara nord per comunicar les diferents depend\u00e8ncies, l&#8217;edifici ple de finestres que deixaven que els nens hi poguessin veure el m\u00f3n &#8230;. ens demostren la mentalitat progressista del concepte d\u2019escola que animava aquell moment.<\/p>\n<p>L\u2019Ajuntament de Martorell decid\u00ed, dins del corrent progressista i cultural que va marcar la segona Rep\u00fablica, encarregar a Josep Llu\u00eds Sert les dues escoles que volia construir: una a la zona de Martorell-Vila i l\u2019altra a la zona de Can Carreres.<\/p>\n<p>La primera pedra es va posar el 14 d&#8217;agost de 1935. Les obres queden interrompudes per la guerra civil\u00a0<i>(el 3 de desembre de 1936 les obres es paralitzen per &#8220;falta de mitjans&#8221;)<\/i>. Sert, comprom\u00e8s amb\u00a0la Rep\u00fablica\u00a0va comen\u00e7ar l\u2019 exili a l&#8217;estranger i no va signar el fi d&#8217;obra.<\/p>\n<p>L&#8217;any 1940 es van continuar les obres de l&#8217;escola i, tot i que faltava poc per enllestir-les, es va acabar fent alguns canvis al projecte inicial ja qu\u00e8 el franquisme tenia uns idearis pedag\u00f2gics diferents dels de\u00a0la Rep\u00fablica.<\/p>\n<p>La inauguraci\u00f3 oficial d&#8217;aquesta escola va ser el dia 28 de mar\u00e7 de 1943 amb el nom de &#8221; Grupo Escolar General\u00edsimo Franco&#8221;.<\/p>\n<p>Aquest edifici, fins a les hores sempre ha estat una escola p\u00fablica, tot i que ha sofert alguns canvis degut les necessitats de les diferents \u00e8poques transcorregudes des de la seva construcci\u00f3. Una de les m\u00e9s importants va estar a l&#8217;any 1970 al construir-se l&#8217;autopista Barcelona-Madrid , aix\u00f2 va implicar la reducci\u00f3 d&#8217;una part important del pati d&#8217;esbarjo. Igualment es van treure les terrasses que hi havia al davant de les aules del primer pis pensades perqu\u00e8 els nens poguessin fer les classes a l&#8217;aire lliure.<\/p>\n<p><img loading=\"lazy\" decoding=\"async\" src=\"http:\/\/www.bibliotecaspublicas.es\/martorell\/imagenes\/contenido23876.jpg\" width=\"320\" height=\"225\" \/><\/p>\n<p>A l&#8217;any 1979, ja havia mort en Franco, les fam\u00edlies que aquell any portaven els seus fills a aquesta escola van decidir canviar el nom. La junta de pares junt a l\u2019equip de mestres van confeccionar una llista (La Mina,\u00a0La Torreta, Els Convents..) perqu\u00e8 per votaci\u00f3 s\u2019escoll\u00eds el nou nom de l\u2019escola. Feta la votaci\u00f3 va guanyar el nom\u00a0<b>Els Convents<\/b>. De fet, la gent del poble , de sempre, li havia anomenat aix\u00ed perqu\u00e8 quan es referien a l&#8217;edifici el veien com una continuaci\u00f3 de l&#8217;antic convent.<\/p>\n<p>Tot i que l&#8217;aspecte exterior de l&#8217;edifici ha canviat una mica comparant-lo amb el projecte original d&#8217;en Sert, aquesta escola est\u00e0 considerada com la construcci\u00f3 escolar m\u00e9s ben conservada. El comprom\u00eds de l&#8217;arquitecte amb l&#8217;arquitectura escolar d&#8217;aquell moment pot observar-se en Els Convents.<\/p>\n<p>Els espais interiors tamb\u00e9 s&#8217;han anat modificant, m\u00ednimament, per adaptar-los a les necessitats pedag\u00f2giques actuals sense perdre l&#8217;ideari de la construcci\u00f3 original.<\/p>\n<p><a href=\"https:\/\/sites.google.com\/a\/xtec.cat\/els-convents\/dades-escola\/home\/historia\/marzo%202018%20059.jpg?attredirects=0\"><img loading=\"lazy\" decoding=\"async\" src=\"https:\/\/sites.google.com\/a\/xtec.cat\/els-convents\/dades-escola\/home\/historia\/marzo%202018%20059.jpg\" width=\"400\" height=\"225\" border=\"0\" \/><\/a><\/p>\n<p><img loading=\"lazy\" decoding=\"async\" src=\"https:\/\/sites.google.com\/a\/xtec.cat\/els-convents\/home\/IMG-20180912-WA0008.jpg\" width=\"400\" height=\"300\" border=\"0\" \/><\/p>\n","protected":false},"excerpt":{"rendered":"<p>L\u2019Ajuntament de Martorell a l\u2019any 1935, es va assabentar del decret pel qual el govern republic\u00e0 s\u2019havia comprom\u00e8s a subvencionar amb 12.000 pessetes per secci\u00f3 (aula i cada element de serveis) a les escoles p\u00fabliques de les poblacions on faltaven i que disposessin de solars adequats. Miquel Canyamelles Salvany, alcalde del poble, sabia que podia [&hellip;]<\/p>\n","protected":false},"author":1,"featured_media":0,"parent":22,"menu_order":20,"comment_status":"closed","ping_status":"closed","template":"page-templates\/side-menu.php","meta":{"_bbp_topic_count":0,"_bbp_reply_count":0,"_bbp_total_topic_count":0,"_bbp_total_reply_count":0,"_bbp_voice_count":0,"_bbp_anonymous_reply_count":0,"_bbp_topic_count_hidden":0,"_bbp_reply_count_hidden":0,"_bbp_forum_subforum_count":0,"site-sidebar-layout":"default","site-content-layout":"","ast-site-content-layout":"","site-content-style":"default","site-sidebar-style":"default","ast-global-header-display":"","ast-banner-title-visibility":"","ast-main-header-display":"","ast-hfb-above-header-display":"","ast-hfb-below-header-display":"","ast-hfb-mobile-header-display":"","site-post-title":"","ast-breadcrumbs-content":"","ast-featured-img":"","footer-sml-layout":"","theme-transparent-header-meta":"","adv-header-id-meta":"","stick-header-meta":"","header-above-stick-meta":"","header-main-stick-meta":"","header-below-stick-meta":"","astra-migrate-meta-layouts":"default","ast-page-background-enabled":"default","ast-page-background-meta":{"desktop":{"background-color":"var(--ast-global-color-5)","background-image":"","background-repeat":"repeat","background-position":"center center","background-size":"auto","background-attachment":"scroll","background-type":"","background-media":"","overlay-type":"","overlay-color":"","overlay-opacity":"","overlay-gradient":""},"tablet":{"background-color":"","background-image":"","background-repeat":"repeat","background-position":"center center","background-size":"auto","background-attachment":"scroll","background-type":"","background-media":"","overlay-type":"","overlay-color":"","overlay-opacity":"","overlay-gradient":""},"mobile":{"background-color":"","background-image":"","background-repeat":"repeat","background-position":"center center","background-size":"auto","background-attachment":"scroll","background-type":"","background-media":"","overlay-type":"","overlay-color":"","overlay-opacity":"","overlay-gradient":""}},"ast-content-background-meta":{"desktop":{"background-color":"var(--ast-global-color-4)","background-image":"","background-repeat":"repeat","background-position":"center center","background-size":"auto","background-attachment":"scroll","background-type":"","background-media":"","overlay-type":"","overlay-color":"","overlay-opacity":"","overlay-gradient":""},"tablet":{"background-color":"var(--ast-global-color-4)","background-image":"","background-repeat":"repeat","background-position":"center center","background-size":"auto","background-attachment":"scroll","background-type":"","background-media":"","overlay-type":"","overlay-color":"","overlay-opacity":"","overlay-gradient":""},"mobile":{"background-color":"var(--ast-global-color-4)","background-image":"","background-repeat":"repeat","background-position":"center center","background-size":"auto","background-attachment":"scroll","background-type":"","background-media":"","overlay-type":"","overlay-color":"","overlay-opacity":"","overlay-gradient":""}},"footnotes":""},"class_list":["post-26","page","type-page","status-publish","hentry"],"post_mailing_queue_ids":[],"_links":{"self":[{"href":"https:\/\/agora.xtec.cat\/ceipconvents\/wp-json\/wp\/v2\/pages\/26","targetHints":{"allow":["GET"]}}],"collection":[{"href":"https:\/\/agora.xtec.cat\/ceipconvents\/wp-json\/wp\/v2\/pages"}],"about":[{"href":"https:\/\/agora.xtec.cat\/ceipconvents\/wp-json\/wp\/v2\/types\/page"}],"author":[{"embeddable":true,"href":"https:\/\/agora.xtec.cat\/ceipconvents\/wp-json\/wp\/v2\/users\/1"}],"replies":[{"embeddable":true,"href":"https:\/\/agora.xtec.cat\/ceipconvents\/wp-json\/wp\/v2\/comments?post=26"}],"version-history":[{"count":1,"href":"https:\/\/agora.xtec.cat\/ceipconvents\/wp-json\/wp\/v2\/pages\/26\/revisions"}],"predecessor-version":[{"id":630,"href":"https:\/\/agora.xtec.cat\/ceipconvents\/wp-json\/wp\/v2\/pages\/26\/revisions\/630"}],"up":[{"embeddable":true,"href":"https:\/\/agora.xtec.cat\/ceipconvents\/wp-json\/wp\/v2\/pages\/22"}],"wp:attachment":[{"href":"https:\/\/agora.xtec.cat\/ceipconvents\/wp-json\/wp\/v2\/media?parent=26"}],"curies":[{"name":"wp","href":"https:\/\/api.w.org\/{rel}","templated":true}]}}

Història

<p>L’Ajuntament de Martorell a l’any 1935, es va assabentar del decret pel qual el govern republicà s’havia compromès a subvencionar amb 12.000 pessetes per secció (aula i cada element de serveis) a les escoles públiques de les poblacions on faltaven i que disposessin de solars adequats. Miquel Canyamelles Salvany, alcalde del poble, sabia que podia comptar amb el solar del Convent dels Caputxins i amb el de la prolongació del de l’ermita del Pontarró.</p>
<p>A Barcelona (1931) un grup d’arquitectes i tècnics catalans que tenien una visió progressista i social de l’arquitectura, (G.A.T.P.A.C.), obrí un local per a les seves activitats. Buscaven per sobre de tot la funcionalitat de l’edifici, integrar-lo a la natura que l’envoltava i a l’espai físic on es construïa. Respecte la construcció de noves escoles van procurar voltar a l&#8217;infant de sol, aire, llum, flors, posar-lo en contacte directe amb la natura d&#8217;acord amb les noves teories pedagògiques. Josep Lluïs Sert fundà aquest grup.</p>
<p><img decoding="async" src="https://encrypted-tbn3.gstatic.com/images?q=tbn:ANd9GcSElLVPkkXD7byrjyfyaxY3-BSKKmGNV3ZQvCTb9JDuezLUio7a" /></p>
<p>L&#8217;escola de la Vila s&#8217;edificà a l&#8217;hort de l&#8217;antic Convent de Caputxins. Cada espai tenia una funció específica : les classes orientades cap al sud-oest (davant de cada classe un arbre de fulla caduca que a la primavera i a l&#8217;estiu fessin ombra i a la tardor perdessin les fulles), els passadissos orientats cap a la cara nord per comunicar les diferents dependències, l&#8217;edifici ple de finestres que deixaven que els nens hi poguessin veure el món &#8230;. ens demostren la mentalitat progressista del concepte d’escola que animava aquell moment.</p>
<p>L’Ajuntament de Martorell decidí, dins del corrent progressista i cultural que va marcar la segona República, encarregar a Josep Lluís Sert les dues escoles que volia construir: una a la zona de Martorell-Vila i l’altra a la zona de Can Carreres.</p>
<p>La primera pedra es va posar el 14 d&#8217;agost de 1935. Les obres queden interrompudes per la guerra civil <i>(el 3 de desembre de 1936 les obres es paralitzen per &#8220;falta de mitjans&#8221;)</i>. Sert, compromès amb la República va començar l’ exili a l&#8217;estranger i no va signar el fi d&#8217;obra.</p>
<p>L&#8217;any 1940 es van continuar les obres de l&#8217;escola i, tot i que faltava poc per enllestir-les, es va acabar fent alguns canvis al projecte inicial ja què el franquisme tenia uns idearis pedagògics diferents dels de la República.</p>
<p>La inauguració oficial d&#8217;aquesta escola va ser el dia 28 de març de 1943 amb el nom de &#8221; Grupo Escolar Generalísimo Franco&#8221;.</p>
<p>Aquest edifici, fins a les hores sempre ha estat una escola pública, tot i que ha sofert alguns canvis degut les necessitats de les diferents èpoques transcorregudes des de la seva construcció. Una de les més importants va estar a l&#8217;any 1970 al construir-se l&#8217;autopista Barcelona-Madrid , això va implicar la reducció d&#8217;una part important del pati d&#8217;esbarjo. Igualment es van treure les terrasses que hi havia al davant de les aules del primer pis pensades perquè els nens poguessin fer les classes a l&#8217;aire lliure.</p>
<p><img loading="lazy" decoding="async" src="http://www.bibliotecaspublicas.es/martorell/imagenes/contenido23876.jpg" width="320" height="225" /></p>
<p>A l&#8217;any 1979, ja havia mort en Franco, les famílies que aquell any portaven els seus fills a aquesta escola van decidir canviar el nom. La junta de pares junt a l’equip de mestres van confeccionar una llista (La Mina, La Torreta, Els Convents..) perquè per votació s’escollís el nou nom de l’escola. Feta la votació va guanyar el nom <b>Els Convents</b>. De fet, la gent del poble , de sempre, li havia anomenat així perquè quan es referien a l&#8217;edifici el veien com una continuació de l&#8217;antic convent.</p>
<p>Tot i que l&#8217;aspecte exterior de l&#8217;edifici ha canviat una mica comparant-lo amb el projecte original d&#8217;en Sert, aquesta escola està considerada com la construcció escolar més ben conservada. El compromís de l&#8217;arquitecte amb l&#8217;arquitectura escolar d&#8217;aquell moment pot observar-se en Els Convents.</p>
<p>Els espais interiors també s&#8217;han anat modificant, mínimament, per adaptar-los a les necessitats pedagògiques actuals sense perdre l&#8217;ideari de la construcció original.</p>
<p><a href="https://sites.google.com/a/xtec.cat/els-convents/dades-escola/home/historia/marzo%202018%20059.jpg?attredirects=0"><img loading="lazy" decoding="async" src="https://sites.google.com/a/xtec.cat/els-convents/dades-escola/home/historia/marzo%202018%20059.jpg" width="400" height="225" border="0" /></a></p>
<p><img loading="lazy" decoding="async" src="https://sites.google.com/a/xtec.cat/els-convents/home/IMG-20180912-WA0008.jpg" width="400" height="300" border="0" /></p>

<p>L’Ajuntament de Martorell a l’any 1935, es va assabentar del decret pel qual el govern republicà s’havia compromès a subvencionar amb 12.000 pessetes per secció (aula i cada element de serveis) a les escoles públiques de les poblacions on faltaven i que disposessin de solars adequats. Miquel Canyamelles Salvany, alcalde del poble, sabia que podia [&hellip;]</p>
