{"id":2821,"date":"2022-03-15T13:04:50","date_gmt":"2022-03-15T12:04:50","guid":{"rendered":"https:\/\/agora.xtec.cat\/ceipconsolferre\/?page_id=2821"},"modified":"2023-05-23T13:41:32","modified_gmt":"2023-05-23T11:41:32","slug":"planificacio-de-les-activitats","status":"publish","type":"page","link":"https:\/\/agora.xtec.cat\/ceipconsolferre\/planificacio-de-les-activitats\/","title":{"rendered":"PLANIFICACI\u00d3 DE LES ACTIVITATS"},"content":{"rendered":"<p>Per portar a terme els objectius de l&#8217;Estrat\u00e8gia digital de centre hem dissenyat les seg\u00fcents activitats:<\/p>\n<p><strong>OBJECTIU 1<\/strong><\/p>\n<p><iframe loading=\"lazy\" src=\"https:\/\/docs.google.com\/spreadsheets\/d\/e\/2PACX-1vSdRw1Ixs7DwAE7koXNILdmZUli5kxdfRxwSXSpqlmoD0mCDTEd0ZmV30Ru5Cq6bQ\/pubhtml?widget=true&amp;headers=false\" width=\"1200\" height=\"810\"><\/iframe><\/p>\n<p>OBJECTIU 2<br \/>\n<iframe loading=\"lazy\" src=\"https:\/\/docs.google.com\/spreadsheets\/d\/e\/2PACX-1vQ9LMGolh5_6f1DyFNI5Hkz3ei1nhVPtRC10pmPc0eufR33Adv1kaL9gXDmtZT_mA\/pubhtml?widget=true&amp;headers=false\" width=\"1200\" height=\"810\"><\/iframe><\/p>\n<p>&nbsp;<\/p>\n<p>OBJECTIU 3<br \/>\n<iframe loading=\"lazy\" src=\"https:\/\/docs.google.com\/spreadsheets\/d\/e\/2PACX-1vQ3WiTRIJgBRGvRwMg0b2SiXqIlJJJTuyG5Z24tExcTBs_OGFV7IOPwzwEbFAlbgw\/pubhtml?widget=true&amp;headers=false\" width=\"1200&quot;\" height=\"810\"><\/iframe><br \/>\nOBJECTIU 4<\/p>\n<p><iframe loading=\"lazy\" src=\"https:\/\/docs.google.com\/spreadsheets\/d\/e\/2PACX-1vQ6oZG-9pG1mo_CRa1eLWwk_EQVpeMD9a4rIEManDQ1ROQg98X6wYjoJhz1C4Uogw\/pubhtml?widget=true&amp;headers=false\" width=\"1200&quot;\" height=\"810\"><\/iframe><\/p>\n<p>OBJECTIU 5<\/p>\n<p><iframe loading=\"lazy\" src=\"https:\/\/docs.google.com\/spreadsheets\/d\/e\/2PACX-1vRGeArApl3qr-mlQAl9t9HZomfpo4rF9GGfj2fJ3kAY4sML6mRfd_etfCYtsBkeSg\/pubhtml?widget=true&amp;headers=false\" width=\"1200&quot;\" height=\"810\"><span data-mce-type=\"bookmark\" style=\"display: inline-block; width: 0px; overflow: hidden; line-height: 0;\" class=\"mce_SELRES_start\">\ufeff<\/span><\/iframe><\/p>\n","protected":false},"excerpt":{"rendered":"<p>Per portar a terme els objectius de l&#8217;Estrat\u00e8gia digital de centre hem dissenyat les seg\u00fcents activitats: OBJECTIU 1 OBJECTIU 2 &nbsp; OBJECTIU 3 OBJECTIU 4 OBJECTIU 5 \ufeff<\/p>\n","protected":false},"author":1,"featured_media":0,"parent":0,"menu_order":0,"comment_status":"closed","ping_status":"closed","template":"","meta":{"_bbp_topic_count":0,"_bbp_reply_count":0,"_bbp_total_topic_count":0,"_bbp_total_reply_count":0,"_bbp_voice_count":0,"_bbp_anonymous_reply_count":0,"_bbp_topic_count_hidden":0,"_bbp_reply_count_hidden":0,"_bbp_forum_subforum_count":0,"site-sidebar-layout":"default","site-content-layout":"","ast-site-content-layout":"","site-content-style":"default","site-sidebar-style":"default","ast-global-header-display":"","ast-banner-title-visibility":"","ast-main-header-display":"","ast-hfb-above-header-display":"","ast-hfb-below-header-display":"","ast-hfb-mobile-header-display":"","site-post-title":"","ast-breadcrumbs-content":"","ast-featured-img":"","footer-sml-layout":"","theme-transparent-header-meta":"","adv-header-id-meta":"","stick-header-meta":"","header-above-stick-meta":"","header-main-stick-meta":"","header-below-stick-meta":"","astra-migrate-meta-layouts":"default","ast-page-background-enabled":"default","ast-page-background-meta":{"desktop":{"background-color":"var(--ast-global-color-4)","background-image":"","background-repeat":"repeat","background-position":"center center","background-size":"auto","background-attachment":"scroll","background-type":"","background-media":"","overlay-type":"","overlay-color":"","overlay-opacity":"","overlay-gradient":""},"tablet":{"background-color":"","background-image":"","background-repeat":"repeat","background-position":"center center","background-size":"auto","background-attachment":"scroll","background-type":"","background-media":"","overlay-type":"","overlay-color":"","overlay-opacity":"","overlay-gradient":""},"mobile":{"background-color":"","background-image":"","background-repeat":"repeat","background-position":"center center","background-size":"auto","background-attachment":"scroll","background-type":"","background-media":"","overlay-type":"","overlay-color":"","overlay-opacity":"","overlay-gradient":""}},"ast-content-background-meta":{"desktop":{"background-color":"var(--ast-global-color-5)","background-image":"","background-repeat":"repeat","background-position":"center center","background-size":"auto","background-attachment":"scroll","background-type":"","background-media":"","overlay-type":"","overlay-color":"","overlay-opacity":"","overlay-gradient":""},"tablet":{"background-color":"var(--ast-global-color-5)","background-image":"","background-repeat":"repeat","background-position":"center center","background-size":"auto","background-attachment":"scroll","background-type":"","background-media":"","overlay-type":"","overlay-color":"","overlay-opacity":"","overlay-gradient":""},"mobile":{"background-color":"var(--ast-global-color-5)","background-image":"","background-repeat":"repeat","background-position":"center center","background-size":"auto","background-attachment":"scroll","background-type":"","background-media":"","overlay-type":"","overlay-color":"","overlay-opacity":"","overlay-gradient":""}},"footnotes":""},"class_list":["post-2821","page","type-page","status-publish","hentry"],"post_mailing_queue_ids":[],"_links":{"self":[{"href":"https:\/\/agora.xtec.cat\/ceipconsolferre\/wp-json\/wp\/v2\/pages\/2821","targetHints":{"allow":["GET"]}}],"collection":[{"href":"https:\/\/agora.xtec.cat\/ceipconsolferre\/wp-json\/wp\/v2\/pages"}],"about":[{"href":"https:\/\/agora.xtec.cat\/ceipconsolferre\/wp-json\/wp\/v2\/types\/page"}],"author":[{"embeddable":true,"href":"https:\/\/agora.xtec.cat\/ceipconsolferre\/wp-json\/wp\/v2\/users\/1"}],"replies":[{"embeddable":true,"href":"https:\/\/agora.xtec.cat\/ceipconsolferre\/wp-json\/wp\/v2\/comments?post=2821"}],"version-history":[{"count":4,"href":"https:\/\/agora.xtec.cat\/ceipconsolferre\/wp-json\/wp\/v2\/pages\/2821\/revisions"}],"predecessor-version":[{"id":3142,"href":"https:\/\/agora.xtec.cat\/ceipconsolferre\/wp-json\/wp\/v2\/pages\/2821\/revisions\/3142"}],"wp:attachment":[{"href":"https:\/\/agora.xtec.cat\/ceipconsolferre\/wp-json\/wp\/v2\/media?parent=2821"}],"curies":[{"name":"wp","href":"https:\/\/api.w.org\/{rel}","templated":true}]}}