{"id":28,"date":"2017-07-18T12:29:35","date_gmt":"2017-07-18T10:29:35","guid":{"rendered":"http:\/\/agora.xtec.cat\/ceipconsolferre\/?page_id=28"},"modified":"2026-08-23T12:58:54","modified_gmt":"2026-08-23T10:58:54","slug":"consell-escolar","status":"publish","type":"page","link":"https:\/\/agora.xtec.cat\/ceipconsolferre\/lescola\/consell-escolar\/","title":{"rendered":"Consell escolar"},"content":{"rendered":"<p>El Consell Escolar de Centre \u00e9s un \u00f2rgan de govern col\u00b7legiat on es troba representat tota la <a href=\"http:\/\/www.fapac.cat\/wiki\/comunitat_educativa\">comunitat educativa<\/a>.<\/p>\n<p>\u00c9s un \u00f2rgan de decisi\u00f3 i participaci\u00f3 que juga un paper important en el funcionament del centre.<\/p>\n<p>&nbsp;<\/p>\n<p><strong>Membres del Consell Escolar de Centre\u00a0<\/strong><\/p>\n<table>\n<tbody>\n<tr>\n<td style=\"text-align: left; vertical-align: top;\" width=\"300\">La directora, que el presideix:<\/td>\n<td style=\"text-align: left; vertical-align: top;\" width=\"347\">\u00c0ngela Arrufat<\/td>\n<\/tr>\n<tr>\n<td style=\"text-align: left; vertical-align: top;\" width=\"300\">La cap d&#8217;estudis:<\/td>\n<td style=\"text-align: left; vertical-align: top;\" width=\"347\">Paloma Geira<\/td>\n<\/tr>\n<tr>\n<td style=\"text-align: left; vertical-align: top;\" width=\"300\">Representant de l&#8217;Ajuntament d\u2019Amposta:<\/td>\n<td style=\"text-align: left; vertical-align: top;\" width=\"347\">N\u00faria Marco (Regidora d\u2019Educaci\u00f3)<\/td>\n<\/tr>\n<tr>\n<td style=\"text-align: left; vertical-align: top;\" width=\"300\">Els i les representants del professorat elegits pel claustre:<\/td>\n<td style=\"text-align: left; vertical-align: top;\" width=\"347\">Francina Molina<\/p>\n<p>Montse Morales<\/p>\n<p>Laia Revert\u00e9<\/p>\n<p>Arantxa Pla<\/p>\n<p>Ariadna Gil<\/p>\n<p>Ana Arnau<\/td>\n<\/tr>\n<tr>\n<td style=\"text-align: left; vertical-align: top;\" width=\"300\">Els i les representants dels pares i mares o tutors, elegits respectivament per ells i entre ells:<\/td>\n<td style=\"text-align: left; vertical-align: top;\" width=\"347\">Roser Casanova<\/p>\n<p>Octavi Pla<\/p>\n<p>Ana Roig<\/p>\n<p>Astrid Vidiella<\/p>\n<p>Alba Gisbert<\/td>\n<\/tr>\n<tr>\n<td style=\"text-align: left; vertical-align: top;\" width=\"300\">Representant AFA:<\/td>\n<td style=\"text-align: left; vertical-align: top;\" width=\"347\">Joana Tur\u00f3n<\/td>\n<\/tr>\n<tr>\n<td style=\"text-align: left; vertical-align: top;\" width=\"300\">Representant del personal d&#8217;administraci\u00f3 i serveis<\/td>\n<td style=\"text-align: left; vertical-align: top;\" width=\"347\">Dolors Llu\u00eds<\/td>\n<\/tr>\n<tr>\n<td width=\"300\">La secret\u00e0ria del centre:<\/td>\n<td width=\"347\">Saida Casanova<\/td>\n<\/tr>\n<\/tbody>\n<\/table>\n<p>&nbsp;<\/p>\n<p>Corresponen al consell escolar les <strong>funcions<\/strong> seg\u00fcents:<\/p>\n<ul>\n<li>Aprovar el projecte educatiu i les modificacions corresponents per una majoria de tres cinquenes parts dels membres.<\/li>\n<li>Aprovar la programaci\u00f3 general anual del centre i avaluar-ne el desenvolupament i els resultats.<\/li>\n<li>Aprovar les propostes d&#8217;acords de corresponsabilitat, convenis i altres acords de col\u00b7laboraci\u00f3 del centre amb entitats o institucions.<\/li>\n<li>Aprovar les normes d&#8217;organitzaci\u00f3 i funcionament i les modificacions corresponents.<\/li>\n<li>Aprovar la carta de comprom\u00eds educatiu.<\/li>\n<li>Aprovar el pressupost del centre i el rendiment de comptes.<\/li>\n<li>Intervenir en el procediment d&#8217;admissi\u00f3 d&#8217;alumnes.<\/li>\n<li>Participar en el procediment de selecci\u00f3 i en la proposta de cessament del director o directora.<\/li>\n<li>Intervenir en la resoluci\u00f3 dels conflictes i, si escau, revisar les sancions als alumnes.<\/li>\n<li>Aprovar les directrius per a la programaci\u00f3 d&#8217;activitats escolars complement\u00e0ries i d&#8217;activitats extraescolars, i avaluar-ne el desenvolupament.<\/li>\n<li>Participar en les an\u00e0lisis i les avaluacions del funcionament general del centre i con\u00e8ixer l&#8217;evoluci\u00f3 del rendiment escolar.<\/li>\n<li>Aprovar els criteris de col\u00b7laboraci\u00f3 amb altres centres i amb l&#8217;entorn.<\/li>\n<li>Qualsevol altra que li sigui atribu\u00efda per les normes legals o reglament\u00e0ries.<\/li>\n<\/ul>\n<p>&nbsp;<\/p>\n<p>&nbsp;<\/p>\n<p>&nbsp;<\/p>\n<p>&nbsp;<\/p>\n","protected":false},"excerpt":{"rendered":"<p>El Consell Escolar de Centre \u00e9s un \u00f2rgan de govern col\u00b7legiat on es troba representat tota la comunitat educativa. \u00c9s un \u00f2rgan de decisi\u00f3 i participaci\u00f3 que juga un paper important en el funcionament del centre. &nbsp; Membres del Consell Escolar de Centre\u00a0 La directora, que el presideix: \u00c0ngela Arrufat La cap d&#8217;estudis: Paloma Geira [&hellip;]<\/p>\n","protected":false},"author":1,"featured_media":0,"parent":22,"menu_order":40,"comment_status":"closed","ping_status":"closed","template":"","meta":{"_bbp_topic_count":0,"_bbp_reply_count":0,"_bbp_total_topic_count":0,"_bbp_total_reply_count":0,"_bbp_voice_count":0,"_bbp_anonymous_reply_count":0,"_bbp_topic_count_hidden":0,"_bbp_reply_count_hidden":0,"_bbp_forum_subforum_count":0,"site-sidebar-layout":"default","site-content-layout":"","ast-site-content-layout":"default","site-content-style":"default","site-sidebar-style":"default","ast-global-header-display":"","ast-banner-title-visibility":"","ast-main-header-display":"","ast-hfb-above-header-display":"","ast-hfb-below-header-display":"","ast-hfb-mobile-header-display":"","site-post-title":"","ast-breadcrumbs-content":"","ast-featured-img":"","footer-sml-layout":"","theme-transparent-header-meta":"default","adv-header-id-meta":"","stick-header-meta":"","header-above-stick-meta":"","header-main-stick-meta":"","header-below-stick-meta":"","astra-migrate-meta-layouts":"set","ast-page-background-enabled":"default","ast-page-background-meta":{"desktop":{"background-color":"var(--ast-global-color-4)","background-image":"","background-repeat":"repeat","background-position":"center center","background-size":"auto","background-attachment":"scroll","background-type":"","background-media":"","overlay-type":"","overlay-color":"","overlay-opacity":"","overlay-gradient":""},"tablet":{"background-color":"","background-image":"","background-repeat":"repeat","background-position":"center center","background-size":"auto","background-attachment":"scroll","background-type":"","background-media":"","overlay-type":"","overlay-color":"","overlay-opacity":"","overlay-gradient":""},"mobile":{"background-color":"","background-image":"","background-repeat":"repeat","background-position":"center center","background-size":"auto","background-attachment":"scroll","background-type":"","background-media":"","overlay-type":"","overlay-color":"","overlay-opacity":"","overlay-gradient":""}},"ast-content-background-meta":{"desktop":{"background-color":"var(--ast-global-color-5)","background-image":"","background-repeat":"repeat","background-position":"center center","background-size":"auto","background-attachment":"scroll","background-type":"","background-media":"","overlay-type":"","overlay-color":"","overlay-opacity":"","overlay-gradient":""},"tablet":{"background-color":"var(--ast-global-color-5)","background-image":"","background-repeat":"repeat","background-position":"center center","background-size":"auto","background-attachment":"scroll","background-type":"","background-media":"","overlay-type":"","overlay-color":"","overlay-opacity":"","overlay-gradient":""},"mobile":{"background-color":"var(--ast-global-color-5)","background-image":"","background-repeat":"repeat","background-position":"center center","background-size":"auto","background-attachment":"scroll","background-type":"","background-media":"","overlay-type":"","overlay-color":"","overlay-opacity":"","overlay-gradient":""}},"footnotes":""},"class_list":["post-28","page","type-page","status-publish","hentry"],"post_mailing_queue_ids":[],"_links":{"self":[{"href":"https:\/\/agora.xtec.cat\/ceipconsolferre\/wp-json\/wp\/v2\/pages\/28","targetHints":{"allow":["GET"]}}],"collection":[{"href":"https:\/\/agora.xtec.cat\/ceipconsolferre\/wp-json\/wp\/v2\/pages"}],"about":[{"href":"https:\/\/agora.xtec.cat\/ceipconsolferre\/wp-json\/wp\/v2\/types\/page"}],"author":[{"embeddable":true,"href":"https:\/\/agora.xtec.cat\/ceipconsolferre\/wp-json\/wp\/v2\/users\/1"}],"replies":[{"embeddable":true,"href":"https:\/\/agora.xtec.cat\/ceipconsolferre\/wp-json\/wp\/v2\/comments?post=28"}],"version-history":[{"count":6,"href":"https:\/\/agora.xtec.cat\/ceipconsolferre\/wp-json\/wp\/v2\/pages\/28\/revisions"}],"predecessor-version":[{"id":3639,"href":"https:\/\/agora.xtec.cat\/ceipconsolferre\/wp-json\/wp\/v2\/pages\/28\/revisions\/3639"}],"up":[{"embeddable":true,"href":"https:\/\/agora.xtec.cat\/ceipconsolferre\/wp-json\/wp\/v2\/pages\/22"}],"wp:attachment":[{"href":"https:\/\/agora.xtec.cat\/ceipconsolferre\/wp-json\/wp\/v2\/media?parent=28"}],"curies":[{"name":"wp","href":"https:\/\/api.w.org\/{rel}","templated":true}]}}

<p>El Consell Escolar de Centre és un òrgan de govern col·legiat on es troba representat tota la <a href="http://www.fapac.cat/wiki/comunitat_educativa">comunitat educativa</a>.</p>
<p>És un òrgan de decisió i participació que juga un paper important en el funcionament del centre.</p>
<p>&nbsp;</p>
<p><strong>Membres del Consell Escolar de Centre </strong></p>
<table>
<tbody>
<tr>
<td style="text-align: left; vertical-align: top;" width="300">La directora, que el presideix:</td>
<td style="text-align: left; vertical-align: top;" width="347">Àngela Arrufat</td>
</tr>
<tr>
<td style="text-align: left; vertical-align: top;" width="300">La cap d&#8217;estudis:</td>
<td style="text-align: left; vertical-align: top;" width="347">Paloma Geira</td>
</tr>
<tr>
<td style="text-align: left; vertical-align: top;" width="300">Representant de l&#8217;Ajuntament d’Amposta:</td>
<td style="text-align: left; vertical-align: top;" width="347">Núria Marco (Regidora d’Educació)</td>
</tr>
<tr>
<td style="text-align: left; vertical-align: top;" width="300">Els i les representants del professorat elegits pel claustre:</td>
<td style="text-align: left; vertical-align: top;" width="347">Francina Molina</p>
<p>Montse Morales</p>
<p>Laia Reverté</p>
<p>Arantxa Pla</p>
<p>Ariadna Gil</p>
<p>Ana Arnau</td>
</tr>
<tr>
<td style="text-align: left; vertical-align: top;" width="300">Els i les representants dels pares i mares o tutors, elegits respectivament per ells i entre ells:</td>
<td style="text-align: left; vertical-align: top;" width="347">Roser Casanova</p>
<p>Octavi Pla</p>
<p>Ana Roig</p>
<p>Astrid Vidiella</p>
<p>Alba Gisbert</td>
</tr>
<tr>
<td style="text-align: left; vertical-align: top;" width="300">Representant AFA:</td>
<td style="text-align: left; vertical-align: top;" width="347">Joana Turón</td>
</tr>
<tr>
<td style="text-align: left; vertical-align: top;" width="300">Representant del personal d&#8217;administració i serveis</td>
<td style="text-align: left; vertical-align: top;" width="347">Dolors Lluís</td>
</tr>
<tr>
<td width="300">La secretària del centre:</td>
<td width="347">Saida Casanova</td>
</tr>
</tbody>
</table>
<p>&nbsp;</p>
<p>Corresponen al consell escolar les <strong>funcions</strong> següents:</p>
<ul>
<li>Aprovar el projecte educatiu i les modificacions corresponents per una majoria de tres cinquenes parts dels membres.</li>
<li>Aprovar la programació general anual del centre i avaluar-ne el desenvolupament i els resultats.</li>
<li>Aprovar les propostes d&#8217;acords de corresponsabilitat, convenis i altres acords de col·laboració del centre amb entitats o institucions.</li>
<li>Aprovar les normes d&#8217;organització i funcionament i les modificacions corresponents.</li>
<li>Aprovar la carta de compromís educatiu.</li>
<li>Aprovar el pressupost del centre i el rendiment de comptes.</li>
<li>Intervenir en el procediment d&#8217;admissió d&#8217;alumnes.</li>
<li>Participar en el procediment de selecció i en la proposta de cessament del director o directora.</li>
<li>Intervenir en la resolució dels conflictes i, si escau, revisar les sancions als alumnes.</li>
<li>Aprovar les directrius per a la programació d&#8217;activitats escolars complementàries i d&#8217;activitats extraescolars, i avaluar-ne el desenvolupament.</li>
<li>Participar en les anàlisis i les avaluacions del funcionament general del centre i conèixer l&#8217;evolució del rendiment escolar.</li>
<li>Aprovar els criteris de col·laboració amb altres centres i amb l&#8217;entorn.</li>
<li>Qualsevol altra que li sigui atribuïda per les normes legals o reglamentàries.</li>
</ul>
<p>&nbsp;</p>
<p>&nbsp;</p>
<p>&nbsp;</p>
<p>&nbsp;</p>

<p>El Consell Escolar de Centre és un òrgan de govern col·legiat on es troba representat tota la comunitat educativa. És un òrgan de decisió i participació que juga un paper important en el funcionament del centre. &nbsp; Membres del Consell Escolar de Centre  La directora, que el presideix: Àngela Arrufat La cap d&#8217;estudis: Paloma Geira [&hellip;]</p>
