{"id":394,"date":"2015-11-16T10:35:57","date_gmt":"2015-11-16T09:35:57","guid":{"rendered":"http:\/\/agora.xtec.cat\/ceipcoloniaguell\/?page_id=394"},"modified":"2024-07-23T17:25:31","modified_gmt":"2024-07-23T15:25:31","slug":"llistat-de-llibres-de-text","status":"publish","type":"page","link":"https:\/\/agora.xtec.cat\/ceipcoloniaguell\/activacio-i-cessio-del-val-escolar\/organitzacio\/llistat-de-llibres-de-text\/","title":{"rendered":"Llistat de llibres de text 24-25"},"content":{"rendered":"<p>Podeu consultar el llistat dels quadernets de treball que farem servir el curs 23-24, en el seg\u00fcent document:<\/p>\n<p><a href=\"https:\/\/agora.xtec.cat\/ceipcoloniaguell\/portada\/quadernets-curs-24-25\/\">Llibres Escola Col\u00f2nia G\u00fcell. Curs 24-25<\/a><\/p>\n<p>Mantenim la proposta metodol\u00f2gica de l&#8217;Escola Col\u00f2nia G\u00fcell sense llibres de text com a eina de treball habitual a l&#8217;aula, tot i que s\u00ed que hi seran els que tenim socialitzats i els de la biblioteca com a eina consulta.<\/p>\n<p>Aix\u00ed doncs, mantenim l&#8217;aposta cap al treball per projectes de construcci\u00f3 col\u00b7lectiva, que vertebren el treball de cada grup. Com a complement, a l&#8217;<span style=\"text-decoration: underline;\">educaci\u00f3 prim\u00e0ria<\/span> s\u00ed que hi ha una s\u00e8rie de &#8220;quadernets&#8221; de tipus pr\u00e0ctic, que serveixen com a entrenament de les habilitats i els coneixements que posaran en moviment en els diferents projectes.<\/p>\n<p>Juliol 2024<\/p>\n","protected":false},"excerpt":{"rendered":"<p>Podeu consultar el llistat dels quadernets de treball que farem servir el curs 23-24, en el seg\u00fcent document: Llibres Escola Col\u00f2nia G\u00fcell. Curs 24-25 Mantenim la proposta metodol\u00f2gica de l&#8217;Escola Col\u00f2nia G\u00fcell sense llibres de text com a eina de treball habitual a l&#8217;aula, tot i que s\u00ed que hi seran els que tenim socialitzats [&hellip;]<\/p>\n","protected":false},"author":1,"featured_media":0,"parent":243,"menu_order":5,"comment_status":"closed","ping_status":"closed","template":"","meta":{"_bbp_topic_count":0,"_bbp_reply_count":0,"_bbp_total_topic_count":0,"_bbp_total_reply_count":0,"_bbp_voice_count":0,"_bbp_anonymous_reply_count":0,"_bbp_topic_count_hidden":0,"_bbp_reply_count_hidden":0,"_bbp_forum_subforum_count":0,"site-sidebar-layout":"default","site-content-layout":"","ast-site-content-layout":"","site-content-style":"default","site-sidebar-style":"default","ast-global-header-display":"","ast-banner-title-visibility":"","ast-main-header-display":"","ast-hfb-above-header-display":"","ast-hfb-below-header-display":"","ast-hfb-mobile-header-display":"","site-post-title":"","ast-breadcrumbs-content":"","ast-featured-img":"","footer-sml-layout":"","theme-transparent-header-meta":"","adv-header-id-meta":"","stick-header-meta":"","header-above-stick-meta":"","header-main-stick-meta":"","header-below-stick-meta":"","astra-migrate-meta-layouts":"default","ast-page-background-enabled":"default","ast-page-background-meta":{"desktop":{"background-color":"var(--ast-global-color-4)","background-image":"","background-repeat":"repeat","background-position":"center center","background-size":"auto","background-attachment":"scroll","background-type":"","background-media":"","overlay-type":"","overlay-color":"","overlay-opacity":"","overlay-gradient":""},"tablet":{"background-color":"","background-image":"","background-repeat":"repeat","background-position":"center center","background-size":"auto","background-attachment":"scroll","background-type":"","background-media":"","overlay-type":"","overlay-color":"","overlay-opacity":"","overlay-gradient":""},"mobile":{"background-color":"","background-image":"","background-repeat":"repeat","background-position":"center center","background-size":"auto","background-attachment":"scroll","background-type":"","background-media":"","overlay-type":"","overlay-color":"","overlay-opacity":"","overlay-gradient":""}},"ast-content-background-meta":{"desktop":{"background-color":"var(--ast-global-color-5)","background-image":"","background-repeat":"repeat","background-position":"center center","background-size":"auto","background-attachment":"scroll","background-type":"","background-media":"","overlay-type":"","overlay-color":"","overlay-opacity":"","overlay-gradient":""},"tablet":{"background-color":"var(--ast-global-color-5)","background-image":"","background-repeat":"repeat","background-position":"center center","background-size":"auto","background-attachment":"scroll","background-type":"","background-media":"","overlay-type":"","overlay-color":"","overlay-opacity":"","overlay-gradient":""},"mobile":{"background-color":"var(--ast-global-color-5)","background-image":"","background-repeat":"repeat","background-position":"center center","background-size":"auto","background-attachment":"scroll","background-type":"","background-media":"","overlay-type":"","overlay-color":"","overlay-opacity":"","overlay-gradient":""}},"footnotes":""},"class_list":["post-394","page","type-page","status-publish","hentry"],"post_mailing_queue_ids":[],"_links":{"self":[{"href":"https:\/\/agora.xtec.cat\/ceipcoloniaguell\/wp-json\/wp\/v2\/pages\/394","targetHints":{"allow":["GET"]}}],"collection":[{"href":"https:\/\/agora.xtec.cat\/ceipcoloniaguell\/wp-json\/wp\/v2\/pages"}],"about":[{"href":"https:\/\/agora.xtec.cat\/ceipcoloniaguell\/wp-json\/wp\/v2\/types\/page"}],"author":[{"embeddable":true,"href":"https:\/\/agora.xtec.cat\/ceipcoloniaguell\/wp-json\/wp\/v2\/users\/1"}],"replies":[{"embeddable":true,"href":"https:\/\/agora.xtec.cat\/ceipcoloniaguell\/wp-json\/wp\/v2\/comments?post=394"}],"version-history":[{"count":5,"href":"https:\/\/agora.xtec.cat\/ceipcoloniaguell\/wp-json\/wp\/v2\/pages\/394\/revisions"}],"predecessor-version":[{"id":2221,"href":"https:\/\/agora.xtec.cat\/ceipcoloniaguell\/wp-json\/wp\/v2\/pages\/394\/revisions\/2221"}],"up":[{"embeddable":true,"href":"https:\/\/agora.xtec.cat\/ceipcoloniaguell\/wp-json\/wp\/v2\/pages\/243"}],"wp:attachment":[{"href":"https:\/\/agora.xtec.cat\/ceipcoloniaguell\/wp-json\/wp\/v2\/media?parent=394"}],"curies":[{"name":"wp","href":"https:\/\/api.w.org\/{rel}","templated":true}]}}