{"id":646,"date":"2018-07-26T12:35:56","date_gmt":"2018-07-26T10:35:56","guid":{"rendered":"http:\/\/agora.xtec.cat\/ceipcollbaix\/?page_id=646"},"modified":"2026-02-02T10:56:04","modified_gmt":"2026-02-02T09:56:04","slug":"chromebooks","status":"publish","type":"page","link":"https:\/\/agora.xtec.cat\/ceipcollbaix\/equips-impulsors\/chromebooks\/","title":{"rendered":"Chromebooks"},"content":{"rendered":"<p>Amb l&#8217;objectiu de millorar la compet\u00e8ncia digital dels nostres alumnes i de fomentar el treball cooperatiu, s&#8217;han anat adquirint\u00a0 ordinadors port\u00e0tils que funcionen amb sistema operatiu de Google, s\u00f3n els Chromebooks. Aquest 2025\/2026 seguirem comptant amb la flota de tres carros de chromebooks (una setentena d&#8217;unitats en total) repartits essencialment entre 3r i 5\u00e8.<\/p>\n<p>A 6\u00e8, seguirem apostant perqu\u00e9 els alumnes disposin de chromebook personal. Una unitat per alumne.<\/p>\n<p>Aquests ordinadors estan pensats per a treballar \u00fanicament a partir d&#8217;un n\u00favol a la xarxa, amb la qual cosa tots els documents es poden consultar, editar i compartir online.<\/p>\n<p>Els Chromebooks nom\u00e9s triguen 7 segons en engegar, un fet que permet guanyar temps a l&#8217;hora de treballar amb els alumnes a l&#8217;aula. Com que funciona amb el sistema operatiu de Google, ja porta incorporades aplicacions com el Google Docs, Google Drive, el calendari, etc. Els alumnes no poden instal\u00b7lar ni desinstal\u00b7lar cap d&#8217;aquestes aplicacions, sin\u00f3 que s\u00f3n els mestres els encarregats de decidir quines apps s\u00f3n accessibles. \u00d2bviament, tamb\u00e9 es pot consultar la informaci\u00f3 que sigui necess\u00e0ria a partir del navegador web.<\/p>\n<p>Feu clic en els seg\u00fcents enlla\u00e7os per saber m\u00e9s sobre el tractament de dades personals recollides per Google.<\/p>\n<p><a href=\"https:\/\/cloud.google.com\/security\/gdpr\/?hl=es\" target=\"_blank\" rel=\"noopener noreferrer\">Reglament General de Protecci\u00f3 de Dades (RGPD)<\/a><\/p>\n<p><a href=\"https:\/\/edu.google.com\/intl\/es-419\/why-google\/privacy-security\/?modal_active=none\" target=\"_blank\" rel=\"noopener noreferrer\">Privacitat i seguretat a Google Suite for Education<\/a><\/p>\n<p>&nbsp;<\/p>\n","protected":false},"excerpt":{"rendered":"<p>Amb l&#8217;objectiu de millorar la compet\u00e8ncia digital dels nostres alumnes i de fomentar el treball cooperatiu, s&#8217;han anat adquirint\u00a0 ordinadors port\u00e0tils que funcionen amb sistema operatiu de Google, s\u00f3n els Chromebooks. Aquest 2025\/2026 seguirem comptant amb la flota de tres carros de chromebooks (una setentena&hellip;  <a href=\"https:\/\/agora.xtec.cat\/ceipcollbaix\/equips-impulsors\/chromebooks\/\" title=\"Read Chromebooks\">Llegeix m\u00e9s\u00bb<\/a><\/p>\n","protected":false},"author":7,"featured_media":0,"parent":640,"menu_order":0,"comment_status":"closed","ping_status":"closed","template":"page-templates\/side-menu.php","meta":{"_bbp_topic_count":0,"_bbp_reply_count":0,"_bbp_total_topic_count":0,"_bbp_total_reply_count":0,"_bbp_voice_count":0,"_bbp_anonymous_reply_count":0,"_bbp_topic_count_hidden":0,"_bbp_reply_count_hidden":0,"_bbp_forum_subforum_count":0,"footnotes":""},"class_list":["post-646","page","type-page","status-publish","hentry"],"post_mailing_queue_ids":[],"_links":{"self":[{"href":"https:\/\/agora.xtec.cat\/ceipcollbaix\/wp-json\/wp\/v2\/pages\/646","targetHints":{"allow":["GET"]}}],"collection":[{"href":"https:\/\/agora.xtec.cat\/ceipcollbaix\/wp-json\/wp\/v2\/pages"}],"about":[{"href":"https:\/\/agora.xtec.cat\/ceipcollbaix\/wp-json\/wp\/v2\/types\/page"}],"author":[{"embeddable":true,"href":"https:\/\/agora.xtec.cat\/ceipcollbaix\/wp-json\/wp\/v2\/users\/7"}],"replies":[{"embeddable":true,"href":"https:\/\/agora.xtec.cat\/ceipcollbaix\/wp-json\/wp\/v2\/comments?post=646"}],"version-history":[{"count":7,"href":"https:\/\/agora.xtec.cat\/ceipcollbaix\/wp-json\/wp\/v2\/pages\/646\/revisions"}],"predecessor-version":[{"id":8173,"href":"https:\/\/agora.xtec.cat\/ceipcollbaix\/wp-json\/wp\/v2\/pages\/646\/revisions\/8173"}],"up":[{"embeddable":true,"href":"https:\/\/agora.xtec.cat\/ceipcollbaix\/wp-json\/wp\/v2\/pages\/640"}],"wp:attachment":[{"href":"https:\/\/agora.xtec.cat\/ceipcollbaix\/wp-json\/wp\/v2\/media?parent=646"}],"curies":[{"name":"wp","href":"https:\/\/api.w.org\/{rel}","templated":true}]}}