{"id":644,"date":"2018-07-26T12:35:35","date_gmt":"2018-07-26T10:35:35","guid":{"rendered":"http:\/\/agora.xtec.cat\/ceipcollbaix\/?page_id=644"},"modified":"2026-02-02T10:54:04","modified_gmt":"2026-02-02T09:54:04","slug":"legiland","status":"publish","type":"page","link":"https:\/\/agora.xtec.cat\/ceipcollbaix\/equips-impulsors\/legiland\/","title":{"rendered":"Legiland"},"content":{"rendered":"<p>Una altra eina que seguirem utilitzant per tal de millorar la compet\u00e8ncia lectora dels nostres alumnes i motivar el seu gust per la lectura \u00e9s la participaci\u00f3 en el projecte <a href=\"https:\/\/legiland.cat\/\" target=\"_blank\" rel=\"noopener\">LEGILAND<\/a>.<\/p>\n<p>&nbsp;<\/p>\n<p>&nbsp;<\/p>\n","protected":false},"excerpt":{"rendered":"<p>Una altra eina que seguirem utilitzant per tal de millorar la compet\u00e8ncia lectora dels nostres alumnes i motivar el seu gust per la lectura \u00e9s la participaci\u00f3 en el projecte <a href=\"https:\/\/legiland.cat\/\" target=\"_blank\" rel=\"noopener\">LEGILAND<\/a>.<br \/>\n&nbsp;<br \/>\n&nbsp;<\/p>\n","protected":false},"author":7,"featured_media":0,"parent":640,"menu_order":0,"comment_status":"closed","ping_status":"closed","template":"page-templates\/side-menu.php","meta":{"_bbp_topic_count":0,"_bbp_reply_count":0,"_bbp_total_topic_count":0,"_bbp_total_reply_count":0,"_bbp_voice_count":0,"_bbp_anonymous_reply_count":0,"_bbp_topic_count_hidden":0,"_bbp_reply_count_hidden":0,"_bbp_forum_subforum_count":0,"footnotes":""},"class_list":["post-644","page","type-page","status-publish","hentry"],"post_mailing_queue_ids":[],"_links":{"self":[{"href":"https:\/\/agora.xtec.cat\/ceipcollbaix\/wp-json\/wp\/v2\/pages\/644","targetHints":{"allow":["GET"]}}],"collection":[{"href":"https:\/\/agora.xtec.cat\/ceipcollbaix\/wp-json\/wp\/v2\/pages"}],"about":[{"href":"https:\/\/agora.xtec.cat\/ceipcollbaix\/wp-json\/wp\/v2\/types\/page"}],"author":[{"embeddable":true,"href":"https:\/\/agora.xtec.cat\/ceipcollbaix\/wp-json\/wp\/v2\/users\/7"}],"replies":[{"embeddable":true,"href":"https:\/\/agora.xtec.cat\/ceipcollbaix\/wp-json\/wp\/v2\/comments?post=644"}],"version-history":[{"count":5,"href":"https:\/\/agora.xtec.cat\/ceipcollbaix\/wp-json\/wp\/v2\/pages\/644\/revisions"}],"predecessor-version":[{"id":8169,"href":"https:\/\/agora.xtec.cat\/ceipcollbaix\/wp-json\/wp\/v2\/pages\/644\/revisions\/8169"}],"up":[{"embeddable":true,"href":"https:\/\/agora.xtec.cat\/ceipcollbaix\/wp-json\/wp\/v2\/pages\/640"}],"wp:attachment":[{"href":"https:\/\/agora.xtec.cat\/ceipcollbaix\/wp-json\/wp\/v2\/media?parent=644"}],"curies":[{"name":"wp","href":"https:\/\/api.w.org\/{rel}","templated":true}]}}