{"id":632,"date":"2018-07-26T12:31:59","date_gmt":"2018-07-26T10:31:59","guid":{"rendered":"http:\/\/agora.xtec.cat\/ceipcollbaix\/?page_id=632"},"modified":"2018-10-01T11:45:34","modified_gmt":"2018-10-01T09:45:34","slug":"socialitzacio-de-llibres","status":"publish","type":"page","link":"https:\/\/agora.xtec.cat\/ceipcollbaix\/serveis\/socialitzacio-de-llibres\/","title":{"rendered":"Socialitzaci\u00f3 de llibres"},"content":{"rendered":"<p style=\"text-align: left;\">Enguany continua el projecte de socialitzaci\u00f3 de llibres de text, en el qual tots els nens i nenes de l&#8217;escola hi poden participar. L&#8217;objectiu \u00e9s aprendre a reutilitzar el material escolar. Si alguna fam\u00edlia decideix no participar-hi haur\u00e0 de proporcionar als seus fills els llibres que toquin a cada curs.<\/p>\n<p>Les fam\u00edlies de Prim\u00e0ria associades a l&#8217;AMPA paguen una quota anual de 20 euros per entrar en el projecte de socialitzaci\u00f3 de llibres, en concepte de manteniment. Les que no hi estan associades paguen 40 euros. En el cas d&#8217;Infantil, es paguen 20\u20ac directament a l&#8217;escola.<\/p>\n<p>M\u00e9s informaci\u00f3 al <a href=\"http:\/\/agora.xtec.cat\/ceipcollbaix\/wp-content\/uploads\/usu1796\/2018\/09\/des-de-lescola-18-19.pdf\" target=\"_blank\" rel=\"noopener\">Llibret &#8220;Des de l&#8217;escola&#8221;<\/a>.<\/p>\n<p>&nbsp;<\/p>\n<div class=\"\"><\/div>\n","protected":false},"excerpt":{"rendered":"<p>Enguany continua el projecte de socialitzaci\u00f3 de llibres de text, en el qual tots els nens i nenes de l&#8217;escola hi poden participar. L&#8217;objectiu \u00e9s aprendre a reutilitzar el material escolar. Si alguna fam\u00edlia decideix no participar-hi haur\u00e0 de proporcionar als seus fills els llibres&hellip;  <a href=\"https:\/\/agora.xtec.cat\/ceipcollbaix\/serveis\/socialitzacio-de-llibres\/\" title=\"Read Socialitzaci\u00f3 de llibres\">Llegeix m\u00e9s\u00bb<\/a><\/p>\n","protected":false},"author":7,"featured_media":0,"parent":622,"menu_order":0,"comment_status":"closed","ping_status":"closed","template":"page-templates\/side-menu.php","meta":{"_bbp_topic_count":0,"_bbp_reply_count":0,"_bbp_total_topic_count":0,"_bbp_total_reply_count":0,"_bbp_voice_count":0,"_bbp_anonymous_reply_count":0,"_bbp_topic_count_hidden":0,"_bbp_reply_count_hidden":0,"_bbp_forum_subforum_count":0,"footnotes":""},"class_list":["post-632","page","type-page","status-publish","hentry"],"post_mailing_queue_ids":[],"_links":{"self":[{"href":"https:\/\/agora.xtec.cat\/ceipcollbaix\/wp-json\/wp\/v2\/pages\/632","targetHints":{"allow":["GET"]}}],"collection":[{"href":"https:\/\/agora.xtec.cat\/ceipcollbaix\/wp-json\/wp\/v2\/pages"}],"about":[{"href":"https:\/\/agora.xtec.cat\/ceipcollbaix\/wp-json\/wp\/v2\/types\/page"}],"author":[{"embeddable":true,"href":"https:\/\/agora.xtec.cat\/ceipcollbaix\/wp-json\/wp\/v2\/users\/7"}],"replies":[{"embeddable":true,"href":"https:\/\/agora.xtec.cat\/ceipcollbaix\/wp-json\/wp\/v2\/comments?post=632"}],"version-history":[{"count":3,"href":"https:\/\/agora.xtec.cat\/ceipcollbaix\/wp-json\/wp\/v2\/pages\/632\/revisions"}],"predecessor-version":[{"id":1043,"href":"https:\/\/agora.xtec.cat\/ceipcollbaix\/wp-json\/wp\/v2\/pages\/632\/revisions\/1043"}],"up":[{"embeddable":true,"href":"https:\/\/agora.xtec.cat\/ceipcollbaix\/wp-json\/wp\/v2\/pages\/622"}],"wp:attachment":[{"href":"https:\/\/agora.xtec.cat\/ceipcollbaix\/wp-json\/wp\/v2\/media?parent=632"}],"curies":[{"name":"wp","href":"https:\/\/api.w.org\/{rel}","templated":true}]}}