{"id":628,"date":"2018-07-26T12:30:07","date_gmt":"2018-07-26T10:30:07","guid":{"rendered":"http:\/\/agora.xtec.cat\/ceipcollbaix\/?page_id=628"},"modified":"2026-04-08T09:44:55","modified_gmt":"2026-04-08T07:44:55","slug":"menjador","status":"publish","type":"page","link":"https:\/\/agora.xtec.cat\/ceipcollbaix\/serveis\/menjador\/","title":{"rendered":"Menjador"},"content":{"rendered":"<p>L&#8217;AFI gestiona l&#8217;espai de migdia de la nostra escola a trav\u00e9s de l&#8217;empresa Hostesa. El dinar el fa la nostra cuinera Salom\u00e9 Mu\u00f1oz. Les activitats i la vigil\u00e0ncia d&#8217;abans, durant i despr\u00e9s de l&#8217;\u00e0pat estan organitzades per monitores.<\/p>\n<p>El preu del tiquet espor\u00e0dic \u00e9s de <strong>8,25\u20ac<\/strong> i el preu del tiquet d&#8217;usuari habitual \u00e9s <strong>7,54\u20ac<\/strong>. Des del mes de novembre del 2023, s&#8217;ofereixen dos men\u00fas: el de carn i el de no carn. Podeu consultar el del mes actual i el del proper mes aqu\u00ed sota:<\/p>\n<p><strong>MES ACTUAL &#8211; MAR\u00c7 2026<\/strong><\/p>\n<p>-Cliqueu <a href=\"https:\/\/drive.google.com\/file\/d\/1h3j35LEc3q8UNvKW5wjTtcl3rpvjI2O9\/view?usp=sharing\">AQU\u00cd<\/a> si voleu consultar el men\u00fa d&#8217;opci\u00f3 carn de mes actual.<\/p>\n<p>-Cliqueu <a href=\"https:\/\/drive.google.com\/file\/d\/1j4gjcu084gcwTXDkqjc-37qYPQPvGR4W\/view?usp=drive_link\">AQU\u00cd<\/a> si voleu consultar el men\u00fa d&#8217;opci\u00f3 no carn del mes actual.<\/p>\n<p><strong>PROPER MES &#8211; ABRIL 2026<\/strong><\/p>\n<p>-Cliqueu <a href=\"https:\/\/drive.google.com\/file\/d\/1fnLvbum_GVQOXhQ-PUBk3JEH9jYQ8las\/view?usp=sharing\">AQU\u00cd<\/a> si voleu consultar el men\u00fa d&#8217;opci\u00f3 carn del proper mes.<\/p>\n<p>-Cliqueu <a href=\"https:\/\/drive.google.com\/file\/d\/1qkDAOcLQ6qPOiR44i4qslVik51AqOLZE\/view?usp=sharing\">AQU\u00cd<\/a> si voleu consultar el men\u00fa d&#8217;opci\u00f3 no carn del proper mes.<\/p>\n<p><strong>TUTORIAL APLICACI\u00d3<\/strong><\/p>\n<p>-Cliqueu <a href=\"https:\/\/drive.google.com\/file\/d\/1MixLrF_RiWZd2ok_-0GLcNpOWF0Aak6k\/view?usp=sharing\">AQU\u00cd<\/a> per consultar el tutorial de l&#8217;aplicaci\u00f3 ColeChef.<\/p>\n","protected":false},"excerpt":{"rendered":"<p>L&#8217;AFI gestiona l&#8217;espai de migdia de la nostra escola a trav\u00e9s de l&#8217;empresa Hostesa. El dinar el fa la nostra cuinera Salom\u00e9 Mu\u00f1oz. Les activitats i la vigil\u00e0ncia d&#8217;abans, durant i despr\u00e9s de l&#8217;\u00e0pat estan organitzades per monitores.<br \/>\nEl preu del tiquet espor\u00e0dic \u00e9s de 8,25\u20ac&hellip;  <a href=\"https:\/\/agora.xtec.cat\/ceipcollbaix\/serveis\/menjador\/\" title=\"Read Menjador\">Llegeix m\u00e9s\u00bb<\/a><\/p>\n","protected":false},"author":7,"featured_media":0,"parent":622,"menu_order":0,"comment_status":"closed","ping_status":"closed","template":"page-templates\/side-menu.php","meta":{"_bbp_topic_count":0,"_bbp_reply_count":0,"_bbp_total_topic_count":0,"_bbp_total_reply_count":0,"_bbp_voice_count":0,"_bbp_anonymous_reply_count":0,"_bbp_topic_count_hidden":0,"_bbp_reply_count_hidden":0,"_bbp_forum_subforum_count":0,"footnotes":""},"class_list":["post-628","page","type-page","status-publish","hentry"],"post_mailing_queue_ids":[],"_links":{"self":[{"href":"https:\/\/agora.xtec.cat\/ceipcollbaix\/wp-json\/wp\/v2\/pages\/628","targetHints":{"allow":["GET"]}}],"collection":[{"href":"https:\/\/agora.xtec.cat\/ceipcollbaix\/wp-json\/wp\/v2\/pages"}],"about":[{"href":"https:\/\/agora.xtec.cat\/ceipcollbaix\/wp-json\/wp\/v2\/types\/page"}],"author":[{"embeddable":true,"href":"https:\/\/agora.xtec.cat\/ceipcollbaix\/wp-json\/wp\/v2\/users\/7"}],"replies":[{"embeddable":true,"href":"https:\/\/agora.xtec.cat\/ceipcollbaix\/wp-json\/wp\/v2\/comments?post=628"}],"version-history":[{"count":6,"href":"https:\/\/agora.xtec.cat\/ceipcollbaix\/wp-json\/wp\/v2\/pages\/628\/revisions"}],"predecessor-version":[{"id":8288,"href":"https:\/\/agora.xtec.cat\/ceipcollbaix\/wp-json\/wp\/v2\/pages\/628\/revisions\/8288"}],"up":[{"embeddable":true,"href":"https:\/\/agora.xtec.cat\/ceipcollbaix\/wp-json\/wp\/v2\/pages\/622"}],"wp:attachment":[{"href":"https:\/\/agora.xtec.cat\/ceipcollbaix\/wp-json\/wp\/v2\/media?parent=628"}],"curies":[{"name":"wp","href":"https:\/\/api.w.org\/{rel}","templated":true}]}}