{"id":563,"date":"2018-07-26T10:05:54","date_gmt":"2018-07-26T08:05:54","guid":{"rendered":"http:\/\/agora.xtec.cat\/ceipcollbaix\/?page_id=563"},"modified":"2021-02-24T11:43:18","modified_gmt":"2021-02-24T10:43:18","slug":"historia","status":"publish","type":"page","link":"https:\/\/agora.xtec.cat\/ceipcollbaix\/lescola\/historia\/","title":{"rendered":"Hist\u00f2ria"},"content":{"rendered":"<p>L\u2019Escola Collbaix \u00e9s un centre p\u00fablic d&#8217;educaci\u00f3 infantil i prim\u00e0ria que va n\u00e9ixer com a demanda de la mateixa comunitat educativa de l\u2019\u00fanica escola que hi havia aleshores al poble: Mare de D\u00e9u del Carme (actualment Joncadella).<\/p>\n<p>Sant Joan havia experimentat un creixement demogr\u00e0fic important i Mare de D\u00e9u del Carme va passar a ser de triple l\u00ednia, una de les m\u00e9s grans del Bages. Finalment en el curs 1989-90, l\u2019escola Collbaix va iniciar el seu primer curs escolar, impartint des de P4 a 8\u00e8. Despr\u00e9s de molts anys amb alguns cursos amb doble l\u00ednia, el 2018-19 va engegar tal i com va n\u00e9ixer la Collbaix: amb una sola classe per nivell. Ens trobem, doncs, davant d\u2019un centre petit i familiar, que era, justament, un dels objectius a l\u2019hora de fundar-la. Per tant, d&#8217;alguna manera s&#8217;ha tornat als or\u00edgens.<\/p>\n<p>I som el qu\u00e8 som gr\u00e0cies a totes les persones que hi han passat al llarg de tots aquests anys: mestres, fam\u00edlies i, per descomptat, alumnes.<\/p>\n","protected":false},"excerpt":{"rendered":"<p>L\u2019Escola Collbaix \u00e9s un centre p\u00fablic d&#8217;educaci\u00f3 infantil i prim\u00e0ria que va n\u00e9ixer com a demanda de la mateixa comunitat educativa de l\u2019\u00fanica escola que hi havia aleshores al poble: Mare de D\u00e9u del Carme (actualment Joncadella).<br \/>\nSant Joan havia experimentat un creixement demogr\u00e0fic important i&hellip;  <a href=\"https:\/\/agora.xtec.cat\/ceipcollbaix\/lescola\/historia\/\" title=\"Read Hist\u00f2ria\">Llegeix m\u00e9s\u00bb<\/a><\/p>\n","protected":false},"author":7,"featured_media":0,"parent":22,"menu_order":0,"comment_status":"closed","ping_status":"closed","template":"page-templates\/side-menu.php","meta":{"_bbp_topic_count":0,"_bbp_reply_count":0,"_bbp_total_topic_count":0,"_bbp_total_reply_count":0,"_bbp_voice_count":0,"_bbp_anonymous_reply_count":0,"_bbp_topic_count_hidden":0,"_bbp_reply_count_hidden":0,"_bbp_forum_subforum_count":0,"footnotes":""},"class_list":["post-563","page","type-page","status-publish","hentry"],"post_mailing_queue_ids":[],"_links":{"self":[{"href":"https:\/\/agora.xtec.cat\/ceipcollbaix\/wp-json\/wp\/v2\/pages\/563","targetHints":{"allow":["GET"]}}],"collection":[{"href":"https:\/\/agora.xtec.cat\/ceipcollbaix\/wp-json\/wp\/v2\/pages"}],"about":[{"href":"https:\/\/agora.xtec.cat\/ceipcollbaix\/wp-json\/wp\/v2\/types\/page"}],"author":[{"embeddable":true,"href":"https:\/\/agora.xtec.cat\/ceipcollbaix\/wp-json\/wp\/v2\/users\/7"}],"replies":[{"embeddable":true,"href":"https:\/\/agora.xtec.cat\/ceipcollbaix\/wp-json\/wp\/v2\/comments?post=563"}],"version-history":[{"count":4,"href":"https:\/\/agora.xtec.cat\/ceipcollbaix\/wp-json\/wp\/v2\/pages\/563\/revisions"}],"predecessor-version":[{"id":3862,"href":"https:\/\/agora.xtec.cat\/ceipcollbaix\/wp-json\/wp\/v2\/pages\/563\/revisions\/3862"}],"up":[{"embeddable":true,"href":"https:\/\/agora.xtec.cat\/ceipcollbaix\/wp-json\/wp\/v2\/pages\/22"}],"wp:attachment":[{"href":"https:\/\/agora.xtec.cat\/ceipcollbaix\/wp-json\/wp\/v2\/media?parent=563"}],"curies":[{"name":"wp","href":"https:\/\/api.w.org\/{rel}","templated":true}]}}