{"id":561,"date":"2018-07-26T10:05:20","date_gmt":"2018-07-26T08:05:20","guid":{"rendered":"http:\/\/agora.xtec.cat\/ceipcollbaix\/?page_id=561"},"modified":"2022-02-14T09:36:48","modified_gmt":"2022-02-14T08:36:48","slug":"com-treballem","status":"publish","type":"page","link":"https:\/\/agora.xtec.cat\/ceipcollbaix\/lescola\/com-treballem\/","title":{"rendered":"Com aprenem"},"content":{"rendered":"<p>L&#8217;Escola Collbaix \u00e9s, per damunt de tot, un espai de benestar i d&#8217;aprenentatge. La nostra missi\u00f3 principal \u00e9s aconseguir que els infants se sentin atesos i apreciats perqu\u00e8 puguin cr\u00e9ixer en un entorn segur, tot acceptant les difer\u00e8ncies i respectant les persones i l&#8217;entorn que els envolten.<\/p>\n<p>Creiem que els alumnes necessiten rebre propostes educatives variades que els permetin convertir-se en part activa del seu proc\u00e9s d&#8217;aprenentatge. Per\u00f2, sobretot, necessiten sentir que poden desenvolupar les seves habilitats, siguin quines siguin. Les intel\u00b7lig\u00e8ncies de les persones s\u00f3n m\u00faltiples, com ho demostra el fet que a la nostra societat hi ha professions (totes necess\u00e0ries) d&#8217;all\u00f2 m\u00e9s diverses: cuiners, artistes, advocats, fusters, esportistes, cient\u00edfics, metges, manobres, bombers, mestres, electricistes, periodistes&#8230; i la llista seria interminable.<\/p>\n<p>Hem de saber explotar el potencial que tenen tots els alumnes, que se sentin importants i que tinguin una bona autoestima. Com deia el fil\u00f2sof Ralph Waldo Emerson, <em><strong>les coses que hi ha darrere i davant nostre s\u00f3n min\u00fascules si les comparem amb les coses que tenim a dins nostre.<\/strong><\/em><\/p>\n<p>Per aix\u00f2, el proc\u00e9s d&#8217;ensenyament-aprenentatge a l&#8217;escola Collbaix gira entorn de quatre eixos: reptes, projectes, espais i treball sistem\u00e0tic. Aix\u00f2 sense oblidar dos pilars m\u00e9s que tamb\u00e9 s\u00f3n fonamentals: l&#8217;educaci\u00f3 emocional i la tecnologia digital.<\/p>\n<p>En el seg\u00fcent v\u00eddeo, l&#8217;alumnat de l&#8217;escola explica amb tots els detalls com aprenem a la Collbaix.<\/p>\n<p><a href=\"https:\/\/photos.app.goo.gl\/g19kKNBYVQJYNE296\"><img loading=\"lazy\" decoding=\"async\" class=\"alignnone wp-image-3856\" src=\"https:\/\/agora.xtec.cat\/ceipcollbaix\/wp-content\/uploads\/usu1796\/2021\/02\/DSC00735-1024x768.jpg\" alt=\"\" width=\"501\" height=\"376\" srcset=\"https:\/\/agora.xtec.cat\/ceipcollbaix\/wp-content\/uploads\/usu1796\/2021\/02\/DSC00735-1024x768.jpg 1024w, https:\/\/agora.xtec.cat\/ceipcollbaix\/wp-content\/uploads\/usu1796\/2021\/02\/DSC00735-300x225.jpg 300w, https:\/\/agora.xtec.cat\/ceipcollbaix\/wp-content\/uploads\/usu1796\/2021\/02\/DSC00735-768x576.jpg 768w, https:\/\/agora.xtec.cat\/ceipcollbaix\/wp-content\/uploads\/usu1796\/2021\/02\/DSC00735-200x150.jpg 200w\" sizes=\"auto, (max-width: 501px) 100vw, 501px\" \/><\/a><\/p>\n<p>&nbsp;<\/p>\n<p>&nbsp;<\/p>\n","protected":false},"excerpt":{"rendered":"<p>L&#8217;Escola Collbaix \u00e9s, per damunt de tot, un espai de benestar i d&#8217;aprenentatge. La nostra missi\u00f3 principal \u00e9s aconseguir que els infants se sentin atesos i apreciats perqu\u00e8 puguin cr\u00e9ixer en un entorn segur, tot acceptant les difer\u00e8ncies i respectant les persones i l&#8217;entorn que&hellip;  <a href=\"https:\/\/agora.xtec.cat\/ceipcollbaix\/lescola\/com-treballem\/\" title=\"Read Com aprenem\">Llegeix m\u00e9s\u00bb<\/a><\/p>\n","protected":false},"author":7,"featured_media":0,"parent":22,"menu_order":0,"comment_status":"closed","ping_status":"closed","template":"page-templates\/side-menu.php","meta":{"_bbp_topic_count":0,"_bbp_reply_count":0,"_bbp_total_topic_count":0,"_bbp_total_reply_count":0,"_bbp_voice_count":0,"_bbp_anonymous_reply_count":0,"_bbp_topic_count_hidden":0,"_bbp_reply_count_hidden":0,"_bbp_forum_subforum_count":0,"footnotes":""},"class_list":["post-561","page","type-page","status-publish","hentry"],"post_mailing_queue_ids":[],"_links":{"self":[{"href":"https:\/\/agora.xtec.cat\/ceipcollbaix\/wp-json\/wp\/v2\/pages\/561","targetHints":{"allow":["GET"]}}],"collection":[{"href":"https:\/\/agora.xtec.cat\/ceipcollbaix\/wp-json\/wp\/v2\/pages"}],"about":[{"href":"https:\/\/agora.xtec.cat\/ceipcollbaix\/wp-json\/wp\/v2\/types\/page"}],"author":[{"embeddable":true,"href":"https:\/\/agora.xtec.cat\/ceipcollbaix\/wp-json\/wp\/v2\/users\/7"}],"replies":[{"embeddable":true,"href":"https:\/\/agora.xtec.cat\/ceipcollbaix\/wp-json\/wp\/v2\/comments?post=561"}],"version-history":[{"count":3,"href":"https:\/\/agora.xtec.cat\/ceipcollbaix\/wp-json\/wp\/v2\/pages\/561\/revisions"}],"predecessor-version":[{"id":5087,"href":"https:\/\/agora.xtec.cat\/ceipcollbaix\/wp-json\/wp\/v2\/pages\/561\/revisions\/5087"}],"up":[{"embeddable":true,"href":"https:\/\/agora.xtec.cat\/ceipcollbaix\/wp-json\/wp\/v2\/pages\/22"}],"wp:attachment":[{"href":"https:\/\/agora.xtec.cat\/ceipcollbaix\/wp-json\/wp\/v2\/media?parent=561"}],"curies":[{"name":"wp","href":"https:\/\/api.w.org\/{rel}","templated":true}]}}