{"id":28,"date":"2014-09-18T12:29:35","date_gmt":"2014-09-18T12:29:35","guid":{"rendered":"http:\/\/agora.xtec.cat\/ceipcintacurto\/?page_id=28"},"modified":"2016-02-09T07:38:38","modified_gmt":"2016-02-09T06:38:38","slug":"consell-escolar","status":"publish","type":"page","link":"https:\/\/agora.xtec.cat\/ceipcintacurto\/lescola\/consell-escolar\/","title":{"rendered":"Consell escolar"},"content":{"rendered":"<p style=\"text-align: justify;\">El consell escolar del centre \u00e9s l&#8217;<strong>\u00f2rgan col\u00b7legiat de participaci\u00f3<\/strong> de la comunitat escolar en el govern del centre. En el consell escolar hi ha representats tots els col\u00b7lectius que intervenen en la comunitat educativa.<\/p>\n<p style=\"text-align: justify;\">En els centres p\u00fablics, la funci\u00f3 principal del consell escolar \u00e9s participar en la presa de decisions en relaci\u00f3 amb aquells temes importants per al funcionament i l&#8217;organitzaci\u00f3 del centre: el projecte educatiu, la programaci\u00f3 general, la gesti\u00f3 econ\u00f2mica, etc.<\/p>\n<p style=\"text-align: justify;\">Els membres del consell escolar s\u00f3n elegits per un per\u00edode de quatre anys i es renoven per meitats cada dos anys.<\/p>\n<p><a href=\"http:\/\/www.fapac.cat\/sites\/all\/files\/root\/Arrel\/P%C3%BAblic\/FaPaC\/Activitats\/Campanyes\/Consells%20Escolars\/2014\/GUIA%20CONSELLS%20ESCOLARS%202014_2015.pdf\" target=\"_blank\"><img loading=\"lazy\" decoding=\"async\" class=\" size-medium wp-image-387 alignleft\" src=\"http:\/\/agora.xtec.cat\/ceipcintacurto\/wp-content\/uploads\/usu187\/2014\/09\/consell-escolar-300x188.png\" alt=\"consell escolar\" width=\"300\" height=\"188\" srcset=\"https:\/\/agora.xtec.cat\/ceipcintacurto\/wp-content\/uploads\/usu187\/2014\/09\/consell-escolar-300x188.png 300w, https:\/\/agora.xtec.cat\/ceipcintacurto\/wp-content\/uploads\/usu187\/2014\/09\/consell-escolar.png 987w\" sizes=\"auto, (max-width: 300px) 100vw, 300px\" \/><\/a><\/p>\n<p>&nbsp;<\/p>\n<p>&nbsp;<\/p>\n<p>&nbsp;<\/p>\n<p>&nbsp;<\/p>\n<p>&nbsp;<\/p>\n<table style=\"height: 181px;\" width=\"544\">\n<tbody>\n<tr>\n<td>\n<h4><a class=\"FW_icGris\" title=\"Aquest enlla\u00e7 s'obre en una nova pestanya: Fam\u00edlia i Escola\" href=\"http:\/\/familiaiescola.gencat.cat\/ca\/recomanacions\/recomanacions\/eleccions_als_consells_escolars\/\" target=\"_blank\">Fam\u00edlia i Escola<\/a><\/h4>\n<div>Informaci\u00f3 per a les fam\u00edlies<a id=\"\" title=\"Aquest enlla\u00e7 s'obre en una nova pestanya: Fam\u00edlia i Escola\" href=\"http:\/\/familiaiescola.gencat.cat\/ca\/recomanacions\/recomanacions\/eleccions_als_consells_escolars\/\" target=\"_blank\">\u00a0<\/a><\/div>\n<div><\/div>\n<p><a id=\"\" title=\"Aquest enlla\u00e7 s'obre en una nova pestanya: Fam\u00edlia i Escola\" href=\"http:\/\/familiaiescola.gencat.cat\/ca\/recomanacions\/recomanacions\/eleccions_als_consells_escolars\/\" target=\"_blank\"> <img loading=\"lazy\" decoding=\"async\" id=\"\" class=\"FW_requadreImg alignleft\" title=\"Aquest enlla\u00e7 s'obre en una nova pestanya: Fam\u00edlia i Escola\" src=\"http:\/\/ensenyament.gencat.cat\/web\/sites\/ensenyament\/.content\/home\/arees-actuacio\/centres-serveis-educatius\/centres\/consells-escolars-centres\/destacats\/familiaiescola.png\" alt=\"Fam\u00edlia i Escola\" width=\"95\" height=\"95\" \/><\/a><\/td>\n<td>\n<h4><a href=\"http:\/\/ensenyament.gencat.cat\/ca\/arees-actuacio\/centres-serveis-educatius\/centres\/consells-escolars-centres\/\" target=\"_blank\">Departament d&#8217;Ensenyament<\/a><\/h4>\n<p>Consells escolars de centres<\/p>\n<p><img loading=\"lazy\" decoding=\"async\" class=\"rg_i\" src=\"https:\/\/encrypted-tbn1.gstatic.com\/images?q=tbn:ANd9GcRsWYCspWyTMXtoQ_oYTnYizEQGVLSJXXsdFcrKvUsUHeA3xD5J1g\" alt=\"Resultat d'imatges de gencat ensenyament\" width=\"153\" height=\"59\" name=\"WwaxnG1f4QZnwM:\" data-src=\"https:\/\/encrypted-tbn1.gstatic.com\/images?q=tbn:ANd9GcRsWYCspWyTMXtoQ_oYTnYizEQGVLSJXXsdFcrKvUsUHeA3xD5J1g\" data-sz=\"f\" \/><\/td>\n<\/tr>\n<\/tbody>\n<\/table>\n<p>&nbsp;<\/p>\n","protected":false},"excerpt":{"rendered":"<p>El consell escolar del centre \u00e9s l&#8217;\u00f2rgan col\u00b7legiat de participaci\u00f3 de la comunitat escolar en el govern del centre. En el consell escolar hi ha representats tots els col\u00b7lectius que intervenen en la comunitat educativa.<br \/>\nEn els centres p\u00fablics, la funci\u00f3 principal del consell escolar \u00e9s&hellip;  <a href=\"https:\/\/agora.xtec.cat\/ceipcintacurto\/lescola\/consell-escolar\/\" title=\"Read Consell escolar\">Llegeix m\u00e9s\u00bb<\/a><\/p>\n","protected":false},"author":2,"featured_media":0,"parent":22,"menu_order":30,"comment_status":"closed","ping_status":"closed","template":"page-templates\/side-menu.php","meta":{"_bbp_topic_count":0,"_bbp_reply_count":0,"_bbp_total_topic_count":0,"_bbp_total_reply_count":0,"_bbp_voice_count":0,"_bbp_anonymous_reply_count":0,"_bbp_topic_count_hidden":0,"_bbp_reply_count_hidden":0,"_bbp_forum_subforum_count":0,"footnotes":""},"class_list":["post-28","page","type-page","status-publish","hentry"],"post_mailing_queue_ids":[],"_links":{"self":[{"href":"https:\/\/agora.xtec.cat\/ceipcintacurto\/wp-json\/wp\/v2\/pages\/28","targetHints":{"allow":["GET"]}}],"collection":[{"href":"https:\/\/agora.xtec.cat\/ceipcintacurto\/wp-json\/wp\/v2\/pages"}],"about":[{"href":"https:\/\/agora.xtec.cat\/ceipcintacurto\/wp-json\/wp\/v2\/types\/page"}],"author":[{"embeddable":true,"href":"https:\/\/agora.xtec.cat\/ceipcintacurto\/wp-json\/wp\/v2\/users\/2"}],"replies":[{"embeddable":true,"href":"https:\/\/agora.xtec.cat\/ceipcintacurto\/wp-json\/wp\/v2\/comments?post=28"}],"version-history":[{"count":4,"href":"https:\/\/agora.xtec.cat\/ceipcintacurto\/wp-json\/wp\/v2\/pages\/28\/revisions"}],"predecessor-version":[{"id":394,"href":"https:\/\/agora.xtec.cat\/ceipcintacurto\/wp-json\/wp\/v2\/pages\/28\/revisions\/394"}],"up":[{"embeddable":true,"href":"https:\/\/agora.xtec.cat\/ceipcintacurto\/wp-json\/wp\/v2\/pages\/22"}],"wp:attachment":[{"href":"https:\/\/agora.xtec.cat\/ceipcintacurto\/wp-json\/wp\/v2\/media?parent=28"}],"curies":[{"name":"wp","href":"https:\/\/api.w.org\/{rel}","templated":true}]}}