{"id":483,"date":"2016-06-21T09:08:32","date_gmt":"2016-06-21T08:08:32","guid":{"rendered":"http:\/\/agora.xtec.cat\/ceipcifuentes\/?page_id=483"},"modified":"2025-09-24T11:45:41","modified_gmt":"2025-09-24T09:45:41","slug":"professorat","status":"publish","type":"page","link":"https:\/\/agora.xtec.cat\/ceipcifuentes\/lescola\/professorat\/","title":{"rendered":"Professorat"},"content":{"rendered":"<h2><strong>CURS 2025-26<\/strong><\/h2>\n<p><strong><u><span lang=\"CA\"><span style=\"font-family: verdana,sans-serif; font-size: medium;\"><em>Tutories:<\/em><\/span><\/span><\/u><\/strong><\/p>\n<ul>\n<li><strong>I3A:<\/strong> Anna Viladrich<\/li>\n<li><strong>I3B:<\/strong> Ant\u00f2nia Nofuentes<\/li>\n<li><strong>I4A:<\/strong> N\u00faria Pag\u00e8s<\/li>\n<li><strong>I4B:<\/strong> Mireia Jim\u00e9nez<\/li>\n<li><strong>I5A:<\/strong> Sandra Sala<\/li>\n<li><strong>I5B:<\/strong> Pilar Gal\u00e1n<\/li>\n<li><strong>1rA:<\/strong> Sara Rodr\u00edguez i Laura Mart\u00ednez<\/li>\n<li><strong>1rB:<\/strong> Vicky Herrera<\/li>\n<li><strong>2nA:<\/strong> Yaiza Ortiz<\/li>\n<li><strong>2nB:<\/strong> Silvia Cobo<\/li>\n<li><strong>3rA:<\/strong> S\u00f2nia Mancha i N\u00faria Santos<\/li>\n<li><strong>3rB:<\/strong> Marina Dolz<\/li>\n<li><strong>4tA:<\/strong> Luc\u00eda Berm\u00fadez i Ester Cort\u00e9s<\/li>\n<li><strong>4tB:<\/strong> Ra\u00fal Ru\u00edz<\/li>\n<li><strong>5\u00e8A:<\/strong> N\u00faria Mu\u00f1oz<\/li>\n<li><strong>5\u00e8B:<\/strong> Marc Gimeno<\/li>\n<li><strong>6\u00e8A:<\/strong> Sandra Riasol<\/li>\n<li><strong>6\u00e8B:<\/strong> Carmen Gonz\u00e1lez<\/li>\n<\/ul>\n<p>&nbsp;<\/p>\n<p><em><span style=\"color: black;\"><strong><u>Especialitats:<\/u><\/strong><br \/>\n<\/span><\/em><\/p>\n<ul>\n<li><strong>Angl\u00e8s:<\/strong> Josep Bar\u00f3, Olga Lobanova, Sandra Riasol<\/li>\n<li><strong>Atenci\u00f3 a la diversitat:<\/strong> N\u00faria Santos, Marina Palomares, M\u00f2nica Gonz\u00e1lez, Mar Mart\u00ed, Maria Rosa Capdevila (Educadora), Cristina Santa<\/li>\n<li><strong>Educaci\u00f3 F\u00edsica:<\/strong> Maria Bosch, Sergi Dom\u00e8nech<\/li>\n<li><strong>Inform\u00e0tica:<\/strong> Josep Bar\u00f3, Ana Bel\u00e9n Campillo, Toni Quel<\/li>\n<li><strong>M\u00fasica:<\/strong> \u00c0lex Torres<\/li>\n<li><strong>Suport\/Refor\u00e7: <\/strong> Gaude Dom\u00ednguez, Adri\u00e0 Morgades, Mari\u00e9n Parcerisa, Toni Quel.<\/li>\n<p><\/u><br \/>\n&nbsp;<\/p>\n<p><em><span style=\"color: black;\"><strong><u>Personal no docent:<\/u><\/strong><br \/>\n<\/span><\/em><\/p>\n<ul>\n<li><strong>Personal de suport a la doc\u00e8ncia:<\/strong> Nat\u00e0lia Calls (TEI), Maria Rosa Capdevila (Educadora), Paula Brau (TISES), Maria Serrano (Vetlladora) i Marta Mart\u00ednez (Vetlladora).<\/li>\n<li><strong>Personal no docent extern:<\/strong> S\u00edlvia Osuna (Logopeda del CREDA), J\u00e9ssica Alvite (Psicopedagoga EAP).<\/li>\n<li><strong>Personal d\u2019administraci\u00f3 i serveis:<\/strong> Jos\u00e9 Antonio L\u00f3pez (Conserge), S\u00edlvia Homet (Auxiliar administratiu).<\/li>\n<\/ul>\n<p>&nbsp;<\/p>\n<p><em><span style=\"color: black;\"><strong><u>Equip directiu:<\/u><\/strong><br \/>\n<\/span><\/em><\/p>\n<ul>\n<li><strong>Directora:<\/strong> Gaude Dom\u00ednguez<\/li>\n<li><strong>Cap d&#8217;estudis:<\/strong> Cristina Santa<\/li>\n<li><strong>Secretari:<\/strong> Adri\u00e0 Morgades<\/li>\n<\/ul>\n<p>&nbsp;<\/p>\n<p>&nbsp;<\/p>\n","protected":false},"excerpt":{"rendered":"<p>CURS 2025-26<br \/>\nTutories:<\/p>\n<ul>\n<li>I3A: Anna Viladrich<\/li>\n<li>I3B: Ant\u00f2nia Nofuentes<\/li>\n<li>I4A: N\u00faria Pag\u00e8s<\/li>\n<li>I4B: Mireia Jim\u00e9nez<\/li>\n<li>I5A: Sandra Sala<\/li>\n<li>I5B: Pilar Gal\u00e1n<\/li>\n<li>1rA: Sara Rodr\u00edguez i Laura Mart\u00ednez<\/li>\n<li>1rB: Vicky Herrera<\/li>\n<li>2nA: Yaiza Ortiz<\/li>\n<li>2nB: Silvia Cobo<\/li>\n<li>3rA: S\u00f2nia Mancha i N\u00faria Santos<\/li>\n<li>3rB: Marina Dolz<\/li>\n<li>4tA: Luc\u00eda Berm\u00fadez i Ester Cort\u00e9s<\/li>\n<li>4tB: Ra\u00fal Ru\u00edz<\/li>\n<li>5\u00e8A: N\u00faria Mu\u00f1oz<\/li>\n<li>5\u00e8B: Marc Gimeno<\/li>\n<li>6\u00e8A: Sandra Riasol<\/li>\n<li>6\u00e8B:&hellip;  <a href=\"https:\/\/agora.xtec.cat\/ceipcifuentes\/lescola\/professorat\/\" title=\"Read Professorat\">Llegeix m\u00e9s\u00bb<\/a><br \/>\n","protected":false},"author":1,"featured_media":0,"parent":22,"menu_order":0,"comment_status":"closed","ping_status":"closed","template":"","meta":{"_bbp_topic_count":0,"_bbp_reply_count":0,"_bbp_total_topic_count":0,"_bbp_total_reply_count":0,"_bbp_voice_count":0,"_bbp_anonymous_reply_count":0,"_bbp_topic_count_hidden":0,"_bbp_reply_count_hidden":0,"_bbp_forum_subforum_count":0,"footnotes":""},"class_list":["post-483","page","type-page","status-publish","hentry"],"post_mailing_queue_ids":[],"_links":{"self":[{"href":"https:\/\/agora.xtec.cat\/ceipcifuentes\/wp-json\/wp\/v2\/pages\/483","targetHints":{"allow":["GET"]}}],"collection":[{"href":"https:\/\/agora.xtec.cat\/ceipcifuentes\/wp-json\/wp\/v2\/pages"}],"about":[{"href":"https:\/\/agora.xtec.cat\/ceipcifuentes\/wp-json\/wp\/v2\/types\/page"}],"author":[{"embeddable":true,"href":"https:\/\/agora.xtec.cat\/ceipcifuentes\/wp-json\/wp\/v2\/users\/1"}],"replies":[{"embeddable":true,"href":"https:\/\/agora.xtec.cat\/ceipcifuentes\/wp-json\/wp\/v2\/comments?post=483"}],"version-history":[{"count":7,"href":"https:\/\/agora.xtec.cat\/ceipcifuentes\/wp-json\/wp\/v2\/pages\/483\/revisions"}],"predecessor-version":[{"id":4916,"href":"https:\/\/agora.xtec.cat\/ceipcifuentes\/wp-json\/wp\/v2\/pages\/483\/revisions\/4916"}],"up":[{"embeddable":true,"href":"https:\/\/agora.xtec.cat\/ceipcifuentes\/wp-json\/wp\/v2\/pages\/22"}],"wp:attachment":[{"href":"https:\/\/agora.xtec.cat\/ceipcifuentes\/wp-json\/wp\/v2\/media?parent=483"}],"curies":[{"name":"wp","href":"https:\/\/api.w.org\/{rel}","templated":true}]}}